{"id":52837,"date":"2025-07-31T12:44:23","date_gmt":"2025-07-31T15:44:23","guid":{"rendered":"https:\/\/rms-enlinea.com.ar\/tienda\/producto\/notebook-hp-250-g10-core-i3-1315u-8gb-256gb-15-6-81h23lt\/"},"modified":"2026-04-02T18:55:00","modified_gmt":"2026-04-02T21:55:00","slug":"notebook-hp-250-g10-core-i3-1315u-8gb-256gb-15-6-81h23lt","status":"publish","type":"product","link":"https:\/\/rms-enlinea.com.ar\/tienda\/producto\/notebook-hp-250-g10-core-i3-1315u-8gb-256gb-15-6-81h23lt\/","title":{"rendered":"Notebook Hp 250 G10 Core I3 1315u 8gb 256gb 15.6 81h23lt"},"content":{"rendered":"<p>Sistema operativo FreeDOS 3.0<br \/>\nFamilia del procesador Procesador Intel\u00ae Core\u2122 i3 de 13.\u00aa generaci\u00f3n<br \/>\nProcesador Intel\u00ae Core\u2122 i3-1315U (hasta 4,5 GHz con tecnolog\u00eda Intel\u00ae Turbo Boost, 10 MB de cach\u00e9 L3, 6 n\u00facleos y 8 subprocesos)<br \/>\nGr\u00e1ficos (integrados) Gr\u00e1ficos Intel\u00ae UHD<br \/>\nMemoria 8 GB de RAM DDR4-3200 MHz (1 x 8 GB) Velocidades de transferencia de hasta 3200 MT\/s<br \/>\nRanuras de memoria 2 SODIMM<br \/>\nAlmacenamiento interno SSD PCIe\u00ae NVMe\u2122 de 256 GB<br \/>\nPantalla Pantalla HD, antirreflectante, con bisel angosto, de 39,6 cm (15,6&#8243;) en diagonal, 250 nits y 45 % de NTSC (1366 x 768)<br \/>\nTama\u00f1o de pantalla (diagonal) 39,6 cm (15,6&#8243;)<br \/>\nPuertos 1 USB Type-C\u00ae con velocidad de se\u00f1alizaci\u00f3n de 5 Gb\/s; 2 USB Type-A con velocidad de se\u00f1alizaci\u00f3n de 5 Gb\/s; 1 alimentaci\u00f3n de CA; 1 HDMI 1.4b; 1 conector est\u00e9reo para combinaci\u00f3n de auriculares y micr\u00f3fono;El cable HDMI se vende por separado.<br \/>\nConexi\u00f3n inal\u00e1mbrica Tarjeta inal\u00e1mbrica Realtek Wi-Fi 6 (2&#215;2) y Bluetooth\u00ae 5.3<br \/>\nFunciones de audio Altavoces est\u00e9reo, micr\u00f3fono digital integrado<br \/>\nTeclado Teclado de tama\u00f1o completo con teclado num\u00e9rico<br \/>\nDispositivo apuntador Panel t\u00e1ctil con soporte de movimientos multit\u00e1ctiles, pulsaciones habilitadas de forma predeterminada<br \/>\nTipo de bater\u00eda Iones de litio de 3 celdas y 41 Wh de larga duraci\u00f3n HP<br \/>\nAlimentaci\u00f3n Adaptador de alimentaci\u00f3n externa de CA de 45W HP Smart<br \/>\nEspecificaciones de impacto sostenible Bajo contenido de hal\u00f3geno; Empaque a granel disponible; La caja interna con coj\u00edn de celulosa moldeado es 100 % sostenible y reciclable; La caja exterior y los cojines corrugados son 100 % sostenibles y reciclables; 10 % pl\u00e1sticos reciclados posconsumo; Pl\u00e1stico recuperado del oc\u00e9ano y reciclado en la carcasa de los altavoces<br \/>\nFunciones de gesti\u00f3n HP SSRM; Windows Push Button Reset Recovery<\/p>\n","protected":false},"excerpt":{"rendered":"<p>Sistema operativo FreeDOS 3.0 Familia del procesador Procesador Intel\u00ae Core\u2122 i3 de 13.\u00aa generaci\u00f3n Procesador Intel\u00ae Core\u2122 i3-1315U (hasta 4,5 GHz con tecnolog\u00eda Intel\u00ae Turbo Boost, 10 MB de cach\u00e9 L3, 6 n\u00facleos y 8 subprocesos) Gr\u00e1ficos (integrados) Gr\u00e1ficos Intel\u00ae UHD Memoria 8 GB de RAM DDR4-3200 MHz (1 x 8 GB) Velocidades de transferencia [&hellip;]<\/p>\n","protected":false},"featured_media":11719,"comment_status":"open","ping_status":"closed","template":"","meta":{"_uag_custom_page_level_css":""},"product_brand":[552],"product_cat":[116],"product_tag":[],"class_list":{"0":"post-52837","1":"product","2":"type-product","3":"status-publish","4":"has-post-thumbnail","6":"product_brand-hp","7":"product_cat-notebooks-y-tablet","9":"first","10":"outofstock","11":"sale","12":"taxable","13":"shipping-taxable","14":"purchasable","15":"product-type-simple"},"uagb_featured_image_src":{"full":["https:\/\/rms-enlinea.com.ar\/wp-content\/uploads\/2025\/06\/D_753094-MLA80677074884_112024-F.jpg",743,526,false],"thumbnail":["https:\/\/rms-enlinea.com.ar\/wp-content\/uploads\/2025\/06\/D_753094-MLA80677074884_112024-F-150x150.jpg",150,150,true],"medium":["https:\/\/rms-enlinea.com.ar\/wp-content\/uploads\/2025\/06\/D_753094-MLA80677074884_112024-F-300x212.jpg",300,212,true],"medium_large":["https:\/\/rms-enlinea.com.ar\/wp-content\/uploads\/2025\/06\/D_753094-MLA80677074884_112024-F.jpg",743,526,false],"large":["https:\/\/rms-enlinea.com.ar\/wp-content\/uploads\/2025\/06\/D_753094-MLA80677074884_112024-F.jpg",743,526,false],"1536x1536":["https:\/\/rms-enlinea.com.ar\/wp-content\/uploads\/2025\/06\/D_753094-MLA80677074884_112024-F.jpg",743,526,false],"2048x2048":["https:\/\/rms-enlinea.com.ar\/wp-content\/uploads\/2025\/06\/D_753094-MLA80677074884_112024-F.jpg",743,526,false],"woocommerce_thumbnail":["https:\/\/rms-enlinea.com.ar\/wp-content\/uploads\/2025\/06\/D_753094-MLA80677074884_112024-F-450x450.jpg",450,450,true],"woocommerce_single":["https:\/\/rms-enlinea.com.ar\/wp-content\/uploads\/2025\/06\/D_753094-MLA80677074884_112024-F-600x425.jpg",600,425,true],"woocommerce_gallery_thumbnail":["https:\/\/rms-enlinea.com.ar\/wp-content\/uploads\/2025\/06\/D_753094-MLA80677074884_112024-F-100x100.jpg",100,100,true]},"uagb_author_info":{"display_name":"nelson","author_link":"https:\/\/rms-enlinea.com.ar\/tienda\/author\/"},"uagb_comment_info":0,"uagb_excerpt":"Sistema operativo FreeDOS 3.0 Familia del procesador Procesador Intel\u00ae Core\u2122 i3 de 13.\u00aa generaci\u00f3n Procesador Intel\u00ae Core\u2122 i3-1315U (hasta 4,5 GHz con tecnolog\u00eda Intel\u00ae Turbo Boost, 10 MB de cach\u00e9 L3, 6 n\u00facleos y 8 subprocesos) Gr\u00e1ficos (integrados) Gr\u00e1ficos Intel\u00ae UHD Memoria 8 GB de RAM DDR4-3200 MHz (1 x 8 GB) Velocidades de transferencia&hellip;","_links":{"self":[{"href":"https:\/\/rms-enlinea.com.ar\/tienda\/wp-json\/wp\/v2\/product\/52837","targetHints":{"allow":["GET"]}}],"collection":[{"href":"https:\/\/rms-enlinea.com.ar\/tienda\/wp-json\/wp\/v2\/product"}],"about":[{"href":"https:\/\/rms-enlinea.com.ar\/tienda\/wp-json\/wp\/v2\/types\/product"}],"replies":[{"embeddable":true,"href":"https:\/\/rms-enlinea.com.ar\/tienda\/wp-json\/wp\/v2\/comments?post=52837"}],"wp:featuredmedia":[{"embeddable":true,"href":"https:\/\/rms-enlinea.com.ar\/tienda\/wp-json\/wp\/v2\/media\/11719"}],"wp:attachment":[{"href":"https:\/\/rms-enlinea.com.ar\/tienda\/wp-json\/wp\/v2\/media?parent=52837"}],"wp:term":[{"taxonomy":"product_brand","embeddable":true,"href":"https:\/\/rms-enlinea.com.ar\/tienda\/wp-json\/wp\/v2\/product_brand?post=52837"},{"taxonomy":"product_cat","embeddable":true,"href":"https:\/\/rms-enlinea.com.ar\/tienda\/wp-json\/wp\/v2\/product_cat?post=52837"},{"taxonomy":"product_tag","embeddable":true,"href":"https:\/\/rms-enlinea.com.ar\/tienda\/wp-json\/wp\/v2\/product_tag?post=52837"}],"curies":[{"name":"wp","href":"https:\/\/api.w.org\/{rel}","templated":true}]}}