{"id":52844,"date":"2025-07-31T12:45:14","date_gmt":"2025-07-31T15:45:14","guid":{"rendered":"https:\/\/rms-enlinea.com.ar\/tienda\/producto\/mouse-inalambrico-genius-rs2-ergo-8100s-silver-gray\/"},"modified":"2026-04-21T05:20:37","modified_gmt":"2026-04-21T08:20:37","slug":"mouse-inalambrico-genius-rs2-ergo-8100s-silver-gray","status":"publish","type":"product","link":"https:\/\/rms-enlinea.com.ar\/tienda\/producto\/mouse-inalambrico-genius-rs2-ergo-8100s-silver-gray\/","title":{"rendered":"Mouse Inalambrico Genius Rs2 Ergo 8100s Silver Gray"},"content":{"rendered":"<p>Distancia de Trabajo<\/p>\n<p>Hasta 10 Metros<br \/>\nTipo de Bateria<\/p>\n<p>AA<br \/>\nPeso<\/p>\n<p>Mouse: aprox. 60 g<br \/>\nResoluci\u00f3n (DPI)<\/p>\n<p>800 \/ 1200 (defecto) \/ 1600<br \/>\nFrecuencia<\/p>\n<p>2.4GHz<br \/>\nSensor<\/p>\n<p>\u00d3ptico<br \/>\nN\u00famero de Botones<\/p>\n<p>6 (izquierdo, derecho, medio con desplazamiento, bot\u00f3n DPI, delante, atras)<\/p>\n","protected":false},"excerpt":{"rendered":"<p>Distancia de Trabajo Hasta 10 Metros Tipo de Bateria AA Peso Mouse: aprox. 60 g Resoluci\u00f3n (DPI) 800 \/ 1200 (defecto) \/ 1600 Frecuencia 2.4GHz Sensor \u00d3ptico N\u00famero de Botones 6 (izquierdo, derecho, medio con desplazamiento, bot\u00f3n DPI, delante, atras)<\/p>\n","protected":false},"featured_media":46838,"comment_status":"open","ping_status":"closed","template":"","meta":{"_uag_custom_page_level_css":""},"product_brand":[550],"product_cat":[125],"product_tag":[],"class_list":{"0":"post-52844","1":"product","2":"type-product","3":"status-publish","4":"has-post-thumbnail","6":"product_brand-genius","7":"product_cat-teclados-y-mouses","9":"first","10":"outofstock","11":"sale","12":"taxable","13":"shipping-taxable","14":"purchasable","15":"product-type-simple"},"uagb_featured_image_src":{"full":["https:\/\/rms-enlinea.com.ar\/wp-content\/uploads\/2025\/06\/D_914815-MLA80736242898_112024-F.jpg",739,1200,false],"thumbnail":["https:\/\/rms-enlinea.com.ar\/wp-content\/uploads\/2025\/06\/D_914815-MLA80736242898_112024-F-150x150.jpg",150,150,true],"medium":["https:\/\/rms-enlinea.com.ar\/wp-content\/uploads\/2025\/06\/D_914815-MLA80736242898_112024-F-185x300.jpg",185,300,true],"medium_large":["https:\/\/rms-enlinea.com.ar\/wp-content\/uploads\/2025\/06\/D_914815-MLA80736242898_112024-F.jpg",739,1200,false],"large":["https:\/\/rms-enlinea.com.ar\/wp-content\/uploads\/2025\/06\/D_914815-MLA80736242898_112024-F-631x1024.jpg",631,1024,true],"1536x1536":["https:\/\/rms-enlinea.com.ar\/wp-content\/uploads\/2025\/06\/D_914815-MLA80736242898_112024-F.jpg",739,1200,false],"2048x2048":["https:\/\/rms-enlinea.com.ar\/wp-content\/uploads\/2025\/06\/D_914815-MLA80736242898_112024-F.jpg",739,1200,false],"woocommerce_thumbnail":["https:\/\/rms-enlinea.com.ar\/wp-content\/uploads\/2025\/06\/D_914815-MLA80736242898_112024-F-450x450.jpg",450,450,true],"woocommerce_single":["https:\/\/rms-enlinea.com.ar\/wp-content\/uploads\/2025\/06\/D_914815-MLA80736242898_112024-F-600x974.jpg",600,974,true],"woocommerce_gallery_thumbnail":["https:\/\/rms-enlinea.com.ar\/wp-content\/uploads\/2025\/06\/D_914815-MLA80736242898_112024-F-100x100.jpg",100,100,true]},"uagb_author_info":{"display_name":"nelson","author_link":"https:\/\/rms-enlinea.com.ar\/tienda\/author\/"},"uagb_comment_info":0,"uagb_excerpt":"Distancia de Trabajo Hasta 10 Metros Tipo de Bateria AA Peso Mouse: aprox. 60 g Resoluci\u00f3n (DPI) 800 \/ 1200 (defecto) \/ 1600 Frecuencia 2.4GHz Sensor \u00d3ptico N\u00famero de Botones 6 (izquierdo, derecho, medio con desplazamiento, bot\u00f3n DPI, delante, atras)","_links":{"self":[{"href":"https:\/\/rms-enlinea.com.ar\/tienda\/wp-json\/wp\/v2\/product\/52844","targetHints":{"allow":["GET"]}}],"collection":[{"href":"https:\/\/rms-enlinea.com.ar\/tienda\/wp-json\/wp\/v2\/product"}],"about":[{"href":"https:\/\/rms-enlinea.com.ar\/tienda\/wp-json\/wp\/v2\/types\/product"}],"replies":[{"embeddable":true,"href":"https:\/\/rms-enlinea.com.ar\/tienda\/wp-json\/wp\/v2\/comments?post=52844"}],"wp:featuredmedia":[{"embeddable":true,"href":"https:\/\/rms-enlinea.com.ar\/tienda\/wp-json\/wp\/v2\/media\/46838"}],"wp:attachment":[{"href":"https:\/\/rms-enlinea.com.ar\/tienda\/wp-json\/wp\/v2\/media?parent=52844"}],"wp:term":[{"taxonomy":"product_brand","embeddable":true,"href":"https:\/\/rms-enlinea.com.ar\/tienda\/wp-json\/wp\/v2\/product_brand?post=52844"},{"taxonomy":"product_cat","embeddable":true,"href":"https:\/\/rms-enlinea.com.ar\/tienda\/wp-json\/wp\/v2\/product_cat?post=52844"},{"taxonomy":"product_tag","embeddable":true,"href":"https:\/\/rms-enlinea.com.ar\/tienda\/wp-json\/wp\/v2\/product_tag?post=52844"}],"curies":[{"name":"wp","href":"https:\/\/api.w.org\/{rel}","templated":true}]}}