{"id":52873,"date":"2025-07-31T13:00:58","date_gmt":"2025-07-31T16:00:58","guid":{"rendered":"https:\/\/rms-enlinea.com.ar\/tienda\/producto\/procesador-amd-ryzen-9-9900x-am5-c-graficos-s-cooler\/"},"modified":"2026-04-21T05:18:37","modified_gmt":"2026-04-21T08:18:37","slug":"procesador-amd-ryzen-9-9900x-am5-c-graficos-s-cooler","status":"publish","type":"product","link":"https:\/\/rms-enlinea.com.ar\/tienda\/producto\/procesador-amd-ryzen-9-9900x-am5-c-graficos-s-cooler\/","title":{"rendered":"Procesador Amd Ryzen 9 9900x Am5 C\/graficos S\/cooler"},"content":{"rendered":"<p>Nombre AMD Ryzen\u2122 9 9900X<br \/>\nFamilia<br \/>\nRyzen<br \/>\nSerie<br \/>\nRyzen 9000 Series<br \/>\nFormato<br \/>\nComputadoras de escritorio , Procesador en caja<br \/>\nMarket Segment<br \/>\nEnthusiast Desktop<br \/>\nAMD PRO Technologies<br \/>\nNo<br \/>\nUso para consumidor<br \/>\nS\u00ed<br \/>\nDisponibilidad regional<br \/>\nGlobal<br \/>\nNombre de c\u00f3digo anterior<br \/>\nGranite Ridge AM5<br \/>\nArquitectura<br \/>\nZen 5<br \/>\nN.\u00ba de n\u00facleos de CPU<br \/>\n12<br \/>\nM\u00faltiples subprocesos (SMT)<br \/>\nS\u00ed<br \/>\nN.\u00ba de subprocesos<br \/>\n24<br \/>\nReloj turbo m\u00e1ximo<br \/>\nHasta 5.6 GHz<br \/>\nReloj base<br \/>\n4.4 GHz<br \/>\nCach\u00e9 L1<br \/>\n768 KB<br \/>\nCach\u00e9 L2<br \/>\n12 MB<br \/>\nCach\u00e9 L3<br \/>\n64 MB<br \/>\nTDP predeterminada<br \/>\n120W<\/p>\n","protected":false},"excerpt":{"rendered":"<p>Nombre AMD Ryzen\u2122 9 9900X Familia Ryzen Serie Ryzen 9000 Series Formato Computadoras de escritorio , Procesador en caja Market Segment Enthusiast Desktop AMD PRO Technologies No Uso para consumidor S\u00ed Disponibilidad regional Global Nombre de c\u00f3digo anterior Granite Ridge AM5 Arquitectura Zen 5 N.\u00ba de n\u00facleos de CPU 12 M\u00faltiples subprocesos (SMT) S\u00ed N.\u00ba [&hellip;]<\/p>\n","protected":false},"featured_media":42885,"comment_status":"open","ping_status":"closed","template":"","meta":{"_uag_custom_page_level_css":""},"product_brand":[531],"product_cat":[121],"product_tag":[],"class_list":{"0":"post-52873","1":"product","2":"type-product","3":"status-publish","4":"has-post-thumbnail","6":"product_brand-amd","7":"product_cat-procesadores-computacion","9":"first","10":"outofstock","11":"sale","12":"taxable","13":"shipping-taxable","14":"purchasable","15":"product-type-simple"},"uagb_featured_image_src":{"full":["https:\/\/rms-enlinea.com.ar\/wp-content\/uploads\/2025\/06\/D_638630-MLU78673118363_082024-F.jpg",771,888,false],"thumbnail":["https:\/\/rms-enlinea.com.ar\/wp-content\/uploads\/2025\/06\/D_638630-MLU78673118363_082024-F-150x150.jpg",150,150,true],"medium":["https:\/\/rms-enlinea.com.ar\/wp-content\/uploads\/2025\/06\/D_638630-MLU78673118363_082024-F-260x300.jpg",260,300,true],"medium_large":["https:\/\/rms-enlinea.com.ar\/wp-content\/uploads\/2025\/06\/D_638630-MLU78673118363_082024-F-768x885.jpg",768,885,true],"large":["https:\/\/rms-enlinea.com.ar\/wp-content\/uploads\/2025\/06\/D_638630-MLU78673118363_082024-F.jpg",771,888,false],"1536x1536":["https:\/\/rms-enlinea.com.ar\/wp-content\/uploads\/2025\/06\/D_638630-MLU78673118363_082024-F.jpg",771,888,false],"2048x2048":["https:\/\/rms-enlinea.com.ar\/wp-content\/uploads\/2025\/06\/D_638630-MLU78673118363_082024-F.jpg",771,888,false],"woocommerce_thumbnail":["https:\/\/rms-enlinea.com.ar\/wp-content\/uploads\/2025\/06\/D_638630-MLU78673118363_082024-F-450x450.jpg",450,450,true],"woocommerce_single":["https:\/\/rms-enlinea.com.ar\/wp-content\/uploads\/2025\/06\/D_638630-MLU78673118363_082024-F-600x691.jpg",600,691,true],"woocommerce_gallery_thumbnail":["https:\/\/rms-enlinea.com.ar\/wp-content\/uploads\/2025\/06\/D_638630-MLU78673118363_082024-F-100x100.jpg",100,100,true]},"uagb_author_info":{"display_name":"nelson","author_link":"https:\/\/rms-enlinea.com.ar\/tienda\/author\/"},"uagb_comment_info":0,"uagb_excerpt":"Nombre AMD Ryzen\u2122 9 9900X Familia Ryzen Serie Ryzen 9000 Series Formato Computadoras de escritorio , Procesador en caja Market Segment Enthusiast Desktop AMD PRO Technologies No Uso para consumidor S\u00ed Disponibilidad regional Global Nombre de c\u00f3digo anterior Granite Ridge AM5 Arquitectura Zen 5 N.\u00ba de n\u00facleos de CPU 12 M\u00faltiples subprocesos (SMT) S\u00ed N.\u00ba&hellip;","_links":{"self":[{"href":"https:\/\/rms-enlinea.com.ar\/tienda\/wp-json\/wp\/v2\/product\/52873","targetHints":{"allow":["GET"]}}],"collection":[{"href":"https:\/\/rms-enlinea.com.ar\/tienda\/wp-json\/wp\/v2\/product"}],"about":[{"href":"https:\/\/rms-enlinea.com.ar\/tienda\/wp-json\/wp\/v2\/types\/product"}],"replies":[{"embeddable":true,"href":"https:\/\/rms-enlinea.com.ar\/tienda\/wp-json\/wp\/v2\/comments?post=52873"}],"wp:featuredmedia":[{"embeddable":true,"href":"https:\/\/rms-enlinea.com.ar\/tienda\/wp-json\/wp\/v2\/media\/42885"}],"wp:attachment":[{"href":"https:\/\/rms-enlinea.com.ar\/tienda\/wp-json\/wp\/v2\/media?parent=52873"}],"wp:term":[{"taxonomy":"product_brand","embeddable":true,"href":"https:\/\/rms-enlinea.com.ar\/tienda\/wp-json\/wp\/v2\/product_brand?post=52873"},{"taxonomy":"product_cat","embeddable":true,"href":"https:\/\/rms-enlinea.com.ar\/tienda\/wp-json\/wp\/v2\/product_cat?post=52873"},{"taxonomy":"product_tag","embeddable":true,"href":"https:\/\/rms-enlinea.com.ar\/tienda\/wp-json\/wp\/v2\/product_tag?post=52873"}],"curies":[{"name":"wp","href":"https:\/\/api.w.org\/{rel}","templated":true}]}}

<p>Nombre AMD Ryzen™ 9 9900X<br />
Familia<br />
Ryzen<br />
Serie<br />
Ryzen 9000 Series<br />
Formato<br />
Computadoras de escritorio , Procesador en caja<br />
Market Segment<br />
Enthusiast Desktop<br />
AMD PRO Technologies<br />
No<br />
Uso para consumidor<br />
Sí<br />
Disponibilidad regional<br />
Global<br />
Nombre de código anterior<br />
Granite Ridge AM5<br />
Arquitectura<br />
Zen 5<br />
N.º de núcleos de CPU<br />
12<br />
Múltiples subprocesos (SMT)<br />
Sí<br />
N.º de subprocesos<br />
24<br />
Reloj turbo máximo<br />
Hasta 5.6 GHz<br />
Reloj base<br />
4.4 GHz<br />
Caché L1<br />
768 KB<br />
Caché L2<br />
12 MB<br />
Caché L3<br />
64 MB<br />
TDP predeterminada<br />
120W</p>

<p>Nombre AMD Ryzen™ 9 9900X Familia Ryzen Serie Ryzen 9000 Series Formato Computadoras de escritorio , Procesador en caja Market Segment Enthusiast Desktop AMD PRO Technologies No Uso para consumidor Sí Disponibilidad regional Global Nombre de código anterior Granite Ridge AM5 Arquitectura Zen 5 N.º de núcleos de CPU 12 Múltiples subprocesos (SMT) Sí N.º [&hellip;]</p>

Nombre AMD Ryzen™ 9 9900X Familia Ryzen Serie Ryzen 9000 Series Formato Computadoras de escritorio , Procesador en caja Market Segment Enthusiast Desktop AMD PRO Technologies No Uso para consumidor Sí Disponibilidad regional Global Nombre de código anterior Granite Ridge AM5 Arquitectura Zen 5 N.º de núcleos de CPU 12 Múltiples subprocesos (SMT) Sí N.º&hellip;
