{"id":52886,"date":"2025-07-31T13:06:21","date_gmt":"2025-07-31T16:06:21","guid":{"rendered":"https:\/\/rms-enlinea.com.ar\/tienda\/producto\/mouse-gamer-wireless-logitech-g502-x-plus-white-rgb\/"},"modified":"2026-04-06T13:40:36","modified_gmt":"2026-04-06T16:40:36","slug":"mouse-gamer-wireless-logitech-g502-x-plus-white-rgb","status":"publish","type":"product","link":"https:\/\/rms-enlinea.com.ar\/tienda\/producto\/mouse-gamer-wireless-logitech-g502-x-plus-white-rgb\/","title":{"rendered":"Mouse Gamer Wireless Logitech G502 X Plus White Rgb"},"content":{"rendered":"<p>DIMENSIONES<br \/>\nESPECIFICACIONES PRINCIPALES<\/p>\n<p>Carga USB-C<\/p>\n<p>106 gramos<\/p>\n<p>Pies de PTFE de baja fricci\u00f3n<\/p>\n<p>ESPECIFICACIONES F\u00cdSICAS<\/p>\n<p>Peso: 106 g<\/p>\n<p>Altura: 131,4 mm<\/p>\n<p>Ancho: 41,1 mm<\/p>\n<p>Profundidad: 79,2 mm<\/p>\n<p>ESPECIFICACIONES T\u00c9CNICAS<\/p>\n<p>Tecnolog\u00eda inal\u00e1mbrica LIGHTSPEED<\/p>\n<p>Hasta 5 perfiles de memoria integrada<\/p>\n<p>Pies de PTFE<\/p>\n<p>13 controles programables<\/p>\n<p>Iluminaci\u00f3n RGB de 8 zonas<\/p>\n<p>Puerto de carga USB-C<\/p>\n<p>Duraci\u00f3n de bater\u00edas<\/p>\n<p>Movimiento constante 130 horas (37 horas con RGB activado)<\/p>\n","protected":false},"excerpt":{"rendered":"<p>DIMENSIONES ESPECIFICACIONES PRINCIPALES Carga USB-C 106 gramos Pies de PTFE de baja fricci\u00f3n ESPECIFICACIONES F\u00cdSICAS Peso: 106 g Altura: 131,4 mm Ancho: 41,1 mm Profundidad: 79,2 mm ESPECIFICACIONES T\u00c9CNICAS Tecnolog\u00eda inal\u00e1mbrica LIGHTSPEED Hasta 5 perfiles de memoria integrada Pies de PTFE 13 controles programables Iluminaci\u00f3n RGB de 8 zonas Puerto de carga USB-C Duraci\u00f3n de [&hellip;]<\/p>\n","protected":false},"featured_media":599,"comment_status":"open","ping_status":"closed","template":"","meta":{"_uag_custom_page_level_css":""},"product_brand":[549],"product_cat":[125],"product_tag":[],"class_list":{"0":"post-52886","1":"product","2":"type-product","3":"status-publish","4":"has-post-thumbnail","6":"product_brand-logitech","7":"product_cat-teclados-y-mouses","9":"first","10":"outofstock","11":"sale","12":"taxable","13":"shipping-taxable","14":"purchasable","15":"product-type-simple"},"uagb_featured_image_src":{"full":["https:\/\/rms-enlinea.com.ar\/wp-content\/uploads\/2025\/06\/D_745367-MLU70527492819_072023-F.jpg",332,500,false],"thumbnail":["https:\/\/rms-enlinea.com.ar\/wp-content\/uploads\/2025\/06\/D_745367-MLU70527492819_072023-F-150x150.jpg",150,150,true],"medium":["https:\/\/rms-enlinea.com.ar\/wp-content\/uploads\/2025\/06\/D_745367-MLU70527492819_072023-F-199x300.jpg",199,300,true],"medium_large":["https:\/\/rms-enlinea.com.ar\/wp-content\/uploads\/2025\/06\/D_745367-MLU70527492819_072023-F.jpg",332,500,false],"large":["https:\/\/rms-enlinea.com.ar\/wp-content\/uploads\/2025\/06\/D_745367-MLU70527492819_072023-F.jpg",332,500,false],"1536x1536":["https:\/\/rms-enlinea.com.ar\/wp-content\/uploads\/2025\/06\/D_745367-MLU70527492819_072023-F.jpg",332,500,false],"2048x2048":["https:\/\/rms-enlinea.com.ar\/wp-content\/uploads\/2025\/06\/D_745367-MLU70527492819_072023-F.jpg",332,500,false],"woocommerce_thumbnail":["https:\/\/rms-enlinea.com.ar\/wp-content\/uploads\/2025\/06\/D_745367-MLU70527492819_072023-F-332x450.jpg",332,450,true],"woocommerce_single":["https:\/\/rms-enlinea.com.ar\/wp-content\/uploads\/2025\/06\/D_745367-MLU70527492819_072023-F.jpg",332,500,false],"woocommerce_gallery_thumbnail":["https:\/\/rms-enlinea.com.ar\/wp-content\/uploads\/2025\/06\/D_745367-MLU70527492819_072023-F-100x100.jpg",100,100,true]},"uagb_author_info":{"display_name":"nelson","author_link":"https:\/\/rms-enlinea.com.ar\/tienda\/author\/"},"uagb_comment_info":0,"uagb_excerpt":"DIMENSIONES ESPECIFICACIONES PRINCIPALES Carga USB-C 106 gramos Pies de PTFE de baja fricci\u00f3n ESPECIFICACIONES F\u00cdSICAS Peso: 106 g Altura: 131,4 mm Ancho: 41,1 mm Profundidad: 79,2 mm ESPECIFICACIONES T\u00c9CNICAS Tecnolog\u00eda inal\u00e1mbrica LIGHTSPEED Hasta 5 perfiles de memoria integrada Pies de PTFE 13 controles programables Iluminaci\u00f3n RGB de 8 zonas Puerto de carga USB-C Duraci\u00f3n de&hellip;","_links":{"self":[{"href":"https:\/\/rms-enlinea.com.ar\/tienda\/wp-json\/wp\/v2\/product\/52886","targetHints":{"allow":["GET"]}}],"collection":[{"href":"https:\/\/rms-enlinea.com.ar\/tienda\/wp-json\/wp\/v2\/product"}],"about":[{"href":"https:\/\/rms-enlinea.com.ar\/tienda\/wp-json\/wp\/v2\/types\/product"}],"replies":[{"embeddable":true,"href":"https:\/\/rms-enlinea.com.ar\/tienda\/wp-json\/wp\/v2\/comments?post=52886"}],"wp:featuredmedia":[{"embeddable":true,"href":"https:\/\/rms-enlinea.com.ar\/tienda\/wp-json\/wp\/v2\/media\/599"}],"wp:attachment":[{"href":"https:\/\/rms-enlinea.com.ar\/tienda\/wp-json\/wp\/v2\/media?parent=52886"}],"wp:term":[{"taxonomy":"product_brand","embeddable":true,"href":"https:\/\/rms-enlinea.com.ar\/tienda\/wp-json\/wp\/v2\/product_brand?post=52886"},{"taxonomy":"product_cat","embeddable":true,"href":"https:\/\/rms-enlinea.com.ar\/tienda\/wp-json\/wp\/v2\/product_cat?post=52886"},{"taxonomy":"product_tag","embeddable":true,"href":"https:\/\/rms-enlinea.com.ar\/tienda\/wp-json\/wp\/v2\/product_tag?post=52886"}],"curies":[{"name":"wp","href":"https:\/\/api.w.org\/{rel}","templated":true}]}}