{"id":53174,"date":"2025-08-02T11:40:24","date_gmt":"2025-08-02T14:40:24","guid":{"rendered":"https:\/\/rms-enlinea.com.ar\/tienda\/producto\/mother-gigabyte-b850-a-elite-wifi-7-am5-ddr5-pci-e-5-0\/"},"modified":"2026-04-21T06:22:18","modified_gmt":"2026-04-21T09:22:18","slug":"mother-gigabyte-b850-a-elite-wifi-7-am5-ddr5-pci-e-5-0","status":"publish","type":"product","link":"https:\/\/rms-enlinea.com.ar\/tienda\/producto\/mother-gigabyte-b850-a-elite-wifi-7-am5-ddr5-pci-e-5-0\/","title":{"rendered":"Mother Gigabyte B850 A Elite Wifi 7 Am5 Ddr5 Pci-e 5.0"},"content":{"rendered":"<p>La motherboard GIGABYTE B850 A ELITE WIFI 7 es la elecci\u00f3n perfecta para los entusiastas de la tecnolog\u00eda que buscan un rendimiento excepcional y una conectividad avanzada. Dise\u00f1ada para la plataforma AMD y con un socket AM5, esta placa base ofrece una base s\u00f3lida para construir un sistema potente y eficiente. Su factor de forma ATX permite una f\u00e1cil integraci\u00f3n en la mayor\u00eda de las cajas de PC, brindando flexibilidad y espacio para futuras expansiones.<\/p>\n<p>Con un chipset B850 y soporte para memoria RAM DDR5, la B850 A ELITE WIFI 7 puede manejar hasta 256 GB de memoria, lo que la convierte en una opci\u00f3n ideal para aplicaciones que requieren un alto rendimiento, como juegos, edici\u00f3n de video y dise\u00f1o gr\u00e1fico. Adem\u00e1s, cuenta con una ranura de expansi\u00f3n PCI Express x16, lo que permite la instalaci\u00f3n de tarjetas gr\u00e1ficas de \u00faltima generaci\u00f3n para maximizar el rendimiento gr\u00e1fico.<\/p>\n<p>La conectividad es otro de los puntos fuertes de esta motherboard, ya que incluye capacidades de Wi-Fi 7, lo que garantiza una conexi\u00f3n r\u00e1pida y estable a internet. Esto es especialmente beneficioso para los usuarios que realizan tareas en l\u00ednea intensivas o que disfrutan de juegos en l\u00ednea sin interrupciones.<\/p>\n<p>En resumen, la GIGABYTE B850 A ELITE WIFI 7 es una motherboard que combina tecnolog\u00eda de vanguardia, rendimiento superior y una amplia capacidad de expansi\u00f3n, convirti\u00e9ndola en una opci\u00f3n ideal para quienes buscan construir un sistema de alto rendimiento que se adapte a sus necesidades actuales y futuras.<\/p>\n","protected":false},"excerpt":{"rendered":"<p>La motherboard GIGABYTE B850 A ELITE WIFI 7 es la elecci\u00f3n perfecta para los entusiastas de la tecnolog\u00eda que buscan un rendimiento excepcional y una conectividad avanzada. Dise\u00f1ada para la plataforma AMD y con un socket AM5, esta placa base ofrece una base s\u00f3lida para construir un sistema potente y eficiente. Su factor de forma [&hellip;]<\/p>\n","protected":false},"featured_media":53175,"comment_status":"open","ping_status":"closed","template":"","meta":{"_uag_custom_page_level_css":""},"product_brand":[532],"product_cat":[115],"product_tag":[],"class_list":{"0":"post-53174","1":"product","2":"type-product","3":"status-publish","4":"has-post-thumbnail","6":"product_brand-gigabyte","7":"product_cat-mother","9":"first","10":"outofstock","11":"sale","12":"taxable","13":"shipping-taxable","14":"purchasable","15":"product-type-simple"},"uagb_featured_image_src":{"full":["https:\/\/rms-enlinea.com.ar\/wp-content\/uploads\/2025\/08\/D_947213-MLA89220674475_082025-F.jpg",1200,831,false],"thumbnail":["https:\/\/rms-enlinea.com.ar\/wp-content\/uploads\/2025\/08\/D_947213-MLA89220674475_082025-F-150x150.jpg",150,150,true],"medium":["https:\/\/rms-enlinea.com.ar\/wp-content\/uploads\/2025\/08\/D_947213-MLA89220674475_082025-F-300x208.jpg",300,208,true],"medium_large":["https:\/\/rms-enlinea.com.ar\/wp-content\/uploads\/2025\/08\/D_947213-MLA89220674475_082025-F-768x532.jpg",768,532,true],"large":["https:\/\/rms-enlinea.com.ar\/wp-content\/uploads\/2025\/08\/D_947213-MLA89220674475_082025-F-1024x709.jpg",1024,709,true],"1536x1536":["https:\/\/rms-enlinea.com.ar\/wp-content\/uploads\/2025\/08\/D_947213-MLA89220674475_082025-F.jpg",1200,831,false],"2048x2048":["https:\/\/rms-enlinea.com.ar\/wp-content\/uploads\/2025\/08\/D_947213-MLA89220674475_082025-F.jpg",1200,831,false],"woocommerce_thumbnail":["https:\/\/rms-enlinea.com.ar\/wp-content\/uploads\/2025\/08\/D_947213-MLA89220674475_082025-F-450x450.jpg",450,450,true],"woocommerce_single":["https:\/\/rms-enlinea.com.ar\/wp-content\/uploads\/2025\/08\/D_947213-MLA89220674475_082025-F-600x416.jpg",600,416,true],"woocommerce_gallery_thumbnail":["https:\/\/rms-enlinea.com.ar\/wp-content\/uploads\/2025\/08\/D_947213-MLA89220674475_082025-F-100x100.jpg",100,100,true]},"uagb_author_info":{"display_name":"nelson","author_link":"https:\/\/rms-enlinea.com.ar\/tienda\/author\/"},"uagb_comment_info":0,"uagb_excerpt":"La motherboard GIGABYTE B850 A ELITE WIFI 7 es la elecci\u00f3n perfecta para los entusiastas de la tecnolog\u00eda que buscan un rendimiento excepcional y una conectividad avanzada. Dise\u00f1ada para la plataforma AMD y con un socket AM5, esta placa base ofrece una base s\u00f3lida para construir un sistema potente y eficiente. Su factor de forma&hellip;","_links":{"self":[{"href":"https:\/\/rms-enlinea.com.ar\/tienda\/wp-json\/wp\/v2\/product\/53174","targetHints":{"allow":["GET"]}}],"collection":[{"href":"https:\/\/rms-enlinea.com.ar\/tienda\/wp-json\/wp\/v2\/product"}],"about":[{"href":"https:\/\/rms-enlinea.com.ar\/tienda\/wp-json\/wp\/v2\/types\/product"}],"replies":[{"embeddable":true,"href":"https:\/\/rms-enlinea.com.ar\/tienda\/wp-json\/wp\/v2\/comments?post=53174"}],"wp:featuredmedia":[{"embeddable":true,"href":"https:\/\/rms-enlinea.com.ar\/tienda\/wp-json\/wp\/v2\/media\/53175"}],"wp:attachment":[{"href":"https:\/\/rms-enlinea.com.ar\/tienda\/wp-json\/wp\/v2\/media?parent=53174"}],"wp:term":[{"taxonomy":"product_brand","embeddable":true,"href":"https:\/\/rms-enlinea.com.ar\/tienda\/wp-json\/wp\/v2\/product_brand?post=53174"},{"taxonomy":"product_cat","embeddable":true,"href":"https:\/\/rms-enlinea.com.ar\/tienda\/wp-json\/wp\/v2\/product_cat?post=53174"},{"taxonomy":"product_tag","embeddable":true,"href":"https:\/\/rms-enlinea.com.ar\/tienda\/wp-json\/wp\/v2\/product_tag?post=53174"}],"curies":[{"name":"wp","href":"https:\/\/api.w.org\/{rel}","templated":true}]}}