{"id":53365,"date":"2025-08-05T11:51:31","date_gmt":"2025-08-05T14:51:31","guid":{"rendered":"https:\/\/rms-enlinea.com.ar\/tienda\/producto\/teclado-inalambrico-logitech-k270-negro-920-004426\/"},"modified":"2026-04-21T06:16:46","modified_gmt":"2026-04-21T09:16:46","slug":"teclado-inalambrico-logitech-k270-negro-920-004426","status":"publish","type":"product","link":"https:\/\/rms-enlinea.com.ar\/tienda\/producto\/teclado-inalambrico-logitech-k270-negro-920-004426\/","title":{"rendered":"Teclado Inalambrico Logitech K270 Negro 920-004426"},"content":{"rendered":"<p>Dimensiones<br \/>\nAltura: 149 mm<br \/>\nAncho: 441,5 mil\u00edmetros<br \/>\nProfundidad: 18 mm en la parte delantera, 22 mm en la parte posterior<br \/>\nPeso: 498 g<br \/>\nEspecificaciones t\u00e9cnicas<br \/>\nTipo de conexi\u00f3n<br \/>\nProtocolo Logitech Unifying (2,4 GHz)<br \/>\nAlcance inal\u00e1mbrico: &gt; 10 m de alcance inal\u00e1mbrico. El radio de acci\u00f3n inal\u00e1mbrico depende de las condiciones del entorno y de los dispositivos.<br \/>\nBater\u00eda<br \/>\nBater\u00eda: 18 meses La duraci\u00f3n de las bater\u00edas depende del uso y de los dispositivos<br \/>\nBater\u00eda: 2 AAA (incluidas)<br \/>\nBotones\/Teclas especiales<br \/>\nTeclas de acceso r\u00e1pido (p. ej. Internet, correo electr\u00f3nico, teclas multimedia, volumen)<br \/>\nDuraci\u00f3n de las teclas<br \/>\nHasta 5 millones de pulsaciones<br \/>\nSostenibilidad<br \/>\nPl\u00e1stico negros: 38% de material reciclado posconsumo 3No incluye receptor, conjunto de cableado impreso (PWA) y embalaje.<br \/>\nCon certificaci\u00f3n de carbono neutral<br \/>\nN\u00famero de referencia<\/p>\n","protected":false},"excerpt":{"rendered":"<p>Dimensiones Altura: 149 mm Ancho: 441,5 mil\u00edmetros Profundidad: 18 mm en la parte delantera, 22 mm en la parte posterior Peso: 498 g Especificaciones t\u00e9cnicas Tipo de conexi\u00f3n Protocolo Logitech Unifying (2,4 GHz) Alcance inal\u00e1mbrico: &gt; 10 m de alcance inal\u00e1mbrico. El radio de acci\u00f3n inal\u00e1mbrico depende de las condiciones del entorno y de los [&hellip;]<\/p>\n","protected":false},"featured_media":53366,"comment_status":"open","ping_status":"closed","template":"","meta":{"_uag_custom_page_level_css":""},"product_brand":[549],"product_cat":[125],"product_tag":[],"class_list":{"0":"post-53365","1":"product","2":"type-product","3":"status-publish","4":"has-post-thumbnail","6":"product_brand-logitech","7":"product_cat-teclados-y-mouses","9":"first","10":"outofstock","11":"sale","12":"taxable","13":"shipping-taxable","14":"purchasable","15":"product-type-simple"},"uagb_featured_image_src":{"full":["https:\/\/rms-enlinea.com.ar\/wp-content\/uploads\/2025\/08\/D_676739-MLA89450179955_082025-F.jpg",986,624,false],"thumbnail":["https:\/\/rms-enlinea.com.ar\/wp-content\/uploads\/2025\/08\/D_676739-MLA89450179955_082025-F-150x150.jpg",150,150,true],"medium":["https:\/\/rms-enlinea.com.ar\/wp-content\/uploads\/2025\/08\/D_676739-MLA89450179955_082025-F-300x190.jpg",300,190,true],"medium_large":["https:\/\/rms-enlinea.com.ar\/wp-content\/uploads\/2025\/08\/D_676739-MLA89450179955_082025-F-768x486.jpg",768,486,true],"large":["https:\/\/rms-enlinea.com.ar\/wp-content\/uploads\/2025\/08\/D_676739-MLA89450179955_082025-F.jpg",986,624,false],"1536x1536":["https:\/\/rms-enlinea.com.ar\/wp-content\/uploads\/2025\/08\/D_676739-MLA89450179955_082025-F.jpg",986,624,false],"2048x2048":["https:\/\/rms-enlinea.com.ar\/wp-content\/uploads\/2025\/08\/D_676739-MLA89450179955_082025-F.jpg",986,624,false],"woocommerce_thumbnail":["https:\/\/rms-enlinea.com.ar\/wp-content\/uploads\/2025\/08\/D_676739-MLA89450179955_082025-F-450x450.jpg",450,450,true],"woocommerce_single":["https:\/\/rms-enlinea.com.ar\/wp-content\/uploads\/2025\/08\/D_676739-MLA89450179955_082025-F-600x380.jpg",600,380,true],"woocommerce_gallery_thumbnail":["https:\/\/rms-enlinea.com.ar\/wp-content\/uploads\/2025\/08\/D_676739-MLA89450179955_082025-F-100x100.jpg",100,100,true]},"uagb_author_info":{"display_name":"nelson","author_link":"https:\/\/rms-enlinea.com.ar\/tienda\/author\/"},"uagb_comment_info":0,"uagb_excerpt":"Dimensiones Altura: 149 mm Ancho: 441,5 mil\u00edmetros Profundidad: 18 mm en la parte delantera, 22 mm en la parte posterior Peso: 498 g Especificaciones t\u00e9cnicas Tipo de conexi\u00f3n Protocolo Logitech Unifying (2,4 GHz) Alcance inal\u00e1mbrico: &gt; 10 m de alcance inal\u00e1mbrico. El radio de acci\u00f3n inal\u00e1mbrico depende de las condiciones del entorno y de los&hellip;","_links":{"self":[{"href":"https:\/\/rms-enlinea.com.ar\/tienda\/wp-json\/wp\/v2\/product\/53365","targetHints":{"allow":["GET"]}}],"collection":[{"href":"https:\/\/rms-enlinea.com.ar\/tienda\/wp-json\/wp\/v2\/product"}],"about":[{"href":"https:\/\/rms-enlinea.com.ar\/tienda\/wp-json\/wp\/v2\/types\/product"}],"replies":[{"embeddable":true,"href":"https:\/\/rms-enlinea.com.ar\/tienda\/wp-json\/wp\/v2\/comments?post=53365"}],"wp:featuredmedia":[{"embeddable":true,"href":"https:\/\/rms-enlinea.com.ar\/tienda\/wp-json\/wp\/v2\/media\/53366"}],"wp:attachment":[{"href":"https:\/\/rms-enlinea.com.ar\/tienda\/wp-json\/wp\/v2\/media?parent=53365"}],"wp:term":[{"taxonomy":"product_brand","embeddable":true,"href":"https:\/\/rms-enlinea.com.ar\/tienda\/wp-json\/wp\/v2\/product_brand?post=53365"},{"taxonomy":"product_cat","embeddable":true,"href":"https:\/\/rms-enlinea.com.ar\/tienda\/wp-json\/wp\/v2\/product_cat?post=53365"},{"taxonomy":"product_tag","embeddable":true,"href":"https:\/\/rms-enlinea.com.ar\/tienda\/wp-json\/wp\/v2\/product_tag?post=53365"}],"curies":[{"name":"wp","href":"https:\/\/api.w.org\/{rel}","templated":true}]}}