{"id":53402,"date":"2025-08-05T13:30:20","date_gmt":"2025-08-05T16:30:20","guid":{"rendered":"https:\/\/rms-enlinea.com.ar\/tienda\/producto\/dvr-hikvision-4-canales-1080p-lite-mini-1u-h-265-hasta-4tb\/"},"modified":"2026-04-02T18:32:32","modified_gmt":"2026-04-02T21:32:32","slug":"dvr-hikvision-4-canales-1080p-lite-mini-1u-h-265-hasta-4tb","status":"publish","type":"product","link":"https:\/\/rms-enlinea.com.ar\/tienda\/producto\/dvr-hikvision-4-canales-1080p-lite-mini-1u-h-265-hasta-4tb\/","title":{"rendered":"Dvr Hikvision 4 Canales 1080p Lite Mini 1u H.265 Hasta 4tb"},"content":{"rendered":"<p>El DVR HIKVISION 4 CANALES 1080P LITE MINI 1U H.265 es la soluci\u00f3n ideal para quienes buscan un sistema de videovigilancia eficiente y de alta calidad. Con una resoluci\u00f3n m\u00e1xima de 1080p, este dispositivo garantiza im\u00e1genes n\u00edtidas y claras, permitiendo una supervisi\u00f3n efectiva de sus espacios. Su dise\u00f1o compacto de 1U facilita la integraci\u00f3n en cualquier entorno, optimizando el uso del espacio.<\/p>\n<p>Este modelo, HL-DVR-104G-K1, cuenta con cuatro canales, lo que permite conectar m\u00faltiples c\u00e1maras y cubrir diversas \u00e1reas simult\u00e1neamente. Los conectores de salida BNC, HDMI y VGA ofrecen versatilidad en la visualizaci\u00f3n y conexi\u00f3n a diferentes dispositivos. Adem\u00e1s, su capacidad de almacenamiento de hasta 4 TB asegura que pueda grabar y almacenar grandes vol\u00famenes de video sin preocupaciones.<\/p>\n<p>El DVR es compatible con entradas USB, lo que facilita la transferencia de datos y la gesti\u00f3n de grabaciones. Su tecnolog\u00eda H.265 permite una compresi\u00f3n eficiente del video, lo que se traduce en un uso optimizado del espacio de almacenamiento y una mejor calidad de imagen. Ideal para hogares, oficinas o comercios, este DVR se adapta a diversas necesidades de seguridad.<\/p>\n<p>Con el DVR HIKVISION, obtendr\u00e1 un sistema de vigilancia confiable y de alto rendimiento, que le permitir\u00e1 mantener un control efectivo sobre sus propiedades. Su facilidad de uso y su capacidad de almacenamiento lo convierten en una opci\u00f3n atractiva para quienes valoran la seguridad y la calidad en sus sistemas de videovigilancia.<\/p>\n","protected":false},"excerpt":{"rendered":"<p>El DVR HIKVISION 4 CANALES 1080P LITE MINI 1U H.265 es la soluci\u00f3n ideal para quienes buscan un sistema de videovigilancia eficiente y de alta calidad. Con una resoluci\u00f3n m\u00e1xima de 1080p, este dispositivo garantiza im\u00e1genes n\u00edtidas y claras, permitiendo una supervisi\u00f3n efectiva de sus espacios. Su dise\u00f1o compacto de 1U facilita la integraci\u00f3n en [&hellip;]<\/p>\n","protected":false},"featured_media":22568,"comment_status":"open","ping_status":"closed","template":"","meta":{"_uag_custom_page_level_css":""},"product_brand":[473],"product_cat":[32],"product_tag":[],"class_list":{"0":"post-53402","1":"product","2":"type-product","3":"status-publish","4":"has-post-thumbnail","6":"product_brand-hikvision","7":"product_cat-seguridad","9":"first","10":"outofstock","11":"sale","12":"taxable","13":"shipping-taxable","14":"purchasable","15":"product-type-simple"},"uagb_featured_image_src":{"full":["https:\/\/rms-enlinea.com.ar\/wp-content\/uploads\/2025\/06\/D_645482-MLA84678351562_052025-F.jpg",931,601,false],"thumbnail":["https:\/\/rms-enlinea.com.ar\/wp-content\/uploads\/2025\/06\/D_645482-MLA84678351562_052025-F-150x150.jpg",150,150,true],"medium":["https:\/\/rms-enlinea.com.ar\/wp-content\/uploads\/2025\/06\/D_645482-MLA84678351562_052025-F-300x194.jpg",300,194,true],"medium_large":["https:\/\/rms-enlinea.com.ar\/wp-content\/uploads\/2025\/06\/D_645482-MLA84678351562_052025-F-768x496.jpg",768,496,true],"large":["https:\/\/rms-enlinea.com.ar\/wp-content\/uploads\/2025\/06\/D_645482-MLA84678351562_052025-F.jpg",931,601,false],"1536x1536":["https:\/\/rms-enlinea.com.ar\/wp-content\/uploads\/2025\/06\/D_645482-MLA84678351562_052025-F.jpg",931,601,false],"2048x2048":["https:\/\/rms-enlinea.com.ar\/wp-content\/uploads\/2025\/06\/D_645482-MLA84678351562_052025-F.jpg",931,601,false],"woocommerce_thumbnail":["https:\/\/rms-enlinea.com.ar\/wp-content\/uploads\/2025\/06\/D_645482-MLA84678351562_052025-F-450x450.jpg",450,450,true],"woocommerce_single":["https:\/\/rms-enlinea.com.ar\/wp-content\/uploads\/2025\/06\/D_645482-MLA84678351562_052025-F-600x387.jpg",600,387,true],"woocommerce_gallery_thumbnail":["https:\/\/rms-enlinea.com.ar\/wp-content\/uploads\/2025\/06\/D_645482-MLA84678351562_052025-F-100x100.jpg",100,100,true]},"uagb_author_info":{"display_name":"nelson","author_link":"https:\/\/rms-enlinea.com.ar\/tienda\/author\/"},"uagb_comment_info":0,"uagb_excerpt":"El DVR HIKVISION 4 CANALES 1080P LITE MINI 1U H.265 es la soluci\u00f3n ideal para quienes buscan un sistema de videovigilancia eficiente y de alta calidad. Con una resoluci\u00f3n m\u00e1xima de 1080p, este dispositivo garantiza im\u00e1genes n\u00edtidas y claras, permitiendo una supervisi\u00f3n efectiva de sus espacios. Su dise\u00f1o compacto de 1U facilita la integraci\u00f3n en&hellip;","_links":{"self":[{"href":"https:\/\/rms-enlinea.com.ar\/tienda\/wp-json\/wp\/v2\/product\/53402","targetHints":{"allow":["GET"]}}],"collection":[{"href":"https:\/\/rms-enlinea.com.ar\/tienda\/wp-json\/wp\/v2\/product"}],"about":[{"href":"https:\/\/rms-enlinea.com.ar\/tienda\/wp-json\/wp\/v2\/types\/product"}],"replies":[{"embeddable":true,"href":"https:\/\/rms-enlinea.com.ar\/tienda\/wp-json\/wp\/v2\/comments?post=53402"}],"wp:featuredmedia":[{"embeddable":true,"href":"https:\/\/rms-enlinea.com.ar\/tienda\/wp-json\/wp\/v2\/media\/22568"}],"wp:attachment":[{"href":"https:\/\/rms-enlinea.com.ar\/tienda\/wp-json\/wp\/v2\/media?parent=53402"}],"wp:term":[{"taxonomy":"product_brand","embeddable":true,"href":"https:\/\/rms-enlinea.com.ar\/tienda\/wp-json\/wp\/v2\/product_brand?post=53402"},{"taxonomy":"product_cat","embeddable":true,"href":"https:\/\/rms-enlinea.com.ar\/tienda\/wp-json\/wp\/v2\/product_cat?post=53402"},{"taxonomy":"product_tag","embeddable":true,"href":"https:\/\/rms-enlinea.com.ar\/tienda\/wp-json\/wp\/v2\/product_tag?post=53402"}],"curies":[{"name":"wp","href":"https:\/\/api.w.org\/{rel}","templated":true}]}}