{"id":53525,"date":"2025-08-06T14:00:13","date_gmt":"2025-08-06T17:00:13","guid":{"rendered":"https:\/\/rms-enlinea.com.ar\/tienda\/producto\/kit-teclado-y-mouse-inalambrico-logitech-mk850-performance\/"},"modified":"2026-04-21T06:04:48","modified_gmt":"2026-04-21T09:04:48","slug":"kit-teclado-y-mouse-inalambrico-logitech-mk850-performance","status":"publish","type":"product","link":"https:\/\/rms-enlinea.com.ar\/tienda\/producto\/kit-teclado-y-mouse-inalambrico-logitech-mk850-performance\/","title":{"rendered":"Kit Teclado Y Mouse Inalambrico Logitech Mk850 Performance"},"content":{"rendered":"<p>Dimensiones<br \/>\nTeclado Altura x Anchura x Profundidad:<br \/>\n25 mm X 430 mm x 210 mm<\/p>\n<p>Peso: 733 g (incluidas 2 bater\u00edas AAA)<\/p>\n<p>Mouse<br \/>\nAltura x Anchura x Profundidad:<br \/>\n45 mm x 74 mm x 115 mm<\/p>\n<p>Peso: 135 g (incluida 1 bater\u00eda AA)<\/p>\n<p>Requisitos del sistema<br \/>\nTeclado Unifying Windows\u00ae 10 o posterior, Windows 8, Windows 7 Mac OS X 10.10 o posterior Chrome OS<br \/>\nBluetooth Windows 10 o posterior, Windows 8 Mac OS X 10.10 o posterior iOS 5 o posterior Chrome OS Android 5.0 o posterior<\/p>\n<p>Mouse<br \/>\nUnifying Windows 10 o posterior, Windows 8, Windows 7 Mac OS X 10.10 o posterior Chrome OS<br \/>\nBluetooth Windows 10 o posterior, Windows 8 Mac OS X 10.10 o posterior Chrome OS<br \/>\nConexi\u00f3n a Internet para descargas de software, puerto USB.<\/p>\n<p>Especificaciones<br \/>\nTeclado Tipo de conexi\u00f3n: Conexi\u00f3n inal\u00e1mbrica Bluetooth\u00ae Smart y de 2,4 GHz<\/p>\n<p>Alcance inal\u00e1mbrico: 10 m El radio de acci\u00f3n inal\u00e1mbrico depende del entorno operativo y de la configuraci\u00f3n de la computadora.<\/p>\n<p>Cifrado inal\u00e1mbrico: S\u00ed Cifrado inal\u00e1mbrico entre el teclado y la computadora o el dispositivo m\u00f3vil conectado.<\/p>\n<p>Detalles de bater\u00edas: 2 x AAA<\/p>\n<p>Duraci\u00f3n de bater\u00edas: 36 meses. Duraci\u00f3n de bater\u00edas de teclado calculada seg\u00fan una estimaci\u00f3n de dos millones de pulsaciones al a\u00f1o en un entorno empresarial. La duraci\u00f3n de las bater\u00edas depende del uso y de los dispositivos.<\/p>\n<p>Mouse<br \/>\nTipo de conexi\u00f3n: Conexi\u00f3n inal\u00e1mbrica Bluetooth Smart y de 2,4 GHz<\/p>\n<p>Alcance inal\u00e1mbrico: 10 m El radio de acci\u00f3n inal\u00e1mbrico depende del entorno operativo y de la configuraci\u00f3n de la computadora.<\/p>\n<p>Detalles de bater\u00edas: 1 bater\u00eda AA<\/p>\n<p>Duraci\u00f3n de bater\u00edas: 24 meses La duraci\u00f3n de las bater\u00edas depende del uso y de los dispositivos.<\/p>\n<p>Tecnolog\u00eda de sensor: Seguimiento \u00f3ptico avanzado de Logitech<\/p>\n<p>Resoluci\u00f3n de sensor: 1000 dpi<\/p>\n<p>Bot\u00f3n rueda: Superr\u00e1pido<\/p>\n<p>N\u00famero de botones: 8<\/p>\n<p>Software compatible: Logitech Options<\/p>\n<p>Logitech Flow<\/p>\n","protected":false},"excerpt":{"rendered":"<p>Dimensiones Teclado Altura x Anchura x Profundidad: 25 mm X 430 mm x 210 mm Peso: 733 g (incluidas 2 bater\u00edas AAA) Mouse Altura x Anchura x Profundidad: 45 mm x 74 mm x 115 mm Peso: 135 g (incluida 1 bater\u00eda AA) Requisitos del sistema Teclado Unifying Windows\u00ae 10 o posterior, Windows 8, Windows [&hellip;]<\/p>\n","protected":false},"featured_media":53526,"comment_status":"open","ping_status":"closed","template":"","meta":{"_uag_custom_page_level_css":""},"product_brand":[549],"product_cat":[125],"product_tag":[],"class_list":{"0":"post-53525","1":"product","2":"type-product","3":"status-publish","4":"has-post-thumbnail","6":"product_brand-logitech","7":"product_cat-teclados-y-mouses","9":"first","10":"outofstock","11":"sale","12":"taxable","13":"shipping-taxable","14":"purchasable","15":"product-type-simple"},"uagb_featured_image_src":{"full":["https:\/\/rms-enlinea.com.ar\/wp-content\/uploads\/2025\/08\/D_912449-MLA89571843437_082025-F.jpg",1200,881,false],"thumbnail":["https:\/\/rms-enlinea.com.ar\/wp-content\/uploads\/2025\/08\/D_912449-MLA89571843437_082025-F-150x150.jpg",150,150,true],"medium":["https:\/\/rms-enlinea.com.ar\/wp-content\/uploads\/2025\/08\/D_912449-MLA89571843437_082025-F-300x220.jpg",300,220,true],"medium_large":["https:\/\/rms-enlinea.com.ar\/wp-content\/uploads\/2025\/08\/D_912449-MLA89571843437_082025-F-768x564.jpg",768,564,true],"large":["https:\/\/rms-enlinea.com.ar\/wp-content\/uploads\/2025\/08\/D_912449-MLA89571843437_082025-F-1024x752.jpg",1024,752,true],"1536x1536":["https:\/\/rms-enlinea.com.ar\/wp-content\/uploads\/2025\/08\/D_912449-MLA89571843437_082025-F.jpg",1200,881,false],"2048x2048":["https:\/\/rms-enlinea.com.ar\/wp-content\/uploads\/2025\/08\/D_912449-MLA89571843437_082025-F.jpg",1200,881,false],"woocommerce_thumbnail":["https:\/\/rms-enlinea.com.ar\/wp-content\/uploads\/2025\/08\/D_912449-MLA89571843437_082025-F-450x450.jpg",450,450,true],"woocommerce_single":["https:\/\/rms-enlinea.com.ar\/wp-content\/uploads\/2025\/08\/D_912449-MLA89571843437_082025-F-600x441.jpg",600,441,true],"woocommerce_gallery_thumbnail":["https:\/\/rms-enlinea.com.ar\/wp-content\/uploads\/2025\/08\/D_912449-MLA89571843437_082025-F-100x100.jpg",100,100,true]},"uagb_author_info":{"display_name":"nelson","author_link":"https:\/\/rms-enlinea.com.ar\/tienda\/author\/"},"uagb_comment_info":0,"uagb_excerpt":"Dimensiones Teclado Altura x Anchura x Profundidad: 25 mm X 430 mm x 210 mm Peso: 733 g (incluidas 2 bater\u00edas AAA) Mouse Altura x Anchura x Profundidad: 45 mm x 74 mm x 115 mm Peso: 135 g (incluida 1 bater\u00eda AA) Requisitos del sistema Teclado Unifying Windows\u00ae 10 o posterior, Windows 8, Windows&hellip;","_links":{"self":[{"href":"https:\/\/rms-enlinea.com.ar\/tienda\/wp-json\/wp\/v2\/product\/53525","targetHints":{"allow":["GET"]}}],"collection":[{"href":"https:\/\/rms-enlinea.com.ar\/tienda\/wp-json\/wp\/v2\/product"}],"about":[{"href":"https:\/\/rms-enlinea.com.ar\/tienda\/wp-json\/wp\/v2\/types\/product"}],"replies":[{"embeddable":true,"href":"https:\/\/rms-enlinea.com.ar\/tienda\/wp-json\/wp\/v2\/comments?post=53525"}],"wp:featuredmedia":[{"embeddable":true,"href":"https:\/\/rms-enlinea.com.ar\/tienda\/wp-json\/wp\/v2\/media\/53526"}],"wp:attachment":[{"href":"https:\/\/rms-enlinea.com.ar\/tienda\/wp-json\/wp\/v2\/media?parent=53525"}],"wp:term":[{"taxonomy":"product_brand","embeddable":true,"href":"https:\/\/rms-enlinea.com.ar\/tienda\/wp-json\/wp\/v2\/product_brand?post=53525"},{"taxonomy":"product_cat","embeddable":true,"href":"https:\/\/rms-enlinea.com.ar\/tienda\/wp-json\/wp\/v2\/product_cat?post=53525"},{"taxonomy":"product_tag","embeddable":true,"href":"https:\/\/rms-enlinea.com.ar\/tienda\/wp-json\/wp\/v2\/product_tag?post=53525"}],"curies":[{"name":"wp","href":"https:\/\/api.w.org\/{rel}","templated":true}]}}