{"id":53571,"date":"2025-08-06T19:31:46","date_gmt":"2025-08-06T22:31:46","guid":{"rendered":"https:\/\/rms-enlinea.com.ar\/tienda\/producto\/monitor-led-27-pulgadas-samsung-t350fh-fhd-75hz\/"},"modified":"2026-04-21T04:26:58","modified_gmt":"2026-04-21T07:26:58","slug":"monitor-led-27-pulgadas-samsung-t350fh-fhd-75hz","status":"publish","type":"product","link":"https:\/\/rms-enlinea.com.ar\/tienda\/producto\/monitor-led-27-pulgadas-samsung-t350fh-fhd-75hz\/","title":{"rendered":"Monitor Led 27 Pulgadas Samsung T350fh Fhd 75hz"},"content":{"rendered":"<p>Descubre el Monitor LED de 27 pulgadas Samsung T350FH, un dispositivo ideal para quienes buscan calidad y rendimiento en su d\u00eda a d\u00eda. Con una resoluci\u00f3n Full HD de 1920&#215;1080 y un panel IPS, disfrutar\u00e1s de colores vibrantes y detalles n\u00edtidos en cada imagen. Su frecuencia de actualizaci\u00f3n de 75 Hz proporcionar\u00e1 una experiencia visual fluida, perfecta para trabajar o disfrutar de tus contenidos multimedia. <\/p>\n<p>Dise\u00f1ado para maximizar tu comodidad, este monitor es reclinable y tiene la opci\u00f3n de montaje VESA, permitiendo una instalaci\u00f3n vers\u00e1til en cualquier espacio. Con una relaci\u00f3n de aspecto de 16:9, podr\u00e1s disfrutar de un amplio campo visual, adecuado tanto para tareas cotidianas como para ver pel\u00edculas. <\/p>\n<p>La pantalla del Samsung T350FH cuenta con un brillo de 250 cd\/m2 y un contraste de 1000:1, ofreciendo im\u00e1genes claras y vivas en diversas condiciones de iluminaci\u00f3n. Adem\u00e1s, es capaz de mostrar hasta 16,7 millones de colores, lo que enriquece tu visualizaci\u00f3n y mejora cualquier experiencia visual. <\/p>\n<p>Opta por el Monitor LED Samsung T350FH y transforma tu espacio de trabajo o entretenimiento con tecnolog\u00eda de vanguardia y un dise\u00f1o elegante que complementa cualquier decoraci\u00f3n. Es la opci\u00f3n perfecta para quienes valoran la calidad de imagen y la funcionalidad en un mismo producto.<\/p>\n","protected":false},"excerpt":{"rendered":"<p>Descubre el Monitor LED de 27 pulgadas Samsung T350FH, un dispositivo ideal para quienes buscan calidad y rendimiento en su d\u00eda a d\u00eda. Con una resoluci\u00f3n Full HD de 1920&#215;1080 y un panel IPS, disfrutar\u00e1s de colores vibrantes y detalles n\u00edtidos en cada imagen. Su frecuencia de actualizaci\u00f3n de 75 Hz proporcionar\u00e1 una experiencia visual [&hellip;]<\/p>\n","protected":false},"featured_media":53572,"comment_status":"open","ping_status":"closed","template":"","meta":{"_uag_custom_page_level_css":""},"product_brand":[581],"product_cat":[114],"product_tag":[],"class_list":{"0":"post-53571","1":"product","2":"type-product","3":"status-publish","4":"has-post-thumbnail","6":"product_brand-samsung","7":"product_cat-monitores","9":"first","10":"outofstock","11":"sale","12":"taxable","13":"shipping-taxable","14":"purchasable","15":"product-type-simple"},"uagb_featured_image_src":{"full":["https:\/\/rms-enlinea.com.ar\/wp-content\/uploads\/2025\/08\/D_832896-MLA89590365683_082025-F.jpg",968,1200,false],"thumbnail":["https:\/\/rms-enlinea.com.ar\/wp-content\/uploads\/2025\/08\/D_832896-MLA89590365683_082025-F-150x150.jpg",150,150,true],"medium":["https:\/\/rms-enlinea.com.ar\/wp-content\/uploads\/2025\/08\/D_832896-MLA89590365683_082025-F-242x300.jpg",242,300,true],"medium_large":["https:\/\/rms-enlinea.com.ar\/wp-content\/uploads\/2025\/08\/D_832896-MLA89590365683_082025-F-768x952.jpg",768,952,true],"large":["https:\/\/rms-enlinea.com.ar\/wp-content\/uploads\/2025\/08\/D_832896-MLA89590365683_082025-F-826x1024.jpg",826,1024,true],"1536x1536":["https:\/\/rms-enlinea.com.ar\/wp-content\/uploads\/2025\/08\/D_832896-MLA89590365683_082025-F.jpg",968,1200,false],"2048x2048":["https:\/\/rms-enlinea.com.ar\/wp-content\/uploads\/2025\/08\/D_832896-MLA89590365683_082025-F.jpg",968,1200,false],"woocommerce_thumbnail":["https:\/\/rms-enlinea.com.ar\/wp-content\/uploads\/2025\/08\/D_832896-MLA89590365683_082025-F-450x450.jpg",450,450,true],"woocommerce_single":["https:\/\/rms-enlinea.com.ar\/wp-content\/uploads\/2025\/08\/D_832896-MLA89590365683_082025-F-600x744.jpg",600,744,true],"woocommerce_gallery_thumbnail":["https:\/\/rms-enlinea.com.ar\/wp-content\/uploads\/2025\/08\/D_832896-MLA89590365683_082025-F-100x100.jpg",100,100,true]},"uagb_author_info":{"display_name":"nelson","author_link":"https:\/\/rms-enlinea.com.ar\/tienda\/author\/"},"uagb_comment_info":0,"uagb_excerpt":"Descubre el Monitor LED de 27 pulgadas Samsung T350FH, un dispositivo ideal para quienes buscan calidad y rendimiento en su d\u00eda a d\u00eda. Con una resoluci\u00f3n Full HD de 1920&#215;1080 y un panel IPS, disfrutar\u00e1s de colores vibrantes y detalles n\u00edtidos en cada imagen. Su frecuencia de actualizaci\u00f3n de 75 Hz proporcionar\u00e1 una experiencia visual&hellip;","_links":{"self":[{"href":"https:\/\/rms-enlinea.com.ar\/tienda\/wp-json\/wp\/v2\/product\/53571","targetHints":{"allow":["GET"]}}],"collection":[{"href":"https:\/\/rms-enlinea.com.ar\/tienda\/wp-json\/wp\/v2\/product"}],"about":[{"href":"https:\/\/rms-enlinea.com.ar\/tienda\/wp-json\/wp\/v2\/types\/product"}],"replies":[{"embeddable":true,"href":"https:\/\/rms-enlinea.com.ar\/tienda\/wp-json\/wp\/v2\/comments?post=53571"}],"wp:featuredmedia":[{"embeddable":true,"href":"https:\/\/rms-enlinea.com.ar\/tienda\/wp-json\/wp\/v2\/media\/53572"}],"wp:attachment":[{"href":"https:\/\/rms-enlinea.com.ar\/tienda\/wp-json\/wp\/v2\/media?parent=53571"}],"wp:term":[{"taxonomy":"product_brand","embeddable":true,"href":"https:\/\/rms-enlinea.com.ar\/tienda\/wp-json\/wp\/v2\/product_brand?post=53571"},{"taxonomy":"product_cat","embeddable":true,"href":"https:\/\/rms-enlinea.com.ar\/tienda\/wp-json\/wp\/v2\/product_cat?post=53571"},{"taxonomy":"product_tag","embeddable":true,"href":"https:\/\/rms-enlinea.com.ar\/tienda\/wp-json\/wp\/v2\/product_tag?post=53571"}],"curies":[{"name":"wp","href":"https:\/\/api.w.org\/{rel}","templated":true}]}}