{"id":53998,"date":"2025-08-13T09:40:10","date_gmt":"2025-08-13T12:40:10","guid":{"rendered":"https:\/\/rms-enlinea.com.ar\/tienda\/producto\/auriculares-con-microfono-genius-hs-04su-plug-3-5mm\/"},"modified":"2026-04-06T14:15:03","modified_gmt":"2026-04-06T17:15:03","slug":"auriculares-con-microfono-genius-hs-04su-plug-3-5mm","status":"publish","type":"product","link":"https:\/\/rms-enlinea.com.ar\/tienda\/producto\/auriculares-con-microfono-genius-hs-04su-plug-3-5mm\/","title":{"rendered":"Auriculares Con Micr\u00f3fono Genius Hs-04su Plug 3.5mm"},"content":{"rendered":"<p>Tipo<br \/>Diadema ajustable<br \/>Conectividad<br \/>3.5 mm<br \/>espuesta frecuente<br \/>20 Hz \u2013 20 kHz<br \/>Sensibilidad<br \/>102 dB \u00b1 3%<br \/>Impedancia<br \/>32 ohmios \u00b1 15%<br \/>Micr\u00f3fono<br \/>S\u00cd<br \/>Longitud del cable (m)<br \/>1.8 m<br \/>Otro<br \/>&#8211;<br \/>Peso (g)<br \/>Approx. 335 g<br \/>Requisitos del sistema<br \/>Funciona con una entrada de 0,14 in (3,5 mm) que incluye un reproductor de m\u00fasica de televisi\u00f3n, computadora, tel\u00e9fono inteligente y tableta..<br \/>Colores<br \/>Negro<br \/>*Las im\u00e1genes y colores de productos que se muestran en el paquete son \u00daNICAMENTE para referencia. Vea los art\u00edculos incluidos para determinar sus caracter\u00edsticas reales.<\/p>\n","protected":false},"excerpt":{"rendered":"<p>TipoDiadema ajustableConectividad3.5 mmespuesta frecuente20 Hz \u2013 20 kHzSensibilidad102 dB \u00b1 3%Impedancia32 ohmios \u00b1 15%Micr\u00f3fonoS\u00cdLongitud del cable (m)1.8 mOtro&#8211;Peso (g)Approx. 335 gRequisitos del sistemaFunciona con una entrada de 0,14 in (3,5 mm) que incluye un reproductor de m\u00fasica de televisi\u00f3n, computadora, tel\u00e9fono inteligente y tableta..ColoresNegro*Las im\u00e1genes y colores de productos que se muestran en el paquete [&hellip;]<\/p>\n","protected":false},"featured_media":53999,"comment_status":"open","ping_status":"closed","template":"","meta":{"_uag_custom_page_level_css":""},"product_brand":[550],"product_cat":[99],"product_tag":[],"class_list":{"0":"post-53998","1":"product","2":"type-product","3":"status-publish","4":"has-post-thumbnail","6":"product_brand-genius","7":"product_cat-auriculares-computacion","9":"first","10":"outofstock","11":"sale","12":"taxable","13":"shipping-taxable","14":"purchasable","15":"product-type-simple"},"uagb_featured_image_src":{"full":["https:\/\/rms-enlinea.com.ar\/wp-content\/uploads\/2025\/08\/D_652635-MLA89644070238_082025-F.jpg",850,1198,false],"thumbnail":["https:\/\/rms-enlinea.com.ar\/wp-content\/uploads\/2025\/08\/D_652635-MLA89644070238_082025-F-150x150.jpg",150,150,true],"medium":["https:\/\/rms-enlinea.com.ar\/wp-content\/uploads\/2025\/08\/D_652635-MLA89644070238_082025-F-213x300.jpg",213,300,true],"medium_large":["https:\/\/rms-enlinea.com.ar\/wp-content\/uploads\/2025\/08\/D_652635-MLA89644070238_082025-F-768x1082.jpg",768,1082,true],"large":["https:\/\/rms-enlinea.com.ar\/wp-content\/uploads\/2025\/08\/D_652635-MLA89644070238_082025-F-727x1024.jpg",727,1024,true],"1536x1536":["https:\/\/rms-enlinea.com.ar\/wp-content\/uploads\/2025\/08\/D_652635-MLA89644070238_082025-F.jpg",850,1198,false],"2048x2048":["https:\/\/rms-enlinea.com.ar\/wp-content\/uploads\/2025\/08\/D_652635-MLA89644070238_082025-F.jpg",850,1198,false],"woocommerce_thumbnail":["https:\/\/rms-enlinea.com.ar\/wp-content\/uploads\/2025\/08\/D_652635-MLA89644070238_082025-F-450x450.jpg",450,450,true],"woocommerce_single":["https:\/\/rms-enlinea.com.ar\/wp-content\/uploads\/2025\/08\/D_652635-MLA89644070238_082025-F-600x846.jpg",600,846,true],"woocommerce_gallery_thumbnail":["https:\/\/rms-enlinea.com.ar\/wp-content\/uploads\/2025\/08\/D_652635-MLA89644070238_082025-F-100x100.jpg",100,100,true]},"uagb_author_info":{"display_name":"nelson","author_link":"https:\/\/rms-enlinea.com.ar\/tienda\/author\/"},"uagb_comment_info":0,"uagb_excerpt":"TipoDiadema ajustableConectividad3.5 mmespuesta frecuente20 Hz \u2013 20 kHzSensibilidad102 dB \u00b1 3%Impedancia32 ohmios \u00b1 15%Micr\u00f3fonoS\u00cdLongitud del cable (m)1.8 mOtro&#8211;Peso (g)Approx. 335 gRequisitos del sistemaFunciona con una entrada de 0,14 in (3,5 mm) que incluye un reproductor de m\u00fasica de televisi\u00f3n, computadora, tel\u00e9fono inteligente y tableta..ColoresNegro*Las im\u00e1genes y colores de productos que se muestran en el paquete&hellip;","_links":{"self":[{"href":"https:\/\/rms-enlinea.com.ar\/tienda\/wp-json\/wp\/v2\/product\/53998","targetHints":{"allow":["GET"]}}],"collection":[{"href":"https:\/\/rms-enlinea.com.ar\/tienda\/wp-json\/wp\/v2\/product"}],"about":[{"href":"https:\/\/rms-enlinea.com.ar\/tienda\/wp-json\/wp\/v2\/types\/product"}],"replies":[{"embeddable":true,"href":"https:\/\/rms-enlinea.com.ar\/tienda\/wp-json\/wp\/v2\/comments?post=53998"}],"wp:featuredmedia":[{"embeddable":true,"href":"https:\/\/rms-enlinea.com.ar\/tienda\/wp-json\/wp\/v2\/media\/53999"}],"wp:attachment":[{"href":"https:\/\/rms-enlinea.com.ar\/tienda\/wp-json\/wp\/v2\/media?parent=53998"}],"wp:term":[{"taxonomy":"product_brand","embeddable":true,"href":"https:\/\/rms-enlinea.com.ar\/tienda\/wp-json\/wp\/v2\/product_brand?post=53998"},{"taxonomy":"product_cat","embeddable":true,"href":"https:\/\/rms-enlinea.com.ar\/tienda\/wp-json\/wp\/v2\/product_cat?post=53998"},{"taxonomy":"product_tag","embeddable":true,"href":"https:\/\/rms-enlinea.com.ar\/tienda\/wp-json\/wp\/v2\/product_tag?post=53998"}],"curies":[{"name":"wp","href":"https:\/\/api.w.org\/{rel}","templated":true}]}}