{"id":54006,"date":"2025-08-13T09:50:05","date_gmt":"2025-08-13T12:50:05","guid":{"rendered":"https:\/\/rms-enlinea.com.ar\/tienda\/producto\/auricular-c-microfono-genius-hs-200c-cable-1-8m-2-mini-plug\/"},"modified":"2026-03-20T12:00:24","modified_gmt":"2026-03-20T15:00:24","slug":"auricular-c-microfono-genius-hs-200c-cable-1-8m-2-mini-plug","status":"publish","type":"product","link":"https:\/\/rms-enlinea.com.ar\/tienda\/producto\/auricular-c-microfono-genius-hs-200c-cable-1-8m-2-mini-plug\/","title":{"rendered":"Auricular C\/ Microfono Genius Hs-200c Cable 1.8m 2 Mini Plug"},"content":{"rendered":"<p>Nombre del modelo\tHS-200C<br \/>Tipo\tVincha ajustable<br \/>Conexi\u00f3n\tConector de 3,5 mm<br \/>Frecuencia\t20Hz &#8211; 20KHz<br \/>Sensibilidad\t105 dB<br \/>Impedancia\t32 OHMS<br \/>Con Micr\u00f3fono\tS\u00cd<br \/>Longitud de cable (m)\t1.8 m<br \/>Peso (g)\tAprox. 57 g<br \/>Requisitos del sistema\tordenadores Windows o Mac OS o los ordenadores port\u00e1tiles \/ tabletas o smartphones \/ reproductores de MP3<br \/>Colores\tNegro<\/p>\n","protected":false},"excerpt":{"rendered":"<p>Nombre del modelo HS-200CTipo Vincha ajustableConexi\u00f3n Conector de 3,5 mmFrecuencia 20Hz &#8211; 20KHzSensibilidad 105 dBImpedancia 32 OHMSCon Micr\u00f3fono S\u00cdLongitud de cable (m) 1.8 mPeso (g) Aprox. 57 gRequisitos del sistema ordenadores Windows o Mac OS o los ordenadores port\u00e1tiles \/ tabletas o smartphones \/ reproductores de MP3Colores Negro<\/p>\n","protected":false},"featured_media":54007,"comment_status":"open","ping_status":"closed","template":"","meta":{"_uag_custom_page_level_css":""},"product_brand":[550],"product_cat":[99],"product_tag":[],"class_list":{"0":"post-54006","1":"product","2":"type-product","3":"status-publish","4":"has-post-thumbnail","6":"product_brand-genius","7":"product_cat-auriculares-computacion","9":"first","10":"instock","11":"sale","12":"taxable","13":"shipping-taxable","14":"purchasable","15":"product-type-simple"},"uagb_featured_image_src":{"full":["https:\/\/rms-enlinea.com.ar\/wp-content\/uploads\/2025\/08\/D_769370-MLA89645016842_082025-F.jpg",1200,1131,false],"thumbnail":["https:\/\/rms-enlinea.com.ar\/wp-content\/uploads\/2025\/08\/D_769370-MLA89645016842_082025-F-150x150.jpg",150,150,true],"medium":["https:\/\/rms-enlinea.com.ar\/wp-content\/uploads\/2025\/08\/D_769370-MLA89645016842_082025-F-300x283.jpg",300,283,true],"medium_large":["https:\/\/rms-enlinea.com.ar\/wp-content\/uploads\/2025\/08\/D_769370-MLA89645016842_082025-F-768x724.jpg",768,724,true],"large":["https:\/\/rms-enlinea.com.ar\/wp-content\/uploads\/2025\/08\/D_769370-MLA89645016842_082025-F-1024x965.jpg",1024,965,true],"1536x1536":["https:\/\/rms-enlinea.com.ar\/wp-content\/uploads\/2025\/08\/D_769370-MLA89645016842_082025-F.jpg",1200,1131,false],"2048x2048":["https:\/\/rms-enlinea.com.ar\/wp-content\/uploads\/2025\/08\/D_769370-MLA89645016842_082025-F.jpg",1200,1131,false],"woocommerce_thumbnail":["https:\/\/rms-enlinea.com.ar\/wp-content\/uploads\/2025\/08\/D_769370-MLA89645016842_082025-F-450x450.jpg",450,450,true],"woocommerce_single":["https:\/\/rms-enlinea.com.ar\/wp-content\/uploads\/2025\/08\/D_769370-MLA89645016842_082025-F-600x566.jpg",600,566,true],"woocommerce_gallery_thumbnail":["https:\/\/rms-enlinea.com.ar\/wp-content\/uploads\/2025\/08\/D_769370-MLA89645016842_082025-F-100x100.jpg",100,100,true]},"uagb_author_info":{"display_name":"nelson","author_link":"https:\/\/rms-enlinea.com.ar\/tienda\/author\/"},"uagb_comment_info":0,"uagb_excerpt":"Nombre del modelo HS-200CTipo Vincha ajustableConexi\u00f3n Conector de 3,5 mmFrecuencia 20Hz &#8211; 20KHzSensibilidad 105 dBImpedancia 32 OHMSCon Micr\u00f3fono S\u00cdLongitud de cable (m) 1.8 mPeso (g) Aprox. 57 gRequisitos del sistema ordenadores Windows o Mac OS o los ordenadores port\u00e1tiles \/ tabletas o smartphones \/ reproductores de MP3Colores Negro","_links":{"self":[{"href":"https:\/\/rms-enlinea.com.ar\/tienda\/wp-json\/wp\/v2\/product\/54006","targetHints":{"allow":["GET"]}}],"collection":[{"href":"https:\/\/rms-enlinea.com.ar\/tienda\/wp-json\/wp\/v2\/product"}],"about":[{"href":"https:\/\/rms-enlinea.com.ar\/tienda\/wp-json\/wp\/v2\/types\/product"}],"replies":[{"embeddable":true,"href":"https:\/\/rms-enlinea.com.ar\/tienda\/wp-json\/wp\/v2\/comments?post=54006"}],"wp:featuredmedia":[{"embeddable":true,"href":"https:\/\/rms-enlinea.com.ar\/tienda\/wp-json\/wp\/v2\/media\/54007"}],"wp:attachment":[{"href":"https:\/\/rms-enlinea.com.ar\/tienda\/wp-json\/wp\/v2\/media?parent=54006"}],"wp:term":[{"taxonomy":"product_brand","embeddable":true,"href":"https:\/\/rms-enlinea.com.ar\/tienda\/wp-json\/wp\/v2\/product_brand?post=54006"},{"taxonomy":"product_cat","embeddable":true,"href":"https:\/\/rms-enlinea.com.ar\/tienda\/wp-json\/wp\/v2\/product_cat?post=54006"},{"taxonomy":"product_tag","embeddable":true,"href":"https:\/\/rms-enlinea.com.ar\/tienda\/wp-json\/wp\/v2\/product_tag?post=54006"}],"curies":[{"name":"wp","href":"https:\/\/api.w.org\/{rel}","templated":true}]}}