{"id":54062,"date":"2025-08-13T10:20:31","date_gmt":"2025-08-13T13:20:31","guid":{"rendered":"https:\/\/rms-enlinea.com.ar\/tienda\/producto\/mouse-pad-genius-g-pad-700s-700x300x2-5mm\/"},"modified":"2026-04-13T23:42:00","modified_gmt":"2026-04-14T02:42:00","slug":"mouse-pad-genius-g-pad-700s-700x300x2-5mm","status":"publish","type":"product","link":"https:\/\/rms-enlinea.com.ar\/tienda\/producto\/mouse-pad-genius-g-pad-700s-700x300x2-5mm\/","title":{"rendered":"Mouse Pad Genius G-pad 700s 700x300x2.5mm"},"content":{"rendered":"<p>Superficie suave para proteger el escritorio<br \/>\nTama\u00f1o: 700 x 300 x 2.5 mm<br \/>\nBase antideslizante<br \/>\nBordes cosidos duraderos<br \/>\nEspecificaci\u00f3n<br \/>\nMaterial Superficie lisa y microtexturizada<br \/>\nBase antideslizante S\u00ed<br \/>\nPeso (gramos) Aprox. 280 g<br \/>\nDimensiones (La x Al x An) mm (pulgadas) 700 x 300 x 2.5 (27.55&#8243; x 11.81&#8243; x 0.098&#8243;)<br \/>\nColor Negro<br \/>\nContenido G-Pad 700S<\/p>\n","protected":false},"excerpt":{"rendered":"<p>Superficie suave para proteger el escritorio Tama\u00f1o: 700 x 300 x 2.5 mm Base antideslizante Bordes cosidos duraderos Especificaci\u00f3n Material Superficie lisa y microtexturizada Base antideslizante S\u00ed Peso (gramos) Aprox. 280 g Dimensiones (La x Al x An) mm (pulgadas) 700 x 300 x 2.5 (27.55&#8243; x 11.81&#8243; x 0.098&#8243;) Color Negro Contenido G-Pad 700S<\/p>\n","protected":false},"featured_media":54063,"comment_status":"open","ping_status":"closed","template":"","meta":{"_uag_custom_page_level_css":""},"product_brand":[550],"product_cat":[125],"product_tag":[],"class_list":{"0":"post-54062","1":"product","2":"type-product","3":"status-publish","4":"has-post-thumbnail","6":"product_brand-genius","7":"product_cat-teclados-y-mouses","9":"first","10":"instock","11":"sale","12":"taxable","13":"shipping-taxable","14":"purchasable","15":"product-type-simple"},"uagb_featured_image_src":{"full":["https:\/\/rms-enlinea.com.ar\/wp-content\/uploads\/2025\/08\/D_654869-MLA89646644222_082025-F.jpg",1200,517,false],"thumbnail":["https:\/\/rms-enlinea.com.ar\/wp-content\/uploads\/2025\/08\/D_654869-MLA89646644222_082025-F-150x150.jpg",150,150,true],"medium":["https:\/\/rms-enlinea.com.ar\/wp-content\/uploads\/2025\/08\/D_654869-MLA89646644222_082025-F-300x129.jpg",300,129,true],"medium_large":["https:\/\/rms-enlinea.com.ar\/wp-content\/uploads\/2025\/08\/D_654869-MLA89646644222_082025-F-768x331.jpg",768,331,true],"large":["https:\/\/rms-enlinea.com.ar\/wp-content\/uploads\/2025\/08\/D_654869-MLA89646644222_082025-F-1024x441.jpg",1024,441,true],"1536x1536":["https:\/\/rms-enlinea.com.ar\/wp-content\/uploads\/2025\/08\/D_654869-MLA89646644222_082025-F.jpg",1200,517,false],"2048x2048":["https:\/\/rms-enlinea.com.ar\/wp-content\/uploads\/2025\/08\/D_654869-MLA89646644222_082025-F.jpg",1200,517,false],"woocommerce_thumbnail":["https:\/\/rms-enlinea.com.ar\/wp-content\/uploads\/2025\/08\/D_654869-MLA89646644222_082025-F-450x450.jpg",450,450,true],"woocommerce_single":["https:\/\/rms-enlinea.com.ar\/wp-content\/uploads\/2025\/08\/D_654869-MLA89646644222_082025-F-600x259.jpg",600,259,true],"woocommerce_gallery_thumbnail":["https:\/\/rms-enlinea.com.ar\/wp-content\/uploads\/2025\/08\/D_654869-MLA89646644222_082025-F-100x100.jpg",100,100,true]},"uagb_author_info":{"display_name":"nelson","author_link":"https:\/\/rms-enlinea.com.ar\/tienda\/author\/"},"uagb_comment_info":0,"uagb_excerpt":"Superficie suave para proteger el escritorio Tama\u00f1o: 700 x 300 x 2.5 mm Base antideslizante Bordes cosidos duraderos Especificaci\u00f3n Material Superficie lisa y microtexturizada Base antideslizante S\u00ed Peso (gramos) Aprox. 280 g Dimensiones (La x Al x An) mm (pulgadas) 700 x 300 x 2.5 (27.55&#8243; x 11.81&#8243; x 0.098&#8243;) Color Negro Contenido G-Pad 700S","_links":{"self":[{"href":"https:\/\/rms-enlinea.com.ar\/tienda\/wp-json\/wp\/v2\/product\/54062","targetHints":{"allow":["GET"]}}],"collection":[{"href":"https:\/\/rms-enlinea.com.ar\/tienda\/wp-json\/wp\/v2\/product"}],"about":[{"href":"https:\/\/rms-enlinea.com.ar\/tienda\/wp-json\/wp\/v2\/types\/product"}],"replies":[{"embeddable":true,"href":"https:\/\/rms-enlinea.com.ar\/tienda\/wp-json\/wp\/v2\/comments?post=54062"}],"wp:featuredmedia":[{"embeddable":true,"href":"https:\/\/rms-enlinea.com.ar\/tienda\/wp-json\/wp\/v2\/media\/54063"}],"wp:attachment":[{"href":"https:\/\/rms-enlinea.com.ar\/tienda\/wp-json\/wp\/v2\/media?parent=54062"}],"wp:term":[{"taxonomy":"product_brand","embeddable":true,"href":"https:\/\/rms-enlinea.com.ar\/tienda\/wp-json\/wp\/v2\/product_brand?post=54062"},{"taxonomy":"product_cat","embeddable":true,"href":"https:\/\/rms-enlinea.com.ar\/tienda\/wp-json\/wp\/v2\/product_cat?post=54062"},{"taxonomy":"product_tag","embeddable":true,"href":"https:\/\/rms-enlinea.com.ar\/tienda\/wp-json\/wp\/v2\/product_tag?post=54062"}],"curies":[{"name":"wp","href":"https:\/\/api.w.org\/{rel}","templated":true}]}}