{"id":54130,"date":"2025-08-13T17:30:21","date_gmt":"2025-08-13T20:30:21","guid":{"rendered":"https:\/\/rms-enlinea.com.ar\/tienda\/producto\/disco-ssd-1tb-netac-n930e-pro-pci-e-3-0-m2-2280-nvme-nand-3d\/"},"modified":"2026-04-02T17:14:16","modified_gmt":"2026-04-02T20:14:16","slug":"disco-ssd-1tb-netac-n930e-pro-pci-e-3-0-m2-2280-nvme-nand-3d","status":"publish","type":"product","link":"https:\/\/rms-enlinea.com.ar\/tienda\/producto\/disco-ssd-1tb-netac-n930e-pro-pci-e-3-0-m2-2280-nvme-nand-3d\/","title":{"rendered":"Disco Ssd 1tb Netac N930e Pro Pci-e 3.0 M2 2280 Nvme Nand 3d"},"content":{"rendered":"<p>El disco SSD 1TB Netac N930E Pro PCI-E 3.0 M2 2280 NVMe es la soluci\u00f3n ideal para aquellos que buscan un rendimiento excepcional y una capacidad de almacenamiento robusta. Con una velocidad m\u00e1xima de lectura y escritura de 0.003 TB\/s, este disco es perfecto para ejecutar tareas intensivas en datos, como la edici\u00f3n de video, juegos y aplicaciones que requieren una r\u00e1pida transferencia de archivos.<\/p>\n<p>Con un factor de forma M.2 2280, se integra perfectamente en la mayor\u00eda de las configuraciones modernas, ofreciendo un dise\u00f1o compacto que optimiza el espacio interno del dispositivo. Su conectividad PCI-E 3.0 NVMe permite aprovechar al m\u00e1ximo la velocidad de transferencia, permitiendo que se mantenga al d\u00eda con las demandas de los usuarios m\u00e1s exigentes.<\/p>\n<p>Este disco est\u00e1 dise\u00f1ado para funcionar en un rango de temperatura de 0 \u00b0C a 70 \u00b0C, asegurando un rendimiento fiable tanto en condiciones de calor como de fr\u00edo. Adem\u00e1s, es apto para configuraciones RAID, lo que ofrece la posibilidad de mejorar a\u00fan m\u00e1s la seguridad y la velocidad de los datos almacenados.<\/p>\n<p>Con 1TB de capacidad, el N930E Pro proporciona un amplio espacio para almacenar todo tipo de archivos, desde documentos y fotos hasta juegos y software de alto rendimiento. Con su elegante color negro, no solo mejora la est\u00e9tica de tu construcci\u00f3n, sino que tambi\u00e9n garantiza que los componentes internos est\u00e9n alineados con las tendencias actuales de dise\u00f1o.<\/p>\n","protected":false},"excerpt":{"rendered":"<p>El disco SSD 1TB Netac N930E Pro PCI-E 3.0 M2 2280 NVMe es la soluci\u00f3n ideal para aquellos que buscan un rendimiento excepcional y una capacidad de almacenamiento robusta. Con una velocidad m\u00e1xima de lectura y escritura de 0.003 TB\/s, este disco es perfecto para ejecutar tareas intensivas en datos, como la edici\u00f3n de video, [&hellip;]<\/p>\n","protected":false},"featured_media":54131,"comment_status":"open","ping_status":"closed","template":"","meta":{"_uag_custom_page_level_css":""},"product_brand":[570],"product_cat":[106],"product_tag":[],"class_list":{"0":"post-54130","1":"product","2":"type-product","3":"status-publish","4":"has-post-thumbnail","6":"product_brand-netac","7":"product_cat-discos-rigidos-ssd","9":"first","10":"outofstock","11":"sale","12":"taxable","13":"shipping-taxable","14":"purchasable","15":"product-type-simple"},"uagb_featured_image_src":{"full":["https:\/\/rms-enlinea.com.ar\/wp-content\/uploads\/2025\/08\/D_749961-MLA90045562925_082025-F.jpg",1196,1198,false],"thumbnail":["https:\/\/rms-enlinea.com.ar\/wp-content\/uploads\/2025\/08\/D_749961-MLA90045562925_082025-F-150x150.jpg",150,150,true],"medium":["https:\/\/rms-enlinea.com.ar\/wp-content\/uploads\/2025\/08\/D_749961-MLA90045562925_082025-F-300x300.jpg",300,300,true],"medium_large":["https:\/\/rms-enlinea.com.ar\/wp-content\/uploads\/2025\/08\/D_749961-MLA90045562925_082025-F-768x769.jpg",768,769,true],"large":["https:\/\/rms-enlinea.com.ar\/wp-content\/uploads\/2025\/08\/D_749961-MLA90045562925_082025-F-1022x1024.jpg",1022,1024,true],"1536x1536":["https:\/\/rms-enlinea.com.ar\/wp-content\/uploads\/2025\/08\/D_749961-MLA90045562925_082025-F.jpg",1196,1198,false],"2048x2048":["https:\/\/rms-enlinea.com.ar\/wp-content\/uploads\/2025\/08\/D_749961-MLA90045562925_082025-F.jpg",1196,1198,false],"woocommerce_thumbnail":["https:\/\/rms-enlinea.com.ar\/wp-content\/uploads\/2025\/08\/D_749961-MLA90045562925_082025-F-450x450.jpg",450,450,true],"woocommerce_single":["https:\/\/rms-enlinea.com.ar\/wp-content\/uploads\/2025\/08\/D_749961-MLA90045562925_082025-F-600x601.jpg",600,601,true],"woocommerce_gallery_thumbnail":["https:\/\/rms-enlinea.com.ar\/wp-content\/uploads\/2025\/08\/D_749961-MLA90045562925_082025-F-100x100.jpg",100,100,true]},"uagb_author_info":{"display_name":"nelson","author_link":"https:\/\/rms-enlinea.com.ar\/tienda\/author\/"},"uagb_comment_info":0,"uagb_excerpt":"El disco SSD 1TB Netac N930E Pro PCI-E 3.0 M2 2280 NVMe es la soluci\u00f3n ideal para aquellos que buscan un rendimiento excepcional y una capacidad de almacenamiento robusta. Con una velocidad m\u00e1xima de lectura y escritura de 0.003 TB\/s, este disco es perfecto para ejecutar tareas intensivas en datos, como la edici\u00f3n de video,&hellip;","_links":{"self":[{"href":"https:\/\/rms-enlinea.com.ar\/tienda\/wp-json\/wp\/v2\/product\/54130","targetHints":{"allow":["GET"]}}],"collection":[{"href":"https:\/\/rms-enlinea.com.ar\/tienda\/wp-json\/wp\/v2\/product"}],"about":[{"href":"https:\/\/rms-enlinea.com.ar\/tienda\/wp-json\/wp\/v2\/types\/product"}],"replies":[{"embeddable":true,"href":"https:\/\/rms-enlinea.com.ar\/tienda\/wp-json\/wp\/v2\/comments?post=54130"}],"wp:featuredmedia":[{"embeddable":true,"href":"https:\/\/rms-enlinea.com.ar\/tienda\/wp-json\/wp\/v2\/media\/54131"}],"wp:attachment":[{"href":"https:\/\/rms-enlinea.com.ar\/tienda\/wp-json\/wp\/v2\/media?parent=54130"}],"wp:term":[{"taxonomy":"product_brand","embeddable":true,"href":"https:\/\/rms-enlinea.com.ar\/tienda\/wp-json\/wp\/v2\/product_brand?post=54130"},{"taxonomy":"product_cat","embeddable":true,"href":"https:\/\/rms-enlinea.com.ar\/tienda\/wp-json\/wp\/v2\/product_cat?post=54130"},{"taxonomy":"product_tag","embeddable":true,"href":"https:\/\/rms-enlinea.com.ar\/tienda\/wp-json\/wp\/v2\/product_tag?post=54130"}],"curies":[{"name":"wp","href":"https:\/\/api.w.org\/{rel}","templated":true}]}}