{"id":54346,"date":"2025-08-18T10:10:19","date_gmt":"2025-08-18T13:10:19","guid":{"rendered":"https:\/\/rms-enlinea.com.ar\/tienda\/producto\/mouse-gamer-inalambrico-logitech-g-pro-x-super-light-2\/"},"modified":"2026-04-21T05:52:20","modified_gmt":"2026-04-21T08:52:20","slug":"mouse-gamer-inalambrico-logitech-g-pro-x-super-light-2","status":"publish","type":"product","link":"https:\/\/rms-enlinea.com.ar\/tienda\/producto\/mouse-gamer-inalambrico-logitech-g-pro-x-super-light-2\/","title":{"rendered":"Mouse Gamer Inal\u00e1mbrico Logitech G Pro X Super Light 2"},"content":{"rendered":"<p>ESPECIFICACIONES F\u00cdSICAS<br \/>\nAltura: 125,0 mm<br \/>\nAncho: 63,5 mm<br \/>\nProfundidad: 40,0 mm<br \/>\nPeso: 60 g<br \/>\nESPECIFICACIONES T\u00c9CNICAS<br \/>\nTecnolog\u00eda inal\u00e1mbrica LIGHTSPEED<br \/>\nInterruptores h\u00edbridos LIGHTFORCE<br \/>\nMemoria integrada (Las funciones avanzadas requieren el software Logitech G HUB, que se puede descargar desde logitechg.com\/ghub)<br \/>\nPies de PTFE sin aditivos<br \/>\n5 botones<br \/>\nSEGUIMIENTO<br \/>\nSEGUIMIENTO: HERO 2<br \/>\nResoluci\u00f3n: 100 \u2013 32.000 DPI (Las funciones avanzadas requieren el software Logitech G HUB, que se puede descargar desde logitechg.com\/ghub)<br \/>\nAceleraci\u00f3n m\u00e1x.: &gt;40 G Pruebas realizadas en Logitech G240 Gaming Mouse Pad<br \/>\nVelocidad m\u00e1x.: &gt;500 ips Pruebas realizadas en Logitech G240 Gaming Mouse Pad<br \/>\nSin suavizado\/aceleraci\u00f3n\/filtros<br \/>\nRESPUESTA<br \/>\nVelocidad de respuesta m\u00e1xima: 4000Hz (0.25 ms) (Las funciones avanzadas requieren el software Logitech G HUB, que se puede descargar desde logitechg.com\/ghub)<br \/>\nMicroprocesador: ARM de 32 bits<br \/>\nDURACI\u00d3N DE BATER\u00cdAS<br \/>\nMovimiento constante: 95 horas<\/p>\n","protected":false},"excerpt":{"rendered":"<p>ESPECIFICACIONES F\u00cdSICAS Altura: 125,0 mm Ancho: 63,5 mm Profundidad: 40,0 mm Peso: 60 g ESPECIFICACIONES T\u00c9CNICAS Tecnolog\u00eda inal\u00e1mbrica LIGHTSPEED Interruptores h\u00edbridos LIGHTFORCE Memoria integrada (Las funciones avanzadas requieren el software Logitech G HUB, que se puede descargar desde logitechg.com\/ghub) Pies de PTFE sin aditivos 5 botones SEGUIMIENTO SEGUIMIENTO: HERO 2 Resoluci\u00f3n: 100 \u2013 32.000 DPI [&hellip;]<\/p>\n","protected":false},"featured_media":54347,"comment_status":"open","ping_status":"closed","template":"","meta":{"_uag_custom_page_level_css":""},"product_brand":[549],"product_cat":[125],"product_tag":[],"class_list":{"0":"post-54346","1":"product","2":"type-product","3":"status-publish","4":"has-post-thumbnail","6":"product_brand-logitech","7":"product_cat-teclados-y-mouses","9":"first","10":"outofstock","11":"sale","12":"taxable","13":"shipping-taxable","14":"purchasable","15":"product-type-simple"},"uagb_featured_image_src":{"full":["https:\/\/rms-enlinea.com.ar\/wp-content\/uploads\/2025\/08\/D_960193-MLA89891708254_082025-F.jpg",605,1200,false],"thumbnail":["https:\/\/rms-enlinea.com.ar\/wp-content\/uploads\/2025\/08\/D_960193-MLA89891708254_082025-F-150x150.jpg",150,150,true],"medium":["https:\/\/rms-enlinea.com.ar\/wp-content\/uploads\/2025\/08\/D_960193-MLA89891708254_082025-F-151x300.jpg",151,300,true],"medium_large":["https:\/\/rms-enlinea.com.ar\/wp-content\/uploads\/2025\/08\/D_960193-MLA89891708254_082025-F.jpg",605,1200,false],"large":["https:\/\/rms-enlinea.com.ar\/wp-content\/uploads\/2025\/08\/D_960193-MLA89891708254_082025-F-516x1024.jpg",516,1024,true],"1536x1536":["https:\/\/rms-enlinea.com.ar\/wp-content\/uploads\/2025\/08\/D_960193-MLA89891708254_082025-F.jpg",605,1200,false],"2048x2048":["https:\/\/rms-enlinea.com.ar\/wp-content\/uploads\/2025\/08\/D_960193-MLA89891708254_082025-F.jpg",605,1200,false],"woocommerce_thumbnail":["https:\/\/rms-enlinea.com.ar\/wp-content\/uploads\/2025\/08\/D_960193-MLA89891708254_082025-F-450x450.jpg",450,450,true],"woocommerce_single":["https:\/\/rms-enlinea.com.ar\/wp-content\/uploads\/2025\/08\/D_960193-MLA89891708254_082025-F-600x1190.jpg",600,1190,true],"woocommerce_gallery_thumbnail":["https:\/\/rms-enlinea.com.ar\/wp-content\/uploads\/2025\/08\/D_960193-MLA89891708254_082025-F-100x100.jpg",100,100,true]},"uagb_author_info":{"display_name":"nelson","author_link":"https:\/\/rms-enlinea.com.ar\/tienda\/author\/"},"uagb_comment_info":0,"uagb_excerpt":"ESPECIFICACIONES F\u00cdSICAS Altura: 125,0 mm Ancho: 63,5 mm Profundidad: 40,0 mm Peso: 60 g ESPECIFICACIONES T\u00c9CNICAS Tecnolog\u00eda inal\u00e1mbrica LIGHTSPEED Interruptores h\u00edbridos LIGHTFORCE Memoria integrada (Las funciones avanzadas requieren el software Logitech G HUB, que se puede descargar desde logitechg.com\/ghub) Pies de PTFE sin aditivos 5 botones SEGUIMIENTO SEGUIMIENTO: HERO 2 Resoluci\u00f3n: 100 \u2013 32.000 DPI&hellip;","_links":{"self":[{"href":"https:\/\/rms-enlinea.com.ar\/tienda\/wp-json\/wp\/v2\/product\/54346","targetHints":{"allow":["GET"]}}],"collection":[{"href":"https:\/\/rms-enlinea.com.ar\/tienda\/wp-json\/wp\/v2\/product"}],"about":[{"href":"https:\/\/rms-enlinea.com.ar\/tienda\/wp-json\/wp\/v2\/types\/product"}],"replies":[{"embeddable":true,"href":"https:\/\/rms-enlinea.com.ar\/tienda\/wp-json\/wp\/v2\/comments?post=54346"}],"wp:featuredmedia":[{"embeddable":true,"href":"https:\/\/rms-enlinea.com.ar\/tienda\/wp-json\/wp\/v2\/media\/54347"}],"wp:attachment":[{"href":"https:\/\/rms-enlinea.com.ar\/tienda\/wp-json\/wp\/v2\/media?parent=54346"}],"wp:term":[{"taxonomy":"product_brand","embeddable":true,"href":"https:\/\/rms-enlinea.com.ar\/tienda\/wp-json\/wp\/v2\/product_brand?post=54346"},{"taxonomy":"product_cat","embeddable":true,"href":"https:\/\/rms-enlinea.com.ar\/tienda\/wp-json\/wp\/v2\/product_cat?post=54346"},{"taxonomy":"product_tag","embeddable":true,"href":"https:\/\/rms-enlinea.com.ar\/tienda\/wp-json\/wp\/v2\/product_tag?post=54346"}],"curies":[{"name":"wp","href":"https:\/\/api.w.org\/{rel}","templated":true}]}}