{"id":54386,"date":"2025-08-19T08:50:07","date_gmt":"2025-08-19T11:50:07","guid":{"rendered":"https:\/\/rms-enlinea.com.ar\/tienda\/producto\/proyector-epson-power-lite-e20-v11h981020-xga-3400-lumens\/"},"modified":"2026-04-06T12:49:24","modified_gmt":"2026-04-06T15:49:24","slug":"proyector-epson-power-lite-e20-v11h981020-xga-3400-lumens","status":"publish","type":"product","link":"https:\/\/rms-enlinea.com.ar\/tienda\/producto\/proyector-epson-power-lite-e20-v11h981020-xga-3400-lumens\/","title":{"rendered":"Proyector Epson Power Lite E20 V11h981020 Xga 3400 Lumens"},"content":{"rendered":"<p>Tipo de dispositivo \tProyector 3LCD <br \/>Dispositivos integrados \tAltavoz <br \/>Brillo (Blanco) \t3400 l\u00famenes <br \/>Brillo (Color) \t3400 l\u00famenes <br \/>Relaci\u00f3n de contraste \t15000:1 (din\u00e1mico) <br \/>Resoluci\u00f3n \tXGA (1024 x 768) <br \/>Relaci\u00f3n de aspecto nativa \t4:3 <br \/>Admite color \t1,07 millones de colores <br \/>Tipo de l\u00e1mpara \tUHE 210 vatios <br \/>Ciclo de vida \u00fatil l\u00e1mpara \tHasta 6000 hora(s) &#8211; modo normal<br \/>Hasta 12000 hora(s) &#8211; modo econ\u00f3mico <br \/>Entrada de v\u00eddeo \t(NTSC, SECAM, PAL, PAL-N, PAL-M, NTSC 4.43, PAL 60) <br \/>Altavoces \tAltavoces &#8211; integrado <br \/>Alimentaci\u00f3n \tCA 120\/230 V (50\/60 Hz) <br \/>Consumo el\u00e9ctrico en funcionamiento \t345 vatios <br \/>Dimensiones (Ancho x Profundidad x Altura) \t30 cm x 24.9 cm x 9.1 cm <br \/>Peso \t2.7 kg<\/p>\n","protected":false},"excerpt":{"rendered":"<p>Tipo de dispositivo Proyector 3LCD Dispositivos integrados Altavoz Brillo (Blanco) 3400 l\u00famenes Brillo (Color) 3400 l\u00famenes Relaci\u00f3n de contraste 15000:1 (din\u00e1mico) Resoluci\u00f3n XGA (1024 x 768) Relaci\u00f3n de aspecto nativa 4:3 Admite color 1,07 millones de colores Tipo de l\u00e1mpara UHE 210 vatios Ciclo de vida \u00fatil l\u00e1mpara Hasta 6000 hora(s) &#8211; modo normalHasta 12000 [&hellip;]<\/p>\n","protected":false},"featured_media":54387,"comment_status":"open","ping_status":"closed","template":"","meta":{"_uag_custom_page_level_css":""},"product_brand":[553],"product_cat":[615],"product_tag":[],"class_list":{"0":"post-54386","1":"product","2":"type-product","3":"status-publish","4":"has-post-thumbnail","6":"product_brand-epson","7":"product_cat-proyectores","9":"first","10":"outofstock","11":"sale","12":"taxable","13":"shipping-taxable","14":"purchasable","15":"product-type-simple"},"uagb_featured_image_src":{"full":["https:\/\/rms-enlinea.com.ar\/wp-content\/uploads\/2025\/08\/D_681664-MLA90309521831_082025-F.jpg",1199,506,false],"thumbnail":["https:\/\/rms-enlinea.com.ar\/wp-content\/uploads\/2025\/08\/D_681664-MLA90309521831_082025-F-150x150.jpg",150,150,true],"medium":["https:\/\/rms-enlinea.com.ar\/wp-content\/uploads\/2025\/08\/D_681664-MLA90309521831_082025-F-300x127.jpg",300,127,true],"medium_large":["https:\/\/rms-enlinea.com.ar\/wp-content\/uploads\/2025\/08\/D_681664-MLA90309521831_082025-F-768x324.jpg",768,324,true],"large":["https:\/\/rms-enlinea.com.ar\/wp-content\/uploads\/2025\/08\/D_681664-MLA90309521831_082025-F-1024x432.jpg",1024,432,true],"1536x1536":["https:\/\/rms-enlinea.com.ar\/wp-content\/uploads\/2025\/08\/D_681664-MLA90309521831_082025-F.jpg",1199,506,false],"2048x2048":["https:\/\/rms-enlinea.com.ar\/wp-content\/uploads\/2025\/08\/D_681664-MLA90309521831_082025-F.jpg",1199,506,false],"woocommerce_thumbnail":["https:\/\/rms-enlinea.com.ar\/wp-content\/uploads\/2025\/08\/D_681664-MLA90309521831_082025-F-450x450.jpg",450,450,true],"woocommerce_single":["https:\/\/rms-enlinea.com.ar\/wp-content\/uploads\/2025\/08\/D_681664-MLA90309521831_082025-F-600x253.jpg",600,253,true],"woocommerce_gallery_thumbnail":["https:\/\/rms-enlinea.com.ar\/wp-content\/uploads\/2025\/08\/D_681664-MLA90309521831_082025-F-100x100.jpg",100,100,true]},"uagb_author_info":{"display_name":"nelson","author_link":"https:\/\/rms-enlinea.com.ar\/tienda\/author\/"},"uagb_comment_info":0,"uagb_excerpt":"Tipo de dispositivo Proyector 3LCD Dispositivos integrados Altavoz Brillo (Blanco) 3400 l\u00famenes Brillo (Color) 3400 l\u00famenes Relaci\u00f3n de contraste 15000:1 (din\u00e1mico) Resoluci\u00f3n XGA (1024 x 768) Relaci\u00f3n de aspecto nativa 4:3 Admite color 1,07 millones de colores Tipo de l\u00e1mpara UHE 210 vatios Ciclo de vida \u00fatil l\u00e1mpara Hasta 6000 hora(s) &#8211; modo normalHasta 12000&hellip;","_links":{"self":[{"href":"https:\/\/rms-enlinea.com.ar\/tienda\/wp-json\/wp\/v2\/product\/54386","targetHints":{"allow":["GET"]}}],"collection":[{"href":"https:\/\/rms-enlinea.com.ar\/tienda\/wp-json\/wp\/v2\/product"}],"about":[{"href":"https:\/\/rms-enlinea.com.ar\/tienda\/wp-json\/wp\/v2\/types\/product"}],"replies":[{"embeddable":true,"href":"https:\/\/rms-enlinea.com.ar\/tienda\/wp-json\/wp\/v2\/comments?post=54386"}],"wp:featuredmedia":[{"embeddable":true,"href":"https:\/\/rms-enlinea.com.ar\/tienda\/wp-json\/wp\/v2\/media\/54387"}],"wp:attachment":[{"href":"https:\/\/rms-enlinea.com.ar\/tienda\/wp-json\/wp\/v2\/media?parent=54386"}],"wp:term":[{"taxonomy":"product_brand","embeddable":true,"href":"https:\/\/rms-enlinea.com.ar\/tienda\/wp-json\/wp\/v2\/product_brand?post=54386"},{"taxonomy":"product_cat","embeddable":true,"href":"https:\/\/rms-enlinea.com.ar\/tienda\/wp-json\/wp\/v2\/product_cat?post=54386"},{"taxonomy":"product_tag","embeddable":true,"href":"https:\/\/rms-enlinea.com.ar\/tienda\/wp-json\/wp\/v2\/product_tag?post=54386"}],"curies":[{"name":"wp","href":"https:\/\/api.w.org\/{rel}","templated":true}]}}