{"id":54454,"date":"2025-08-20T16:01:31","date_gmt":"2025-08-20T19:01:31","guid":{"rendered":"https:\/\/rms-enlinea.com.ar\/tienda\/producto\/mouse-inalambrico-logitech-mx-master-3s-graphite-8000dpi\/"},"modified":"2026-04-21T07:17:24","modified_gmt":"2026-04-21T10:17:24","slug":"mouse-inalambrico-logitech-mx-master-3s-graphite-8000dpi","status":"publish","type":"product","link":"https:\/\/rms-enlinea.com.ar\/tienda\/producto\/mouse-inalambrico-logitech-mx-master-3s-graphite-8000dpi\/","title":{"rendered":"Mouse Inalambrico Logitech Mx Master 3s Graphite 8000dpi"},"content":{"rendered":"<p>El Mouse Inalambrico Logitech MX Master 3S Graphite 8000DPI es una herramienta dise\u00f1ada para profesionales que buscan un alto rendimiento y ergonom\u00eda en su d\u00eda a d\u00eda. Con su tecnolog\u00eda de sensor \u00f3ptico Darkfield, este mouse ofrece una precisi\u00f3n excepcional, permitiendo trabajar en diversas superficies, incluyendo vidrio. Especialmente dise\u00f1ado para usuarios diestros, su forma ergon\u00f3mica se adapta c\u00f3modamente a la mano, reduciendo la fatiga durante largas horas de uso.<\/p>\n<p>Con una resoluci\u00f3n de 8000 dpi, el MX Master 3S ofrece una experiencia de navegaci\u00f3n fluida y r\u00e1pida. Posee siete botones personalizables que brindan una funcionalidad adicional para optimizar tu flujo de trabajo. La conexi\u00f3n se realiza de manera simple a trav\u00e9s de USB o Bluetooth, y su bater\u00eda recargable proporciona hasta 70 d\u00edas de uso con una sola carga, asegurando que nunca te quedes sin energ\u00eda cuando m\u00e1s lo necesitas.<\/p>\n<p>Compatible con diversas plataformas como Windows, macOS, Linux, y m\u00e1s, es una opci\u00f3n vers\u00e1til tanto para la oficina como para el hogar. Su alcance m\u00e1ximo de 10 metros permite una libertad de movimiento que facilita la productividad en cualquier espacio de trabajo. Experimenta la fusi\u00f3n perfecta de tecnolog\u00eda y dise\u00f1o con el Logitech MX Master 3S y transforma tu manera de interactuar con tu computadora.<\/p>\n","protected":false},"excerpt":{"rendered":"<p>El Mouse Inalambrico Logitech MX Master 3S Graphite 8000DPI es una herramienta dise\u00f1ada para profesionales que buscan un alto rendimiento y ergonom\u00eda en su d\u00eda a d\u00eda. Con su tecnolog\u00eda de sensor \u00f3ptico Darkfield, este mouse ofrece una precisi\u00f3n excepcional, permitiendo trabajar en diversas superficies, incluyendo vidrio. Especialmente dise\u00f1ado para usuarios diestros, su forma ergon\u00f3mica [&hellip;]<\/p>\n","protected":false},"featured_media":10348,"comment_status":"open","ping_status":"closed","template":"","meta":{"_uag_custom_page_level_css":""},"product_brand":[549],"product_cat":[125],"product_tag":[],"class_list":{"0":"post-54454","1":"product","2":"type-product","3":"status-publish","4":"has-post-thumbnail","6":"product_brand-logitech","7":"product_cat-teclados-y-mouses","9":"first","10":"outofstock","11":"sale","12":"taxable","13":"shipping-taxable","14":"purchasable","15":"product-type-simple"},"uagb_featured_image_src":{"full":["https:\/\/rms-enlinea.com.ar\/wp-content\/uploads\/2025\/06\/D_945737-MLA50896130021_072022-F.jpg",756,440,false],"thumbnail":["https:\/\/rms-enlinea.com.ar\/wp-content\/uploads\/2025\/06\/D_945737-MLA50896130021_072022-F-150x150.jpg",150,150,true],"medium":["https:\/\/rms-enlinea.com.ar\/wp-content\/uploads\/2025\/06\/D_945737-MLA50896130021_072022-F-300x175.jpg",300,175,true],"medium_large":["https:\/\/rms-enlinea.com.ar\/wp-content\/uploads\/2025\/06\/D_945737-MLA50896130021_072022-F.jpg",756,440,false],"large":["https:\/\/rms-enlinea.com.ar\/wp-content\/uploads\/2025\/06\/D_945737-MLA50896130021_072022-F.jpg",756,440,false],"1536x1536":["https:\/\/rms-enlinea.com.ar\/wp-content\/uploads\/2025\/06\/D_945737-MLA50896130021_072022-F.jpg",756,440,false],"2048x2048":["https:\/\/rms-enlinea.com.ar\/wp-content\/uploads\/2025\/06\/D_945737-MLA50896130021_072022-F.jpg",756,440,false],"woocommerce_thumbnail":["https:\/\/rms-enlinea.com.ar\/wp-content\/uploads\/2025\/06\/D_945737-MLA50896130021_072022-F-450x440.jpg",450,440,true],"woocommerce_single":["https:\/\/rms-enlinea.com.ar\/wp-content\/uploads\/2025\/06\/D_945737-MLA50896130021_072022-F-600x349.jpg",600,349,true],"woocommerce_gallery_thumbnail":["https:\/\/rms-enlinea.com.ar\/wp-content\/uploads\/2025\/06\/D_945737-MLA50896130021_072022-F-100x100.jpg",100,100,true]},"uagb_author_info":{"display_name":"nelson","author_link":"https:\/\/rms-enlinea.com.ar\/tienda\/author\/"},"uagb_comment_info":0,"uagb_excerpt":"El Mouse Inalambrico Logitech MX Master 3S Graphite 8000DPI es una herramienta dise\u00f1ada para profesionales que buscan un alto rendimiento y ergonom\u00eda en su d\u00eda a d\u00eda. Con su tecnolog\u00eda de sensor \u00f3ptico Darkfield, este mouse ofrece una precisi\u00f3n excepcional, permitiendo trabajar en diversas superficies, incluyendo vidrio. Especialmente dise\u00f1ado para usuarios diestros, su forma ergon\u00f3mica&hellip;","_links":{"self":[{"href":"https:\/\/rms-enlinea.com.ar\/tienda\/wp-json\/wp\/v2\/product\/54454","targetHints":{"allow":["GET"]}}],"collection":[{"href":"https:\/\/rms-enlinea.com.ar\/tienda\/wp-json\/wp\/v2\/product"}],"about":[{"href":"https:\/\/rms-enlinea.com.ar\/tienda\/wp-json\/wp\/v2\/types\/product"}],"replies":[{"embeddable":true,"href":"https:\/\/rms-enlinea.com.ar\/tienda\/wp-json\/wp\/v2\/comments?post=54454"}],"wp:featuredmedia":[{"embeddable":true,"href":"https:\/\/rms-enlinea.com.ar\/tienda\/wp-json\/wp\/v2\/media\/10348"}],"wp:attachment":[{"href":"https:\/\/rms-enlinea.com.ar\/tienda\/wp-json\/wp\/v2\/media?parent=54454"}],"wp:term":[{"taxonomy":"product_brand","embeddable":true,"href":"https:\/\/rms-enlinea.com.ar\/tienda\/wp-json\/wp\/v2\/product_brand?post=54454"},{"taxonomy":"product_cat","embeddable":true,"href":"https:\/\/rms-enlinea.com.ar\/tienda\/wp-json\/wp\/v2\/product_cat?post=54454"},{"taxonomy":"product_tag","embeddable":true,"href":"https:\/\/rms-enlinea.com.ar\/tienda\/wp-json\/wp\/v2\/product_tag?post=54454"}],"curies":[{"name":"wp","href":"https:\/\/api.w.org\/{rel}","templated":true}]}}