{"id":54459,"date":"2025-08-20T16:11:27","date_gmt":"2025-08-20T19:11:27","guid":{"rendered":"https:\/\/rms-enlinea.com.ar\/tienda\/producto\/mouse-logitech-m185-usb-inalambrico-1000dpi-optico-rojo\/"},"modified":"2026-04-21T05:06:15","modified_gmt":"2026-04-21T08:06:15","slug":"mouse-logitech-m185-usb-inalambrico-1000dpi-optico-rojo","status":"publish","type":"product","link":"https:\/\/rms-enlinea.com.ar\/tienda\/producto\/mouse-logitech-m185-usb-inalambrico-1000dpi-optico-rojo\/","title":{"rendered":"Mouse Logitech M185 Usb Inalambrico 1000dpi Optico Rojo"},"content":{"rendered":"<p>Mouse<br \/>Altura: 99 mm<\/p>\n<p>Ancho: 60 mm<\/p>\n<p>Profundidad: 39 mm<\/p>\n<p>Peso (con bater\u00edas): 75,2 g<\/p>\n<p>Tecnolog\u00eda de sensor<br \/>Seguimiento \u00f3ptico uniforme<\/p>\n<p>DPI (m\u00edn.\/m\u00e1x.) 1000\u00b1<\/p>\n<p>Botones<br \/>N\u00famero de botones: 3 (click izquierdo\/derecho, click de bot\u00f3n central)<\/p>\n<p>Desplazamiento<br \/>Desplazamiento l\u00ednea a l\u00ednea<\/p>\n<p>Rueda de desplazamiento: S\u00ed, 2D, \u00f3ptico<\/p>\n<p>Duraci\u00f3n de la bater\u00eda<br \/>Duraci\u00f3n de la bater\u00eda: 12 meses<\/p>\n<p>Detalles de bater\u00eda: 1 x AAA (incluida)<\/p>\n<p>Conectividad<br \/>Tipo de conexi\u00f3n: Conexi\u00f3n inal\u00e1mbrica de 2.4 GHz<\/p>\n<p>Radio de acci\u00f3n inal\u00e1mbrico: 10 m<\/p>\n<p>Conexi\u00f3n \/ Encendido: S\u00ed, interruptor de encendido\/apagadoMouse<br \/>Altura: 99 mm<\/p>\n<p>Ancho: 60 mm<\/p>\n<p>Profundidad: 39 mm<\/p>\n<p>Peso (con bater\u00edas): 75,2 g<\/p>\n<p>Tecnolog\u00eda de sensor<br \/>Seguimiento \u00f3ptico uniforme<\/p>\n<p>DPI (m\u00edn.\/m\u00e1x.) 1000\u00b1<\/p>\n<p>Botones<br \/>N\u00famero de botones: 3 (click izquierdo\/derecho, click de bot\u00f3n central)<\/p>\n<p>Desplazamiento<br \/>Desplazamiento l\u00ednea a l\u00ednea<\/p>\n<p>Rueda de desplazamiento: S\u00ed, 2D, \u00f3ptico<\/p>\n<p>Duraci\u00f3n de la bater\u00eda<br \/>Duraci\u00f3n de la bater\u00eda: 12 meses<\/p>\n<p>Detalles de bater\u00eda: 1 x AAA (incluida)<\/p>\n<p>Conectividad<br \/>Tipo de conexi\u00f3n: Conexi\u00f3n inal\u00e1mbrica de 2.4 GHz<\/p>\n<p>Radio de acci\u00f3n inal\u00e1mbrico: 10 m<\/p>\n<p>Conexi\u00f3n \/ Encendido: S\u00ed, interruptor de encendido\/apagado<\/p>\n","protected":false},"excerpt":{"rendered":"<p>MouseAltura: 99 mm Ancho: 60 mm Profundidad: 39 mm Peso (con bater\u00edas): 75,2 g Tecnolog\u00eda de sensorSeguimiento \u00f3ptico uniforme DPI (m\u00edn.\/m\u00e1x.) 1000\u00b1 BotonesN\u00famero de botones: 3 (click izquierdo\/derecho, click de bot\u00f3n central) DesplazamientoDesplazamiento l\u00ednea a l\u00ednea Rueda de desplazamiento: S\u00ed, 2D, \u00f3ptico Duraci\u00f3n de la bater\u00edaDuraci\u00f3n de la bater\u00eda: 12 meses Detalles de bater\u00eda: 1 [&hellip;]<\/p>\n","protected":false},"featured_media":54460,"comment_status":"open","ping_status":"closed","template":"","meta":{"_uag_custom_page_level_css":""},"product_brand":[549],"product_cat":[125],"product_tag":[],"class_list":{"0":"post-54459","1":"product","2":"type-product","3":"status-publish","4":"has-post-thumbnail","6":"product_brand-logitech","7":"product_cat-teclados-y-mouses","9":"first","10":"outofstock","11":"sale","12":"taxable","13":"shipping-taxable","14":"purchasable","15":"product-type-simple"},"uagb_featured_image_src":{"full":["https:\/\/rms-enlinea.com.ar\/wp-content\/uploads\/2025\/08\/D_650690-MLA90558406199_082025-F.jpg",868,1200,false],"thumbnail":["https:\/\/rms-enlinea.com.ar\/wp-content\/uploads\/2025\/08\/D_650690-MLA90558406199_082025-F-150x150.jpg",150,150,true],"medium":["https:\/\/rms-enlinea.com.ar\/wp-content\/uploads\/2025\/08\/D_650690-MLA90558406199_082025-F-217x300.jpg",217,300,true],"medium_large":["https:\/\/rms-enlinea.com.ar\/wp-content\/uploads\/2025\/08\/D_650690-MLA90558406199_082025-F-768x1062.jpg",768,1062,true],"large":["https:\/\/rms-enlinea.com.ar\/wp-content\/uploads\/2025\/08\/D_650690-MLA90558406199_082025-F-741x1024.jpg",741,1024,true],"1536x1536":["https:\/\/rms-enlinea.com.ar\/wp-content\/uploads\/2025\/08\/D_650690-MLA90558406199_082025-F.jpg",868,1200,false],"2048x2048":["https:\/\/rms-enlinea.com.ar\/wp-content\/uploads\/2025\/08\/D_650690-MLA90558406199_082025-F.jpg",868,1200,false],"woocommerce_thumbnail":["https:\/\/rms-enlinea.com.ar\/wp-content\/uploads\/2025\/08\/D_650690-MLA90558406199_082025-F-450x450.jpg",450,450,true],"woocommerce_single":["https:\/\/rms-enlinea.com.ar\/wp-content\/uploads\/2025\/08\/D_650690-MLA90558406199_082025-F-600x829.jpg",600,829,true],"woocommerce_gallery_thumbnail":["https:\/\/rms-enlinea.com.ar\/wp-content\/uploads\/2025\/08\/D_650690-MLA90558406199_082025-F-100x100.jpg",100,100,true]},"uagb_author_info":{"display_name":"nelson","author_link":"https:\/\/rms-enlinea.com.ar\/tienda\/author\/"},"uagb_comment_info":0,"uagb_excerpt":"MouseAltura: 99 mm Ancho: 60 mm Profundidad: 39 mm Peso (con bater\u00edas): 75,2 g Tecnolog\u00eda de sensorSeguimiento \u00f3ptico uniforme DPI (m\u00edn.\/m\u00e1x.) 1000\u00b1 BotonesN\u00famero de botones: 3 (click izquierdo\/derecho, click de bot\u00f3n central) DesplazamientoDesplazamiento l\u00ednea a l\u00ednea Rueda de desplazamiento: S\u00ed, 2D, \u00f3ptico Duraci\u00f3n de la bater\u00edaDuraci\u00f3n de la bater\u00eda: 12 meses Detalles de bater\u00eda: 1&hellip;","_links":{"self":[{"href":"https:\/\/rms-enlinea.com.ar\/tienda\/wp-json\/wp\/v2\/product\/54459","targetHints":{"allow":["GET"]}}],"collection":[{"href":"https:\/\/rms-enlinea.com.ar\/tienda\/wp-json\/wp\/v2\/product"}],"about":[{"href":"https:\/\/rms-enlinea.com.ar\/tienda\/wp-json\/wp\/v2\/types\/product"}],"replies":[{"embeddable":true,"href":"https:\/\/rms-enlinea.com.ar\/tienda\/wp-json\/wp\/v2\/comments?post=54459"}],"wp:featuredmedia":[{"embeddable":true,"href":"https:\/\/rms-enlinea.com.ar\/tienda\/wp-json\/wp\/v2\/media\/54460"}],"wp:attachment":[{"href":"https:\/\/rms-enlinea.com.ar\/tienda\/wp-json\/wp\/v2\/media?parent=54459"}],"wp:term":[{"taxonomy":"product_brand","embeddable":true,"href":"https:\/\/rms-enlinea.com.ar\/tienda\/wp-json\/wp\/v2\/product_brand?post=54459"},{"taxonomy":"product_cat","embeddable":true,"href":"https:\/\/rms-enlinea.com.ar\/tienda\/wp-json\/wp\/v2\/product_cat?post=54459"},{"taxonomy":"product_tag","embeddable":true,"href":"https:\/\/rms-enlinea.com.ar\/tienda\/wp-json\/wp\/v2\/product_tag?post=54459"}],"curies":[{"name":"wp","href":"https:\/\/api.w.org\/{rel}","templated":true}]}}