{"id":54646,"date":"2025-08-22T02:14:47","date_gmt":"2025-08-22T05:14:47","guid":{"rendered":"https:\/\/rms-enlinea.com.ar\/tienda\/producto\/teclado-inalambrico-logitech-mx-keys-s-color-grafito-espanol\/"},"modified":"2026-04-21T05:28:17","modified_gmt":"2026-04-21T08:28:17","slug":"teclado-inalambrico-logitech-mx-keys-s-color-grafito-espanol","status":"publish","type":"product","link":"https:\/\/rms-enlinea.com.ar\/tienda\/producto\/teclado-inalambrico-logitech-mx-keys-s-color-grafito-espanol\/","title":{"rendered":"Teclado Inalambrico Logitech Mx Keys S Color Grafito Espa\u00f1ol"},"content":{"rendered":"<p>Dimensiones<\/p>\n<p>Teclado MX Keys S<br \/>Altura: 131,63 mm<br \/>Anchura: 430,2 mm<br \/>Profundidad: 20,5 mm<br \/>Peso: 810 g<br \/>Receptor USB Logi Bolt<br \/>Altura: 6,11 mm<br \/>Anchura: 14,4 mm<br \/>Profundidad: 18,65 mm<br \/>Peso: 1,68 g<br \/>Especificaciones t\u00e9cnicas<\/p>\n<p>MX Keys S<br \/>Bater\u00eda recargable Li-Po (1500 mAh)<br \/>Una carga completa dura hasta 10 d\u00edas con ajustes predefinidos o hasta 5 meses con la retroiluminaci\u00f3n desactivada ?<br \/>Con\u00e9ctese mediante tecnolog\u00eda Bluetooth de bajo consumo o el receptor USB Logi Bolt ?<br \/>Teclas de cambio f\u00e1cil para conectar hasta tres dispositivos y alternar entre ellos con solo pulsar un bot\u00f3n<br \/>Sensores de proximidad de las manos que activan la retroiluminaci\u00f3n<br \/>Sensores de luz ambiental que ajustan el brillo de la retroiluminaci\u00f3n<br \/>Recargable por USB-C. Una carga completa dura 10 d\u00edas (o hasta 5 meses con la retroiluminaci\u00f3n desactivada ?<br \/>Conmutador de encendido\/apagado<br \/>Indicadores luminosos de bloqueo de may\u00fasculas y carga de bater\u00eda<br \/>Compatible con mouse preparado para Logitech Flow<br \/>Radio de acci\u00f3n inal\u00e1mbrico de 10 metros ?<\/p>\n","protected":false},"excerpt":{"rendered":"<p>Dimensiones Teclado MX Keys SAltura: 131,63 mmAnchura: 430,2 mmProfundidad: 20,5 mmPeso: 810 gReceptor USB Logi BoltAltura: 6,11 mmAnchura: 14,4 mmProfundidad: 18,65 mmPeso: 1,68 gEspecificaciones t\u00e9cnicas MX Keys SBater\u00eda recargable Li-Po (1500 mAh)Una carga completa dura hasta 10 d\u00edas con ajustes predefinidos o hasta 5 meses con la retroiluminaci\u00f3n desactivada ?Con\u00e9ctese mediante tecnolog\u00eda Bluetooth de bajo [&hellip;]<\/p>\n","protected":false},"featured_media":54647,"comment_status":"open","ping_status":"closed","template":"","meta":{"_uag_custom_page_level_css":""},"product_brand":[549],"product_cat":[125],"product_tag":[],"class_list":{"0":"post-54646","1":"product","2":"type-product","3":"status-publish","4":"has-post-thumbnail","6":"product_brand-logitech","7":"product_cat-teclados-y-mouses","9":"first","10":"outofstock","11":"sale","12":"taxable","13":"shipping-taxable","14":"purchasable","15":"product-type-simple"},"uagb_featured_image_src":{"full":["https:\/\/rms-enlinea.com.ar\/wp-content\/uploads\/2025\/08\/D_791850-MLA90222717463_082025-F.jpg",1200,369,false],"thumbnail":["https:\/\/rms-enlinea.com.ar\/wp-content\/uploads\/2025\/08\/D_791850-MLA90222717463_082025-F-150x150.jpg",150,150,true],"medium":["https:\/\/rms-enlinea.com.ar\/wp-content\/uploads\/2025\/08\/D_791850-MLA90222717463_082025-F-300x92.jpg",300,92,true],"medium_large":["https:\/\/rms-enlinea.com.ar\/wp-content\/uploads\/2025\/08\/D_791850-MLA90222717463_082025-F-768x236.jpg",768,236,true],"large":["https:\/\/rms-enlinea.com.ar\/wp-content\/uploads\/2025\/08\/D_791850-MLA90222717463_082025-F-1024x315.jpg",1024,315,true],"1536x1536":["https:\/\/rms-enlinea.com.ar\/wp-content\/uploads\/2025\/08\/D_791850-MLA90222717463_082025-F.jpg",1200,369,false],"2048x2048":["https:\/\/rms-enlinea.com.ar\/wp-content\/uploads\/2025\/08\/D_791850-MLA90222717463_082025-F.jpg",1200,369,false],"woocommerce_thumbnail":["https:\/\/rms-enlinea.com.ar\/wp-content\/uploads\/2025\/08\/D_791850-MLA90222717463_082025-F-450x369.jpg",450,369,true],"woocommerce_single":["https:\/\/rms-enlinea.com.ar\/wp-content\/uploads\/2025\/08\/D_791850-MLA90222717463_082025-F-600x185.jpg",600,185,true],"woocommerce_gallery_thumbnail":["https:\/\/rms-enlinea.com.ar\/wp-content\/uploads\/2025\/08\/D_791850-MLA90222717463_082025-F-100x100.jpg",100,100,true]},"uagb_author_info":{"display_name":"nelson","author_link":"https:\/\/rms-enlinea.com.ar\/tienda\/author\/"},"uagb_comment_info":0,"uagb_excerpt":"Dimensiones Teclado MX Keys SAltura: 131,63 mmAnchura: 430,2 mmProfundidad: 20,5 mmPeso: 810 gReceptor USB Logi BoltAltura: 6,11 mmAnchura: 14,4 mmProfundidad: 18,65 mmPeso: 1,68 gEspecificaciones t\u00e9cnicas MX Keys SBater\u00eda recargable Li-Po (1500 mAh)Una carga completa dura hasta 10 d\u00edas con ajustes predefinidos o hasta 5 meses con la retroiluminaci\u00f3n desactivada ?Con\u00e9ctese mediante tecnolog\u00eda Bluetooth de bajo&hellip;","_links":{"self":[{"href":"https:\/\/rms-enlinea.com.ar\/tienda\/wp-json\/wp\/v2\/product\/54646","targetHints":{"allow":["GET"]}}],"collection":[{"href":"https:\/\/rms-enlinea.com.ar\/tienda\/wp-json\/wp\/v2\/product"}],"about":[{"href":"https:\/\/rms-enlinea.com.ar\/tienda\/wp-json\/wp\/v2\/types\/product"}],"replies":[{"embeddable":true,"href":"https:\/\/rms-enlinea.com.ar\/tienda\/wp-json\/wp\/v2\/comments?post=54646"}],"wp:featuredmedia":[{"embeddable":true,"href":"https:\/\/rms-enlinea.com.ar\/tienda\/wp-json\/wp\/v2\/media\/54647"}],"wp:attachment":[{"href":"https:\/\/rms-enlinea.com.ar\/tienda\/wp-json\/wp\/v2\/media?parent=54646"}],"wp:term":[{"taxonomy":"product_brand","embeddable":true,"href":"https:\/\/rms-enlinea.com.ar\/tienda\/wp-json\/wp\/v2\/product_brand?post=54646"},{"taxonomy":"product_cat","embeddable":true,"href":"https:\/\/rms-enlinea.com.ar\/tienda\/wp-json\/wp\/v2\/product_cat?post=54646"},{"taxonomy":"product_tag","embeddable":true,"href":"https:\/\/rms-enlinea.com.ar\/tienda\/wp-json\/wp\/v2\/product_tag?post=54646"}],"curies":[{"name":"wp","href":"https:\/\/api.w.org\/{rel}","templated":true}]}}