{"id":5471,"date":"2025-06-12T03:40:15","date_gmt":"2025-06-12T06:40:15","guid":{"rendered":"https:\/\/rms-enlinea.com.ar\/tienda\/producto\/procesador-amd-ryzen-9-7900x-am5-12-nucleos-64mb-cache\/"},"modified":"2026-04-06T15:01:01","modified_gmt":"2026-04-06T18:01:01","slug":"procesador-amd-ryzen-9-7900x-am5-12-nucleos-64mb-cache","status":"publish","type":"product","link":"https:\/\/rms-enlinea.com.ar\/tienda\/producto\/procesador-amd-ryzen-9-7900x-am5-12-nucleos-64mb-cache\/","title":{"rendered":"Procesador Amd Ryzen 9 7900x Am5 12 Nucleos 64mb Cache"},"content":{"rendered":"<p>TDP\/TDP predeterminado<\/p>\n<p>170W<br \/>\nPaquete<\/p>\n<p>AM5<br \/>\nSoluci\u00f3n t\u00e9rmica<\/p>\n<p>Not included<br \/>\nn\u00facleos<\/p>\n<p>12<br \/>\nReloj base<\/p>\n<p>4.7GHz<br \/>\nTemp. m\u00e1x<\/p>\n<p>95\u00b0C<br \/>\nsubprocesos<\/p>\n<p>24<br \/>\nReloj de aumento m\u00e1x<\/p>\n<p>Hasta 5.6GHz<br \/>\nModelo de gr\u00e1ficos<\/p>\n<p>AMD Radeon Graphics<br \/>\nCach\u00e9 L3 total<\/p>\n<p>64MB<\/p>\n","protected":false},"excerpt":{"rendered":"<p>TDP\/TDP predeterminado 170W Paquete AM5 Soluci\u00f3n t\u00e9rmica Not included n\u00facleos 12 Reloj base 4.7GHz Temp. m\u00e1x 95\u00b0C subprocesos 24 Reloj de aumento m\u00e1x Hasta 5.6GHz Modelo de gr\u00e1ficos AMD Radeon Graphics Cach\u00e9 L3 total 64MB<\/p>\n","protected":false},"featured_media":2811,"comment_status":"open","ping_status":"closed","template":"","meta":{"_uag_custom_page_level_css":""},"product_brand":[531],"product_cat":[121],"product_tag":[],"class_list":{"0":"post-5471","1":"product","2":"type-product","3":"status-publish","4":"has-post-thumbnail","6":"product_brand-amd","7":"product_cat-procesadores-computacion","9":"first","10":"instock","11":"sale","12":"taxable","13":"shipping-taxable","14":"purchasable","15":"product-type-simple"},"uagb_featured_image_src":{"full":["https:\/\/rms-enlinea.com.ar\/wp-content\/uploads\/2025\/06\/D_827661-MLA52069129277_102022-F.jpg",942,906,false],"thumbnail":["https:\/\/rms-enlinea.com.ar\/wp-content\/uploads\/2025\/06\/D_827661-MLA52069129277_102022-F-150x150.jpg",150,150,true],"medium":["https:\/\/rms-enlinea.com.ar\/wp-content\/uploads\/2025\/06\/D_827661-MLA52069129277_102022-F-300x289.jpg",300,289,true],"medium_large":["https:\/\/rms-enlinea.com.ar\/wp-content\/uploads\/2025\/06\/D_827661-MLA52069129277_102022-F-768x739.jpg",768,739,true],"large":["https:\/\/rms-enlinea.com.ar\/wp-content\/uploads\/2025\/06\/D_827661-MLA52069129277_102022-F.jpg",942,906,false],"1536x1536":["https:\/\/rms-enlinea.com.ar\/wp-content\/uploads\/2025\/06\/D_827661-MLA52069129277_102022-F.jpg",942,906,false],"2048x2048":["https:\/\/rms-enlinea.com.ar\/wp-content\/uploads\/2025\/06\/D_827661-MLA52069129277_102022-F.jpg",942,906,false],"woocommerce_thumbnail":["https:\/\/rms-enlinea.com.ar\/wp-content\/uploads\/2025\/06\/D_827661-MLA52069129277_102022-F-450x450.jpg",450,450,true],"woocommerce_single":["https:\/\/rms-enlinea.com.ar\/wp-content\/uploads\/2025\/06\/D_827661-MLA52069129277_102022-F-600x577.jpg",600,577,true],"woocommerce_gallery_thumbnail":["https:\/\/rms-enlinea.com.ar\/wp-content\/uploads\/2025\/06\/D_827661-MLA52069129277_102022-F-100x100.jpg",100,100,true]},"uagb_author_info":{"display_name":"l0071054","author_link":"https:\/\/rms-enlinea.com.ar\/tienda\/author\/"},"uagb_comment_info":0,"uagb_excerpt":"TDP\/TDP predeterminado 170W Paquete AM5 Soluci\u00f3n t\u00e9rmica Not included n\u00facleos 12 Reloj base 4.7GHz Temp. m\u00e1x 95\u00b0C subprocesos 24 Reloj de aumento m\u00e1x Hasta 5.6GHz Modelo de gr\u00e1ficos AMD Radeon Graphics Cach\u00e9 L3 total 64MB","_links":{"self":[{"href":"https:\/\/rms-enlinea.com.ar\/tienda\/wp-json\/wp\/v2\/product\/5471","targetHints":{"allow":["GET"]}}],"collection":[{"href":"https:\/\/rms-enlinea.com.ar\/tienda\/wp-json\/wp\/v2\/product"}],"about":[{"href":"https:\/\/rms-enlinea.com.ar\/tienda\/wp-json\/wp\/v2\/types\/product"}],"replies":[{"embeddable":true,"href":"https:\/\/rms-enlinea.com.ar\/tienda\/wp-json\/wp\/v2\/comments?post=5471"}],"wp:featuredmedia":[{"embeddable":true,"href":"https:\/\/rms-enlinea.com.ar\/tienda\/wp-json\/wp\/v2\/media\/2811"}],"wp:attachment":[{"href":"https:\/\/rms-enlinea.com.ar\/tienda\/wp-json\/wp\/v2\/media?parent=5471"}],"wp:term":[{"taxonomy":"product_brand","embeddable":true,"href":"https:\/\/rms-enlinea.com.ar\/tienda\/wp-json\/wp\/v2\/product_brand?post=5471"},{"taxonomy":"product_cat","embeddable":true,"href":"https:\/\/rms-enlinea.com.ar\/tienda\/wp-json\/wp\/v2\/product_cat?post=5471"},{"taxonomy":"product_tag","embeddable":true,"href":"https:\/\/rms-enlinea.com.ar\/tienda\/wp-json\/wp\/v2\/product_tag?post=5471"}],"curies":[{"name":"wp","href":"https:\/\/api.w.org\/{rel}","templated":true}]}}