{"id":54839,"date":"2025-08-22T16:58:32","date_gmt":"2025-08-22T19:58:32","guid":{"rendered":"https:\/\/rms-enlinea.com.ar\/tienda\/producto\/fuente-gamer-gigabyte-gp-ud850gm-850w-80-plus-gold\/"},"modified":"2026-04-06T12:12:59","modified_gmt":"2026-04-06T15:12:59","slug":"fuente-gamer-gigabyte-gp-ud850gm-850w-80-plus-gold","status":"publish","type":"product","link":"https:\/\/rms-enlinea.com.ar\/tienda\/producto\/fuente-gamer-gigabyte-gp-ud850gm-850w-80-plus-gold\/","title":{"rendered":"Fuente Gamer Gigabyte Gp-ud850gm 850w 80 Plus Gold"},"content":{"rendered":"<p>Voltaje<\/p>\n<p>220V<br \/>Con iluminaci\u00f3n RGB<\/p>\n<p>No<br \/>Con protecci\u00f3n de bajo voltaje<\/p>\n<p>S\u00ed<br \/>Marca de la fuente<\/p>\n<p>Gigabyte<br \/>Tipo de fuente de alimentaci\u00f3n para PC<\/p>\n<p>ATX<br \/>Certificaci\u00f3n de eficiencia<\/p>\n<p>80 Plus Gold<br \/>Di\u00e1metro del ventilador<\/p>\n<p>120 mm<br \/>Cantidad de conectores floppy<\/p>\n<p>1<br \/>Cantidad de conectores HDD<\/p>\n<p>3<br \/>Condici\u00f3n del \u00edtem<\/p>\n<p>Nuevo<br \/>Cantidad de conectores SATA<\/p>\n<p>8<br \/>L\u00ednea<\/p>\n<p>Full Modular<br \/>Modelo de la fuente<\/p>\n<p>GP-UD850GM PG5<br \/>Cantidad de conectores PCI-E<\/p>\n<p>4<br \/>Potencia de salida<\/p>\n<p>850 W<br \/>Tipo de refrigeraci\u00f3n<\/p>\n<p>Por aire<\/p>\n","protected":false},"excerpt":{"rendered":"<p>Voltaje 220VCon iluminaci\u00f3n RGB NoCon protecci\u00f3n de bajo voltaje S\u00edMarca de la fuente GigabyteTipo de fuente de alimentaci\u00f3n para PC ATXCertificaci\u00f3n de eficiencia 80 Plus GoldDi\u00e1metro del ventilador 120 mmCantidad de conectores floppy 1Cantidad de conectores HDD 3Condici\u00f3n del \u00edtem NuevoCantidad de conectores SATA 8L\u00ednea Full ModularModelo de la fuente GP-UD850GM PG5Cantidad de conectores PCI-E [&hellip;]<\/p>\n","protected":false},"featured_media":54840,"comment_status":"open","ping_status":"closed","template":"","meta":{"_uag_custom_page_level_css":""},"product_brand":[532],"product_cat":[108],"product_tag":[],"class_list":{"0":"post-54839","1":"product","2":"type-product","3":"status-publish","4":"has-post-thumbnail","6":"product_brand-gigabyte","7":"product_cat-fuentes-y-cargadores","9":"first","10":"outofstock","11":"sale","12":"taxable","13":"shipping-taxable","14":"purchasable","15":"product-type-simple"},"uagb_featured_image_src":{"full":["https:\/\/rms-enlinea.com.ar\/wp-content\/uploads\/2025\/08\/D_904007-MLA90311575576_082025-F.jpg",1198,792,false],"thumbnail":["https:\/\/rms-enlinea.com.ar\/wp-content\/uploads\/2025\/08\/D_904007-MLA90311575576_082025-F-150x150.jpg",150,150,true],"medium":["https:\/\/rms-enlinea.com.ar\/wp-content\/uploads\/2025\/08\/D_904007-MLA90311575576_082025-F-300x198.jpg",300,198,true],"medium_large":["https:\/\/rms-enlinea.com.ar\/wp-content\/uploads\/2025\/08\/D_904007-MLA90311575576_082025-F-768x508.jpg",768,508,true],"large":["https:\/\/rms-enlinea.com.ar\/wp-content\/uploads\/2025\/08\/D_904007-MLA90311575576_082025-F-1024x677.jpg",1024,677,true],"1536x1536":["https:\/\/rms-enlinea.com.ar\/wp-content\/uploads\/2025\/08\/D_904007-MLA90311575576_082025-F.jpg",1198,792,false],"2048x2048":["https:\/\/rms-enlinea.com.ar\/wp-content\/uploads\/2025\/08\/D_904007-MLA90311575576_082025-F.jpg",1198,792,false],"woocommerce_thumbnail":["https:\/\/rms-enlinea.com.ar\/wp-content\/uploads\/2025\/08\/D_904007-MLA90311575576_082025-F-450x450.jpg",450,450,true],"woocommerce_single":["https:\/\/rms-enlinea.com.ar\/wp-content\/uploads\/2025\/08\/D_904007-MLA90311575576_082025-F-600x397.jpg",600,397,true],"woocommerce_gallery_thumbnail":["https:\/\/rms-enlinea.com.ar\/wp-content\/uploads\/2025\/08\/D_904007-MLA90311575576_082025-F-100x100.jpg",100,100,true]},"uagb_author_info":{"display_name":"mario","author_link":"https:\/\/rms-enlinea.com.ar\/tienda\/author\/"},"uagb_comment_info":0,"uagb_excerpt":"Voltaje 220VCon iluminaci\u00f3n RGB NoCon protecci\u00f3n de bajo voltaje S\u00edMarca de la fuente GigabyteTipo de fuente de alimentaci\u00f3n para PC ATXCertificaci\u00f3n de eficiencia 80 Plus GoldDi\u00e1metro del ventilador 120 mmCantidad de conectores floppy 1Cantidad de conectores HDD 3Condici\u00f3n del \u00edtem NuevoCantidad de conectores SATA 8L\u00ednea Full ModularModelo de la fuente GP-UD850GM PG5Cantidad de conectores PCI-E&hellip;","_links":{"self":[{"href":"https:\/\/rms-enlinea.com.ar\/tienda\/wp-json\/wp\/v2\/product\/54839","targetHints":{"allow":["GET"]}}],"collection":[{"href":"https:\/\/rms-enlinea.com.ar\/tienda\/wp-json\/wp\/v2\/product"}],"about":[{"href":"https:\/\/rms-enlinea.com.ar\/tienda\/wp-json\/wp\/v2\/types\/product"}],"replies":[{"embeddable":true,"href":"https:\/\/rms-enlinea.com.ar\/tienda\/wp-json\/wp\/v2\/comments?post=54839"}],"wp:featuredmedia":[{"embeddable":true,"href":"https:\/\/rms-enlinea.com.ar\/tienda\/wp-json\/wp\/v2\/media\/54840"}],"wp:attachment":[{"href":"https:\/\/rms-enlinea.com.ar\/tienda\/wp-json\/wp\/v2\/media?parent=54839"}],"wp:term":[{"taxonomy":"product_brand","embeddable":true,"href":"https:\/\/rms-enlinea.com.ar\/tienda\/wp-json\/wp\/v2\/product_brand?post=54839"},{"taxonomy":"product_cat","embeddable":true,"href":"https:\/\/rms-enlinea.com.ar\/tienda\/wp-json\/wp\/v2\/product_cat?post=54839"},{"taxonomy":"product_tag","embeddable":true,"href":"https:\/\/rms-enlinea.com.ar\/tienda\/wp-json\/wp\/v2\/product_tag?post=54839"}],"curies":[{"name":"wp","href":"https:\/\/api.w.org\/{rel}","templated":true}]}}