{"id":54860,"date":"2025-08-22T17:40:36","date_gmt":"2025-08-22T20:40:36","guid":{"rendered":"https:\/\/rms-enlinea.com.ar\/tienda\/producto\/router-tp-link-ex222-ax1800-wifi-6-wisp-aginet-dual-band\/"},"modified":"2026-04-06T12:01:05","modified_gmt":"2026-04-06T15:01:05","slug":"router-tp-link-ex222-ax1800-wifi-6-wisp-aginet-dual-band","status":"publish","type":"product","link":"https:\/\/rms-enlinea.com.ar\/tienda\/producto\/router-tp-link-ex222-ax1800-wifi-6-wisp-aginet-dual-band\/","title":{"rendered":"Router Tp-link Ex222 Ax1800 Wifi 6 Wisp Aginet Dual Band"},"content":{"rendered":"<p>CARACTER\u00cdSTICAS DE HARDWARE <br \/>Interfaz\t1\u00d7 10\/100\/1000 Mbps RJ45 WAN Port<br \/> \t3\u00d7 10\/100\/1000 Mbps RJ45 LAN Ports<br \/>Botones\tReset Button, WPS\/Wi-Fi Button<br \/>Fuente de Alimentaci\u00f3n Externa\t12V\/1A<br \/>Dimensiones\t7.2 \u00d7 3.7 \u00d7 1.3 in (182.7 \u00d7 94 \u00d7 33.3 mm)<br \/>Tipo de Antena\tFour External Antennas<br \/>CARACTER\u00cdSTICAS INAL\u00c1MBRICAS <br \/>Est\u00e1ndares Inal\u00e1mbricos\tIEEE 802.11ax\/ac\/n\/a 5 GHz, IEEE 802.11n\/g\/b 2.4 GHz<br \/>Frecuencia\t2.4 GHz and 5 GHz<br \/>Tasa de Se\u00f1al\tAX1800<br \/> \t5 GHz: Up to 1201 Mbps (HE80)<br \/> \t2.4 GHz: Up to 574 Mbps (HE40)*<br \/>Funciones Inal\u00e1mbricas\tEnable\/Disable Wireless Radio, WMM, Wireless Statistics, Band Steering<br \/>Seguridad Inal\u00e1mbrica\tWPA\/WPA2\/WPA3 Encryptions<br \/>Potencia de Transmisi\u00f3n\tCE:<br \/>Planificador de Red Inal\u00e1mbrica\tSupport 2.4 GHz and 5 GHz Wireless Schedule<br \/>Tecnolog\u00eda Mesh\tEasyMesh Compatible, and support 802.11k\/v\/r<\/p>\n","protected":false},"excerpt":{"rendered":"<p>CARACTER\u00cdSTICAS DE HARDWARE Interfaz 1\u00d7 10\/100\/1000 Mbps RJ45 WAN Port 3\u00d7 10\/100\/1000 Mbps RJ45 LAN PortsBotones Reset Button, WPS\/Wi-Fi ButtonFuente de Alimentaci\u00f3n Externa 12V\/1ADimensiones 7.2 \u00d7 3.7 \u00d7 1.3 in (182.7 \u00d7 94 \u00d7 33.3 mm)Tipo de Antena Four External AntennasCARACTER\u00cdSTICAS INAL\u00c1MBRICAS Est\u00e1ndares Inal\u00e1mbricos IEEE 802.11ax\/ac\/n\/a 5 GHz, IEEE 802.11n\/g\/b 2.4 GHzFrecuencia 2.4 GHz and [&hellip;]<\/p>\n","protected":false},"featured_media":7006,"comment_status":"open","ping_status":"closed","template":"","meta":{"_uag_custom_page_level_css":""},"product_brand":[546],"product_cat":[122],"product_tag":[],"class_list":{"0":"post-54860","1":"product","2":"type-product","3":"status-publish","4":"has-post-thumbnail","6":"product_brand-tplink","7":"product_cat-redes-y-conectividad","9":"first","10":"outofstock","11":"sale","12":"taxable","13":"shipping-taxable","14":"purchasable","15":"product-type-simple"},"uagb_featured_image_src":{"full":["https:\/\/rms-enlinea.com.ar\/wp-content\/uploads\/2025\/06\/D_656248-MLA84548330943_052025-F.jpg",873,684,false],"thumbnail":["https:\/\/rms-enlinea.com.ar\/wp-content\/uploads\/2025\/06\/D_656248-MLA84548330943_052025-F-150x150.jpg",150,150,true],"medium":["https:\/\/rms-enlinea.com.ar\/wp-content\/uploads\/2025\/06\/D_656248-MLA84548330943_052025-F-300x235.jpg",300,235,true],"medium_large":["https:\/\/rms-enlinea.com.ar\/wp-content\/uploads\/2025\/06\/D_656248-MLA84548330943_052025-F-768x602.jpg",768,602,true],"large":["https:\/\/rms-enlinea.com.ar\/wp-content\/uploads\/2025\/06\/D_656248-MLA84548330943_052025-F.jpg",873,684,false],"1536x1536":["https:\/\/rms-enlinea.com.ar\/wp-content\/uploads\/2025\/06\/D_656248-MLA84548330943_052025-F.jpg",873,684,false],"2048x2048":["https:\/\/rms-enlinea.com.ar\/wp-content\/uploads\/2025\/06\/D_656248-MLA84548330943_052025-F.jpg",873,684,false],"woocommerce_thumbnail":["https:\/\/rms-enlinea.com.ar\/wp-content\/uploads\/2025\/06\/D_656248-MLA84548330943_052025-F-450x450.jpg",450,450,true],"woocommerce_single":["https:\/\/rms-enlinea.com.ar\/wp-content\/uploads\/2025\/06\/D_656248-MLA84548330943_052025-F-600x470.jpg",600,470,true],"woocommerce_gallery_thumbnail":["https:\/\/rms-enlinea.com.ar\/wp-content\/uploads\/2025\/06\/D_656248-MLA84548330943_052025-F-100x100.jpg",100,100,true]},"uagb_author_info":{"display_name":"nelson","author_link":"https:\/\/rms-enlinea.com.ar\/tienda\/author\/"},"uagb_comment_info":0,"uagb_excerpt":"CARACTER\u00cdSTICAS DE HARDWARE Interfaz 1\u00d7 10\/100\/1000 Mbps RJ45 WAN Port 3\u00d7 10\/100\/1000 Mbps RJ45 LAN PortsBotones Reset Button, WPS\/Wi-Fi ButtonFuente de Alimentaci\u00f3n Externa 12V\/1ADimensiones 7.2 \u00d7 3.7 \u00d7 1.3 in (182.7 \u00d7 94 \u00d7 33.3 mm)Tipo de Antena Four External AntennasCARACTER\u00cdSTICAS INAL\u00c1MBRICAS Est\u00e1ndares Inal\u00e1mbricos IEEE 802.11ax\/ac\/n\/a 5 GHz, IEEE 802.11n\/g\/b 2.4 GHzFrecuencia 2.4 GHz and&hellip;","_links":{"self":[{"href":"https:\/\/rms-enlinea.com.ar\/tienda\/wp-json\/wp\/v2\/product\/54860","targetHints":{"allow":["GET"]}}],"collection":[{"href":"https:\/\/rms-enlinea.com.ar\/tienda\/wp-json\/wp\/v2\/product"}],"about":[{"href":"https:\/\/rms-enlinea.com.ar\/tienda\/wp-json\/wp\/v2\/types\/product"}],"replies":[{"embeddable":true,"href":"https:\/\/rms-enlinea.com.ar\/tienda\/wp-json\/wp\/v2\/comments?post=54860"}],"wp:featuredmedia":[{"embeddable":true,"href":"https:\/\/rms-enlinea.com.ar\/tienda\/wp-json\/wp\/v2\/media\/7006"}],"wp:attachment":[{"href":"https:\/\/rms-enlinea.com.ar\/tienda\/wp-json\/wp\/v2\/media?parent=54860"}],"wp:term":[{"taxonomy":"product_brand","embeddable":true,"href":"https:\/\/rms-enlinea.com.ar\/tienda\/wp-json\/wp\/v2\/product_brand?post=54860"},{"taxonomy":"product_cat","embeddable":true,"href":"https:\/\/rms-enlinea.com.ar\/tienda\/wp-json\/wp\/v2\/product_cat?post=54860"},{"taxonomy":"product_tag","embeddable":true,"href":"https:\/\/rms-enlinea.com.ar\/tienda\/wp-json\/wp\/v2\/product_tag?post=54860"}],"curies":[{"name":"wp","href":"https:\/\/api.w.org\/{rel}","templated":true}]}}