{"id":55167,"date":"2025-08-26T23:42:04","date_gmt":"2025-08-27T02:42:04","guid":{"rendered":"https:\/\/rms-enlinea.com.ar\/tienda\/producto\/teclado-gamer-mecanico-trust-callaz-tkl-esp-gxt834\/"},"modified":"2026-03-31T18:19:45","modified_gmt":"2026-03-31T21:19:45","slug":"teclado-gamer-mecanico-trust-callaz-tkl-esp-gxt834","status":"publish","type":"product","link":"https:\/\/rms-enlinea.com.ar\/tienda\/producto\/teclado-gamer-mecanico-trust-callaz-tkl-esp-gxt834\/","title":{"rendered":"Teclado Gamer Mecanico Trust Callaz Tkl Esp Gxt834"},"content":{"rendered":"<p>Switch Type<\/p>\n<p>Linear<br \/>Switch Brand<\/p>\n<p>Outemu<br \/>Marca<\/p>\n<p>Trust<br \/>Tipo de conector<\/p>\n<p>USB 2.0<br \/>C\u00f3digo universal de producto<\/p>\n<p>8713439240672<br \/>Es ergon\u00f3mica<\/p>\n<p>No<br \/>Es gamer<\/p>\n<p>S\u00ed<br \/>Condici\u00f3n del \u00edtem<\/p>\n<p>Nuevo<br \/>Arquitectura<\/p>\n<p>Mec\u00e1nico<br \/>Con recepci\u00f3n inal\u00e1mbrica<\/p>\n<p>No<br \/>modelo<\/p>\n<p>GXT834<br \/>Anti-Ghosting<\/p>\n<p>n key rollover<\/p>\n","protected":false},"excerpt":{"rendered":"<p>Switch Type LinearSwitch Brand OutemuMarca TrustTipo de conector USB 2.0C\u00f3digo universal de producto 8713439240672Es ergon\u00f3mica NoEs gamer S\u00edCondici\u00f3n del \u00edtem NuevoArquitectura Mec\u00e1nicoCon recepci\u00f3n inal\u00e1mbrica Nomodelo GXT834Anti-Ghosting n key rollover<\/p>\n","protected":false},"featured_media":55168,"comment_status":"open","ping_status":"closed","template":"","meta":{"_uag_custom_page_level_css":""},"product_brand":[542],"product_cat":[125],"product_tag":[],"class_list":{"0":"post-55167","1":"product","2":"type-product","3":"status-publish","4":"has-post-thumbnail","6":"product_brand-trustgaming","7":"product_cat-teclados-y-mouses","9":"first","10":"outofstock","11":"sale","12":"taxable","13":"shipping-taxable","14":"purchasable","15":"product-type-simple"},"uagb_featured_image_src":{"full":["https:\/\/rms-enlinea.com.ar\/wp-content\/uploads\/2025\/08\/D_974620-MLA90667956318_082025-F.jpg",1191,611,false],"thumbnail":["https:\/\/rms-enlinea.com.ar\/wp-content\/uploads\/2025\/08\/D_974620-MLA90667956318_082025-F-150x150.jpg",150,150,true],"medium":["https:\/\/rms-enlinea.com.ar\/wp-content\/uploads\/2025\/08\/D_974620-MLA90667956318_082025-F-300x154.jpg",300,154,true],"medium_large":["https:\/\/rms-enlinea.com.ar\/wp-content\/uploads\/2025\/08\/D_974620-MLA90667956318_082025-F-768x394.jpg",768,394,true],"large":["https:\/\/rms-enlinea.com.ar\/wp-content\/uploads\/2025\/08\/D_974620-MLA90667956318_082025-F-1024x525.jpg",1024,525,true],"1536x1536":["https:\/\/rms-enlinea.com.ar\/wp-content\/uploads\/2025\/08\/D_974620-MLA90667956318_082025-F.jpg",1191,611,false],"2048x2048":["https:\/\/rms-enlinea.com.ar\/wp-content\/uploads\/2025\/08\/D_974620-MLA90667956318_082025-F.jpg",1191,611,false],"woocommerce_thumbnail":["https:\/\/rms-enlinea.com.ar\/wp-content\/uploads\/2025\/08\/D_974620-MLA90667956318_082025-F-450x450.jpg",450,450,true],"woocommerce_single":["https:\/\/rms-enlinea.com.ar\/wp-content\/uploads\/2025\/08\/D_974620-MLA90667956318_082025-F-600x308.jpg",600,308,true],"woocommerce_gallery_thumbnail":["https:\/\/rms-enlinea.com.ar\/wp-content\/uploads\/2025\/08\/D_974620-MLA90667956318_082025-F-100x100.jpg",100,100,true]},"uagb_author_info":{"display_name":"nelson","author_link":"https:\/\/rms-enlinea.com.ar\/tienda\/author\/"},"uagb_comment_info":0,"uagb_excerpt":"Switch Type LinearSwitch Brand OutemuMarca TrustTipo de conector USB 2.0C\u00f3digo universal de producto 8713439240672Es ergon\u00f3mica NoEs gamer S\u00edCondici\u00f3n del \u00edtem NuevoArquitectura Mec\u00e1nicoCon recepci\u00f3n inal\u00e1mbrica Nomodelo GXT834Anti-Ghosting n key rollover","_links":{"self":[{"href":"https:\/\/rms-enlinea.com.ar\/tienda\/wp-json\/wp\/v2\/product\/55167","targetHints":{"allow":["GET"]}}],"collection":[{"href":"https:\/\/rms-enlinea.com.ar\/tienda\/wp-json\/wp\/v2\/product"}],"about":[{"href":"https:\/\/rms-enlinea.com.ar\/tienda\/wp-json\/wp\/v2\/types\/product"}],"replies":[{"embeddable":true,"href":"https:\/\/rms-enlinea.com.ar\/tienda\/wp-json\/wp\/v2\/comments?post=55167"}],"wp:featuredmedia":[{"embeddable":true,"href":"https:\/\/rms-enlinea.com.ar\/tienda\/wp-json\/wp\/v2\/media\/55168"}],"wp:attachment":[{"href":"https:\/\/rms-enlinea.com.ar\/tienda\/wp-json\/wp\/v2\/media?parent=55167"}],"wp:term":[{"taxonomy":"product_brand","embeddable":true,"href":"https:\/\/rms-enlinea.com.ar\/tienda\/wp-json\/wp\/v2\/product_brand?post=55167"},{"taxonomy":"product_cat","embeddable":true,"href":"https:\/\/rms-enlinea.com.ar\/tienda\/wp-json\/wp\/v2\/product_cat?post=55167"},{"taxonomy":"product_tag","embeddable":true,"href":"https:\/\/rms-enlinea.com.ar\/tienda\/wp-json\/wp\/v2\/product_tag?post=55167"}],"curies":[{"name":"wp","href":"https:\/\/api.w.org\/{rel}","templated":true}]}}