{"id":55275,"date":"2025-08-28T15:30:21","date_gmt":"2025-08-28T18:30:21","guid":{"rendered":"https:\/\/rms-enlinea.com.ar\/tienda\/producto\/camara-web-genius-ecam-8000-1080p-rotacion-360-negra\/"},"modified":"2026-04-06T14:05:49","modified_gmt":"2026-04-06T17:05:49","slug":"camara-web-genius-ecam-8000-1080p-rotacion-360-negra","status":"publish","type":"product","link":"https:\/\/rms-enlinea.com.ar\/tienda\/producto\/camara-web-genius-ecam-8000-1080p-rotacion-360-negra\/","title":{"rendered":"Camara Web Genius Ecam 8000 1080p Rotacion 360 Negra"},"content":{"rendered":"<p>Interfaz USB<br \/>\nResoluci\u00f3n de video CIF \/ VGA : hasta 30fps \/ 720p HD : hasta 30 fps \/ 1080P : hasta 30 fps<br \/>\nUnidad de sensor CMOS de p\u00edxeles de alta definici\u00f3n 2MP<br \/>\nTipo de lente Lente de foco fijo<br \/>\n\u00c1ngulo de visi\u00f3n Arriba y abajo de 90 \u00b0 \/ 360 \u00b0 de rotaci\u00f3n<\/p>\n","protected":false},"excerpt":{"rendered":"<p>Interfaz USB Resoluci\u00f3n de video CIF \/ VGA : hasta 30fps \/ 720p HD : hasta 30 fps \/ 1080P : hasta 30 fps Unidad de sensor CMOS de p\u00edxeles de alta definici\u00f3n 2MP Tipo de lente Lente de foco fijo \u00c1ngulo de visi\u00f3n Arriba y abajo de 90 \u00b0 \/ 360 \u00b0 de rotaci\u00f3n<\/p>\n","protected":false},"featured_media":25050,"comment_status":"open","ping_status":"closed","template":"","meta":{"_uag_custom_page_level_css":""},"product_brand":[550],"product_cat":[102],"product_tag":[],"class_list":{"0":"post-55275","1":"product","2":"type-product","3":"status-publish","4":"has-post-thumbnail","6":"product_brand-genius","7":"product_cat-camaras-webcam","9":"first","10":"outofstock","11":"sale","12":"taxable","13":"shipping-taxable","14":"purchasable","15":"product-type-simple"},"uagb_featured_image_src":{"full":["https:\/\/rms-enlinea.com.ar\/wp-content\/uploads\/2025\/06\/D_747001-MLU72834468615_112023-F.jpg",1049,784,false],"thumbnail":["https:\/\/rms-enlinea.com.ar\/wp-content\/uploads\/2025\/06\/D_747001-MLU72834468615_112023-F-150x150.jpg",150,150,true],"medium":["https:\/\/rms-enlinea.com.ar\/wp-content\/uploads\/2025\/06\/D_747001-MLU72834468615_112023-F-300x224.jpg",300,224,true],"medium_large":["https:\/\/rms-enlinea.com.ar\/wp-content\/uploads\/2025\/06\/D_747001-MLU72834468615_112023-F-768x574.jpg",768,574,true],"large":["https:\/\/rms-enlinea.com.ar\/wp-content\/uploads\/2025\/06\/D_747001-MLU72834468615_112023-F-1024x765.jpg",1024,765,true],"1536x1536":["https:\/\/rms-enlinea.com.ar\/wp-content\/uploads\/2025\/06\/D_747001-MLU72834468615_112023-F.jpg",1049,784,false],"2048x2048":["https:\/\/rms-enlinea.com.ar\/wp-content\/uploads\/2025\/06\/D_747001-MLU72834468615_112023-F.jpg",1049,784,false],"woocommerce_thumbnail":["https:\/\/rms-enlinea.com.ar\/wp-content\/uploads\/2025\/06\/D_747001-MLU72834468615_112023-F-450x450.jpg",450,450,true],"woocommerce_single":["https:\/\/rms-enlinea.com.ar\/wp-content\/uploads\/2025\/06\/D_747001-MLU72834468615_112023-F-600x448.jpg",600,448,true],"woocommerce_gallery_thumbnail":["https:\/\/rms-enlinea.com.ar\/wp-content\/uploads\/2025\/06\/D_747001-MLU72834468615_112023-F-100x100.jpg",100,100,true]},"uagb_author_info":{"display_name":"nelson","author_link":"https:\/\/rms-enlinea.com.ar\/tienda\/author\/"},"uagb_comment_info":0,"uagb_excerpt":"Interfaz USB Resoluci\u00f3n de video CIF \/ VGA : hasta 30fps \/ 720p HD : hasta 30 fps \/ 1080P : hasta 30 fps Unidad de sensor CMOS de p\u00edxeles de alta definici\u00f3n 2MP Tipo de lente Lente de foco fijo \u00c1ngulo de visi\u00f3n Arriba y abajo de 90 \u00b0 \/ 360 \u00b0 de rotaci\u00f3n","_links":{"self":[{"href":"https:\/\/rms-enlinea.com.ar\/tienda\/wp-json\/wp\/v2\/product\/55275","targetHints":{"allow":["GET"]}}],"collection":[{"href":"https:\/\/rms-enlinea.com.ar\/tienda\/wp-json\/wp\/v2\/product"}],"about":[{"href":"https:\/\/rms-enlinea.com.ar\/tienda\/wp-json\/wp\/v2\/types\/product"}],"replies":[{"embeddable":true,"href":"https:\/\/rms-enlinea.com.ar\/tienda\/wp-json\/wp\/v2\/comments?post=55275"}],"wp:featuredmedia":[{"embeddable":true,"href":"https:\/\/rms-enlinea.com.ar\/tienda\/wp-json\/wp\/v2\/media\/25050"}],"wp:attachment":[{"href":"https:\/\/rms-enlinea.com.ar\/tienda\/wp-json\/wp\/v2\/media?parent=55275"}],"wp:term":[{"taxonomy":"product_brand","embeddable":true,"href":"https:\/\/rms-enlinea.com.ar\/tienda\/wp-json\/wp\/v2\/product_brand?post=55275"},{"taxonomy":"product_cat","embeddable":true,"href":"https:\/\/rms-enlinea.com.ar\/tienda\/wp-json\/wp\/v2\/product_cat?post=55275"},{"taxonomy":"product_tag","embeddable":true,"href":"https:\/\/rms-enlinea.com.ar\/tienda\/wp-json\/wp\/v2\/product_tag?post=55275"}],"curies":[{"name":"wp","href":"https:\/\/api.w.org\/{rel}","templated":true}]}}