{"id":55375,"date":"2025-08-28T19:49:32","date_gmt":"2025-08-28T22:49:32","guid":{"rendered":"https:\/\/rms-enlinea.com.ar\/tienda\/producto\/kit-teclado-y-mouse-genius-km-200-smart-black-usb-1000dpi\/"},"modified":"2026-04-21T05:22:11","modified_gmt":"2026-04-21T08:22:11","slug":"kit-teclado-y-mouse-genius-km-200-smart-black-usb-1000dpi","status":"publish","type":"product","link":"https:\/\/rms-enlinea.com.ar\/tienda\/producto\/kit-teclado-y-mouse-genius-km-200-smart-black-usb-1000dpi\/","title":{"rendered":"Kit Teclado Y Mouse Genius Km-200 Smart Black Usb 1000dpi"},"content":{"rendered":"<p>Interfaz USB<br \/>\nTipo de teclas C\u00f3ncavas<br \/>\nSoporte de Tecla Genius S\u00cd<br \/>\nTeclas de funci\u00f3n personalizables F1 ~ F12<br \/>\nSoporte SmartGenius S\u00cd<br \/>\nBarra Virtual de Teclas de Funci\u00f3n S\u00cd<br \/>\nSoporte de Perfil de Aplicaciones S\u00cd<br \/>\nTeclas de funci\u00f3n S\u00cd<br \/>\nUnidad de sensor (Mouse) \u00d3ptico<br \/>\nResoluci\u00f3n (DPI) 1000<br \/>\nMouse N\u00famero de botones 3 (izquierda, derecha, bot\u00f3n central con desplazamiento)<br \/>\nLongitud de cable 1,5 M<br \/>\nPeso (g) Teclado: Aprox. 510,5 g (sin bater\u00eda)<br \/>\nRat\u00f3n: Aprox. 119,5 g (sin bater\u00eda)<br \/>\nDimensiones (A x A x P) Teclado: 449,92 x 178,56 x 25,19 mm (17,71 x 7,03 x 0,99 pulgadas)<br \/>\nRat\u00f3n: 66 x 122 x 39 mm (2,60 x 4,80 x 1,54 pulgadas)<br \/>\nCompatible con sistema operativo Windows\u00ae 7, 8, 8.1, 10<br \/>\nMac OS X 10.8 o posterior<br \/>\nColores Negro<br \/>\nContenido de la caja Un teclado<br \/>\nUn rat\u00f3n<br \/>\nGu\u00eda r\u00e1pida en varios idiomas<\/p>\n","protected":false},"excerpt":{"rendered":"<p>Interfaz USB Tipo de teclas C\u00f3ncavas Soporte de Tecla Genius S\u00cd Teclas de funci\u00f3n personalizables F1 ~ F12 Soporte SmartGenius S\u00cd Barra Virtual de Teclas de Funci\u00f3n S\u00cd Soporte de Perfil de Aplicaciones S\u00cd Teclas de funci\u00f3n S\u00cd Unidad de sensor (Mouse) \u00d3ptico Resoluci\u00f3n (DPI) 1000 Mouse N\u00famero de botones 3 (izquierda, derecha, bot\u00f3n central [&hellip;]<\/p>\n","protected":false},"featured_media":55376,"comment_status":"open","ping_status":"closed","template":"","meta":{"_uag_custom_page_level_css":""},"product_brand":[550],"product_cat":[125],"product_tag":[],"class_list":{"0":"post-55375","1":"product","2":"type-product","3":"status-publish","4":"has-post-thumbnail","6":"product_brand-genius","7":"product_cat-teclados-y-mouses","9":"first","10":"outofstock","11":"sale","12":"taxable","13":"shipping-taxable","14":"purchasable","15":"product-type-simple"},"uagb_featured_image_src":{"full":["https:\/\/rms-enlinea.com.ar\/wp-content\/uploads\/2025\/08\/D_835236-MLA89645554288_082025-F.jpg",1200,468,false],"thumbnail":["https:\/\/rms-enlinea.com.ar\/wp-content\/uploads\/2025\/08\/D_835236-MLA89645554288_082025-F-150x150.jpg",150,150,true],"medium":["https:\/\/rms-enlinea.com.ar\/wp-content\/uploads\/2025\/08\/D_835236-MLA89645554288_082025-F-300x117.jpg",300,117,true],"medium_large":["https:\/\/rms-enlinea.com.ar\/wp-content\/uploads\/2025\/08\/D_835236-MLA89645554288_082025-F-768x300.jpg",768,300,true],"large":["https:\/\/rms-enlinea.com.ar\/wp-content\/uploads\/2025\/08\/D_835236-MLA89645554288_082025-F-1024x399.jpg",1024,399,true],"1536x1536":["https:\/\/rms-enlinea.com.ar\/wp-content\/uploads\/2025\/08\/D_835236-MLA89645554288_082025-F.jpg",1200,468,false],"2048x2048":["https:\/\/rms-enlinea.com.ar\/wp-content\/uploads\/2025\/08\/D_835236-MLA89645554288_082025-F.jpg",1200,468,false],"woocommerce_thumbnail":["https:\/\/rms-enlinea.com.ar\/wp-content\/uploads\/2025\/08\/D_835236-MLA89645554288_082025-F-450x450.jpg",450,450,true],"woocommerce_single":["https:\/\/rms-enlinea.com.ar\/wp-content\/uploads\/2025\/08\/D_835236-MLA89645554288_082025-F-600x234.jpg",600,234,true],"woocommerce_gallery_thumbnail":["https:\/\/rms-enlinea.com.ar\/wp-content\/uploads\/2025\/08\/D_835236-MLA89645554288_082025-F-100x100.jpg",100,100,true]},"uagb_author_info":{"display_name":"mario","author_link":"https:\/\/rms-enlinea.com.ar\/tienda\/author\/"},"uagb_comment_info":0,"uagb_excerpt":"Interfaz USB Tipo de teclas C\u00f3ncavas Soporte de Tecla Genius S\u00cd Teclas de funci\u00f3n personalizables F1 ~ F12 Soporte SmartGenius S\u00cd Barra Virtual de Teclas de Funci\u00f3n S\u00cd Soporte de Perfil de Aplicaciones S\u00cd Teclas de funci\u00f3n S\u00cd Unidad de sensor (Mouse) \u00d3ptico Resoluci\u00f3n (DPI) 1000 Mouse N\u00famero de botones 3 (izquierda, derecha, bot\u00f3n central&hellip;","_links":{"self":[{"href":"https:\/\/rms-enlinea.com.ar\/tienda\/wp-json\/wp\/v2\/product\/55375","targetHints":{"allow":["GET"]}}],"collection":[{"href":"https:\/\/rms-enlinea.com.ar\/tienda\/wp-json\/wp\/v2\/product"}],"about":[{"href":"https:\/\/rms-enlinea.com.ar\/tienda\/wp-json\/wp\/v2\/types\/product"}],"replies":[{"embeddable":true,"href":"https:\/\/rms-enlinea.com.ar\/tienda\/wp-json\/wp\/v2\/comments?post=55375"}],"wp:featuredmedia":[{"embeddable":true,"href":"https:\/\/rms-enlinea.com.ar\/tienda\/wp-json\/wp\/v2\/media\/55376"}],"wp:attachment":[{"href":"https:\/\/rms-enlinea.com.ar\/tienda\/wp-json\/wp\/v2\/media?parent=55375"}],"wp:term":[{"taxonomy":"product_brand","embeddable":true,"href":"https:\/\/rms-enlinea.com.ar\/tienda\/wp-json\/wp\/v2\/product_brand?post=55375"},{"taxonomy":"product_cat","embeddable":true,"href":"https:\/\/rms-enlinea.com.ar\/tienda\/wp-json\/wp\/v2\/product_cat?post=55375"},{"taxonomy":"product_tag","embeddable":true,"href":"https:\/\/rms-enlinea.com.ar\/tienda\/wp-json\/wp\/v2\/product_tag?post=55375"}],"curies":[{"name":"wp","href":"https:\/\/api.w.org\/{rel}","templated":true}]}}