{"id":55441,"date":"2025-08-28T21:25:27","date_gmt":"2025-08-29T00:25:27","guid":{"rendered":"https:\/\/rms-enlinea.com.ar\/tienda\/producto\/cierre-de-embutir-mariposa-rack-anvil-penn-elcom-l907-915pbz\/"},"modified":"2026-04-21T05:15:48","modified_gmt":"2026-04-21T08:15:48","slug":"cierre-de-embutir-mariposa-rack-anvil-penn-elcom-l907-915pbz","status":"publish","type":"product","link":"https:\/\/rms-enlinea.com.ar\/tienda\/producto\/cierre-de-embutir-mariposa-rack-anvil-penn-elcom-l907-915pbz\/","title":{"rendered":"Cierre De Embutir Mariposa Rack Anvil Penn Elcom L907\/915pbz"},"content":{"rendered":"<p>TIPO DE PRODUCTO: CIERRE DE EMBUTIR<br \/>\nTIPO: MARIPOSA<br \/>\nMATERIAL: ACERO<br \/>\nSUPERFICIE: GALVANIZADO<br \/>\nORIFICIOS DE MONTAJE: 5MM<br \/>\nPORTACANDADO: SI<br \/>\nOFF SET: SI<br \/>\nPROTECCI\u00d3N REMACHADA: NO<br \/>\nCON RESORTE: S\u00cd<br \/>\nFUNCI\u00d3N PUSH-FLAT: NO<\/p>\n","protected":false},"excerpt":{"rendered":"<p>TIPO DE PRODUCTO: CIERRE DE EMBUTIR TIPO: MARIPOSA MATERIAL: ACERO SUPERFICIE: GALVANIZADO ORIFICIOS DE MONTAJE: 5MM PORTACANDADO: SI OFF SET: SI PROTECCI\u00d3N REMACHADA: NO CON RESORTE: S\u00cd FUNCI\u00d3N PUSH-FLAT: NO<\/p>\n","protected":false},"featured_media":5542,"comment_status":"open","ping_status":"closed","template":"","meta":{"_uag_custom_page_level_css":""},"product_brand":[471],"product_cat":[39,15],"product_tag":[],"class_list":{"0":"post-55441","1":"product","2":"type-product","3":"status-publish","4":"has-post-thumbnail","6":"product_brand-penn-elcom","7":"product_cat-cierres","8":"product_cat-sin-categorizar","10":"first","11":"outofstock","12":"sale","13":"taxable","14":"shipping-taxable","15":"purchasable","16":"product-type-simple"},"uagb_featured_image_src":{"full":["https:\/\/rms-enlinea.com.ar\/wp-content\/uploads\/2025\/06\/D_929979-MLA46235648610_062021-F.jpg",704,719,false],"thumbnail":["https:\/\/rms-enlinea.com.ar\/wp-content\/uploads\/2025\/06\/D_929979-MLA46235648610_062021-F-150x150.jpg",150,150,true],"medium":["https:\/\/rms-enlinea.com.ar\/wp-content\/uploads\/2025\/06\/D_929979-MLA46235648610_062021-F-294x300.jpg",294,300,true],"medium_large":["https:\/\/rms-enlinea.com.ar\/wp-content\/uploads\/2025\/06\/D_929979-MLA46235648610_062021-F.jpg",704,719,false],"large":["https:\/\/rms-enlinea.com.ar\/wp-content\/uploads\/2025\/06\/D_929979-MLA46235648610_062021-F.jpg",704,719,false],"1536x1536":["https:\/\/rms-enlinea.com.ar\/wp-content\/uploads\/2025\/06\/D_929979-MLA46235648610_062021-F.jpg",704,719,false],"2048x2048":["https:\/\/rms-enlinea.com.ar\/wp-content\/uploads\/2025\/06\/D_929979-MLA46235648610_062021-F.jpg",704,719,false],"woocommerce_thumbnail":["https:\/\/rms-enlinea.com.ar\/wp-content\/uploads\/2025\/06\/D_929979-MLA46235648610_062021-F-450x450.jpg",450,450,true],"woocommerce_single":["https:\/\/rms-enlinea.com.ar\/wp-content\/uploads\/2025\/06\/D_929979-MLA46235648610_062021-F-600x613.jpg",600,613,true],"woocommerce_gallery_thumbnail":["https:\/\/rms-enlinea.com.ar\/wp-content\/uploads\/2025\/06\/D_929979-MLA46235648610_062021-F-100x100.jpg",100,100,true]},"uagb_author_info":{"display_name":"nelson","author_link":"https:\/\/rms-enlinea.com.ar\/tienda\/author\/"},"uagb_comment_info":0,"uagb_excerpt":"TIPO DE PRODUCTO: CIERRE DE EMBUTIR TIPO: MARIPOSA MATERIAL: ACERO SUPERFICIE: GALVANIZADO ORIFICIOS DE MONTAJE: 5MM PORTACANDADO: SI OFF SET: SI PROTECCI\u00d3N REMACHADA: NO CON RESORTE: S\u00cd FUNCI\u00d3N PUSH-FLAT: NO","_links":{"self":[{"href":"https:\/\/rms-enlinea.com.ar\/tienda\/wp-json\/wp\/v2\/product\/55441","targetHints":{"allow":["GET"]}}],"collection":[{"href":"https:\/\/rms-enlinea.com.ar\/tienda\/wp-json\/wp\/v2\/product"}],"about":[{"href":"https:\/\/rms-enlinea.com.ar\/tienda\/wp-json\/wp\/v2\/types\/product"}],"replies":[{"embeddable":true,"href":"https:\/\/rms-enlinea.com.ar\/tienda\/wp-json\/wp\/v2\/comments?post=55441"}],"wp:featuredmedia":[{"embeddable":true,"href":"https:\/\/rms-enlinea.com.ar\/tienda\/wp-json\/wp\/v2\/media\/5542"}],"wp:attachment":[{"href":"https:\/\/rms-enlinea.com.ar\/tienda\/wp-json\/wp\/v2\/media?parent=55441"}],"wp:term":[{"taxonomy":"product_brand","embeddable":true,"href":"https:\/\/rms-enlinea.com.ar\/tienda\/wp-json\/wp\/v2\/product_brand?post=55441"},{"taxonomy":"product_cat","embeddable":true,"href":"https:\/\/rms-enlinea.com.ar\/tienda\/wp-json\/wp\/v2\/product_cat?post=55441"},{"taxonomy":"product_tag","embeddable":true,"href":"https:\/\/rms-enlinea.com.ar\/tienda\/wp-json\/wp\/v2\/product_tag?post=55441"}],"curies":[{"name":"wp","href":"https:\/\/api.w.org\/{rel}","templated":true}]}}