{"id":55442,"date":"2025-08-28T21:30:13","date_gmt":"2025-08-29T00:30:13","guid":{"rendered":"https:\/\/rms-enlinea.com.ar\/tienda\/producto\/pack-de-2-tp-link-deco-e-4-mesh-ac1200-dual-band-wifi-5\/"},"modified":"2026-05-04T18:20:19","modified_gmt":"2026-05-04T21:20:19","slug":"pack-de-2-tp-link-deco-e-4-mesh-ac1200-dual-band-wifi-5","status":"publish","type":"product","link":"https:\/\/rms-enlinea.com.ar\/tienda\/producto\/pack-de-2-tp-link-deco-e-4-mesh-ac1200-dual-band-wifi-5\/","title":{"rendered":"Pack De 2 Tp-link Deco E 4 Mesh Ac1200 Dual Band Wifi 5"},"content":{"rendered":"<p>INAL\u00c1MBRICOS <br \/>Est\u00e1ndares  \tWi-Fi 5<br \/>IEEE 802.11ac\/n\/a 5 GHz<br \/>IEEE 802.11n\/b\/g 2.4 GHz<br \/>Velocidades Wi-Fi  \tAC1200<br \/>5 GHz: 867 Mbps (802.11ac)<br \/>2.4 GHz: 300 Mbps (802.11n)<br \/>Rango WiFi  \tCasas de 3 a 4 habitaciones (paquete de 3)<br \/>2 \u00d7 antenas (internas)<br \/>Beamforming<br \/>Capacidad Wi-Fi    \tMedia<br \/>Doble banda<br \/>Distribuya dispositivos a diferentes bandas para un rendimiento \u00f3ptimo<br \/>MU-MIMO<br \/>Silmult\u00e1neamente se comunica con m\u00faltiples clientes MU-MIMO<br \/>Modos de trabajo \tModo router<br \/>Modo punto de acceso<\/p>\n","protected":false},"excerpt":{"rendered":"<p>INAL\u00c1MBRICOS Est\u00e1ndares Wi-Fi 5IEEE 802.11ac\/n\/a 5 GHzIEEE 802.11n\/b\/g 2.4 GHzVelocidades Wi-Fi AC12005 GHz: 867 Mbps (802.11ac)2.4 GHz: 300 Mbps (802.11n)Rango WiFi Casas de 3 a 4 habitaciones (paquete de 3)2 \u00d7 antenas (internas)BeamformingCapacidad Wi-Fi MediaDoble bandaDistribuya dispositivos a diferentes bandas para un rendimiento \u00f3ptimoMU-MIMOSilmult\u00e1neamente se comunica con m\u00faltiples clientes MU-MIMOModos de trabajo Modo routerModo punto [&hellip;]<\/p>\n","protected":false},"featured_media":32587,"comment_status":"open","ping_status":"closed","template":"","meta":{"_uag_custom_page_level_css":""},"product_brand":[546],"product_cat":[122],"product_tag":[],"class_list":{"0":"post-55442","1":"product","2":"type-product","3":"status-publish","4":"has-post-thumbnail","6":"product_brand-tplink","7":"product_cat-redes-y-conectividad","9":"first","10":"outofstock","11":"sale","12":"taxable","13":"shipping-taxable","14":"purchasable","15":"product-type-simple"},"uagb_featured_image_src":{"full":["https:\/\/rms-enlinea.com.ar\/wp-content\/uploads\/2025\/06\/D_786938-MLA48678675066_122021-F.jpg",1014,1034,false],"thumbnail":["https:\/\/rms-enlinea.com.ar\/wp-content\/uploads\/2025\/06\/D_786938-MLA48678675066_122021-F-150x150.jpg",150,150,true],"medium":["https:\/\/rms-enlinea.com.ar\/wp-content\/uploads\/2025\/06\/D_786938-MLA48678675066_122021-F-294x300.jpg",294,300,true],"medium_large":["https:\/\/rms-enlinea.com.ar\/wp-content\/uploads\/2025\/06\/D_786938-MLA48678675066_122021-F-768x783.jpg",768,783,true],"large":["https:\/\/rms-enlinea.com.ar\/wp-content\/uploads\/2025\/06\/D_786938-MLA48678675066_122021-F-1004x1024.jpg",1004,1024,true],"1536x1536":["https:\/\/rms-enlinea.com.ar\/wp-content\/uploads\/2025\/06\/D_786938-MLA48678675066_122021-F.jpg",1014,1034,false],"2048x2048":["https:\/\/rms-enlinea.com.ar\/wp-content\/uploads\/2025\/06\/D_786938-MLA48678675066_122021-F.jpg",1014,1034,false],"woocommerce_thumbnail":["https:\/\/rms-enlinea.com.ar\/wp-content\/uploads\/2025\/06\/D_786938-MLA48678675066_122021-F-450x450.jpg",450,450,true],"woocommerce_single":["https:\/\/rms-enlinea.com.ar\/wp-content\/uploads\/2025\/06\/D_786938-MLA48678675066_122021-F-600x612.jpg",600,612,true],"woocommerce_gallery_thumbnail":["https:\/\/rms-enlinea.com.ar\/wp-content\/uploads\/2025\/06\/D_786938-MLA48678675066_122021-F-100x100.jpg",100,100,true]},"uagb_author_info":{"display_name":"nelson","author_link":"https:\/\/rms-enlinea.com.ar\/tienda\/author\/"},"uagb_comment_info":0,"uagb_excerpt":"INAL\u00c1MBRICOS Est\u00e1ndares Wi-Fi 5IEEE 802.11ac\/n\/a 5 GHzIEEE 802.11n\/b\/g 2.4 GHzVelocidades Wi-Fi AC12005 GHz: 867 Mbps (802.11ac)2.4 GHz: 300 Mbps (802.11n)Rango WiFi Casas de 3 a 4 habitaciones (paquete de 3)2 \u00d7 antenas (internas)BeamformingCapacidad Wi-Fi MediaDoble bandaDistribuya dispositivos a diferentes bandas para un rendimiento \u00f3ptimoMU-MIMOSilmult\u00e1neamente se comunica con m\u00faltiples clientes MU-MIMOModos de trabajo Modo routerModo punto&hellip;","_links":{"self":[{"href":"https:\/\/rms-enlinea.com.ar\/tienda\/wp-json\/wp\/v2\/product\/55442","targetHints":{"allow":["GET"]}}],"collection":[{"href":"https:\/\/rms-enlinea.com.ar\/tienda\/wp-json\/wp\/v2\/product"}],"about":[{"href":"https:\/\/rms-enlinea.com.ar\/tienda\/wp-json\/wp\/v2\/types\/product"}],"replies":[{"embeddable":true,"href":"https:\/\/rms-enlinea.com.ar\/tienda\/wp-json\/wp\/v2\/comments?post=55442"}],"wp:featuredmedia":[{"embeddable":true,"href":"https:\/\/rms-enlinea.com.ar\/tienda\/wp-json\/wp\/v2\/media\/32587"}],"wp:attachment":[{"href":"https:\/\/rms-enlinea.com.ar\/tienda\/wp-json\/wp\/v2\/media?parent=55442"}],"wp:term":[{"taxonomy":"product_brand","embeddable":true,"href":"https:\/\/rms-enlinea.com.ar\/tienda\/wp-json\/wp\/v2\/product_brand?post=55442"},{"taxonomy":"product_cat","embeddable":true,"href":"https:\/\/rms-enlinea.com.ar\/tienda\/wp-json\/wp\/v2\/product_cat?post=55442"},{"taxonomy":"product_tag","embeddable":true,"href":"https:\/\/rms-enlinea.com.ar\/tienda\/wp-json\/wp\/v2\/product_tag?post=55442"}],"curies":[{"name":"wp","href":"https:\/\/api.w.org\/{rel}","templated":true}]}}