{"id":55483,"date":"2025-08-29T17:30:07","date_gmt":"2025-08-29T20:30:07","guid":{"rendered":"https:\/\/rms-enlinea.com.ar\/tienda\/producto\/teclado-raptor-fireclaw-m68-mecanico-retroiluminado-sw-red\/"},"modified":"2026-03-31T17:23:48","modified_gmt":"2026-03-31T20:23:48","slug":"teclado-raptor-fireclaw-m68-mecanico-retroiluminado-sw-red","status":"publish","type":"product","link":"https:\/\/rms-enlinea.com.ar\/tienda\/producto\/teclado-raptor-fireclaw-m68-mecanico-retroiluminado-sw-red\/","title":{"rendered":"Teclado Raptor Fireclaw M68 Mecanico Retroiluminado Sw Red"},"content":{"rendered":"<p>Sistemas compatibles Win7\/Win8\/Win10\/Android\/Apple<br \/>\nTeclas mec\u00e1nicas<br \/>\nProcesamiento de respuesta r\u00e1pida, fuerte capacidad antiinterferencias,<br \/>\nadmite entrada sin conflictos de teclas completas.<\/p>\n<p>Informe de teclado Formato est\u00e1ndar para garantizar la compatibilidad de entrada del sistema<br \/>\nTeclas de acceso directo multimedia Admite<br \/>\nBoton de administraci\u00f3n de energ\u00eda del sistema de soporte Si<br \/>\nCon eventos del rat\u00f3n Si<br \/>\nDise\u00f1o de retroiluminaci\u00f3n colorida RGB Si, con 16 millones de colores completos reales<\/p>\n","protected":false},"excerpt":{"rendered":"<p>Sistemas compatibles Win7\/Win8\/Win10\/Android\/Apple Teclas mec\u00e1nicas Procesamiento de respuesta r\u00e1pida, fuerte capacidad antiinterferencias, admite entrada sin conflictos de teclas completas. Informe de teclado Formato est\u00e1ndar para garantizar la compatibilidad de entrada del sistema Teclas de acceso directo multimedia Admite Boton de administraci\u00f3n de energ\u00eda del sistema de soporte Si Con eventos del rat\u00f3n Si Dise\u00f1o de [&hellip;]<\/p>\n","protected":false},"featured_media":55484,"comment_status":"open","ping_status":"closed","template":"","meta":{"_uag_custom_page_level_css":""},"product_brand":[572],"product_cat":[125],"product_tag":[],"class_list":{"0":"post-55483","1":"product","2":"type-product","3":"status-publish","4":"has-post-thumbnail","6":"product_brand-raptor-gaming","7":"product_cat-teclados-y-mouses","9":"first","10":"outofstock","11":"sale","12":"taxable","13":"shipping-taxable","14":"purchasable","15":"product-type-simple"},"uagb_featured_image_src":{"full":["https:\/\/rms-enlinea.com.ar\/wp-content\/uploads\/2025\/08\/D_722669-MLA91289834591_082025-F.jpg",1200,750,false],"thumbnail":["https:\/\/rms-enlinea.com.ar\/wp-content\/uploads\/2025\/08\/D_722669-MLA91289834591_082025-F-150x150.jpg",150,150,true],"medium":["https:\/\/rms-enlinea.com.ar\/wp-content\/uploads\/2025\/08\/D_722669-MLA91289834591_082025-F-300x188.jpg",300,188,true],"medium_large":["https:\/\/rms-enlinea.com.ar\/wp-content\/uploads\/2025\/08\/D_722669-MLA91289834591_082025-F-768x480.jpg",768,480,true],"large":["https:\/\/rms-enlinea.com.ar\/wp-content\/uploads\/2025\/08\/D_722669-MLA91289834591_082025-F-1024x640.jpg",1024,640,true],"1536x1536":["https:\/\/rms-enlinea.com.ar\/wp-content\/uploads\/2025\/08\/D_722669-MLA91289834591_082025-F.jpg",1200,750,false],"2048x2048":["https:\/\/rms-enlinea.com.ar\/wp-content\/uploads\/2025\/08\/D_722669-MLA91289834591_082025-F.jpg",1200,750,false],"woocommerce_thumbnail":["https:\/\/rms-enlinea.com.ar\/wp-content\/uploads\/2025\/08\/D_722669-MLA91289834591_082025-F-450x450.jpg",450,450,true],"woocommerce_single":["https:\/\/rms-enlinea.com.ar\/wp-content\/uploads\/2025\/08\/D_722669-MLA91289834591_082025-F-600x375.jpg",600,375,true],"woocommerce_gallery_thumbnail":["https:\/\/rms-enlinea.com.ar\/wp-content\/uploads\/2025\/08\/D_722669-MLA91289834591_082025-F-100x100.jpg",100,100,true]},"uagb_author_info":{"display_name":"nelson","author_link":"https:\/\/rms-enlinea.com.ar\/tienda\/author\/"},"uagb_comment_info":0,"uagb_excerpt":"Sistemas compatibles Win7\/Win8\/Win10\/Android\/Apple Teclas mec\u00e1nicas Procesamiento de respuesta r\u00e1pida, fuerte capacidad antiinterferencias, admite entrada sin conflictos de teclas completas. Informe de teclado Formato est\u00e1ndar para garantizar la compatibilidad de entrada del sistema Teclas de acceso directo multimedia Admite Boton de administraci\u00f3n de energ\u00eda del sistema de soporte Si Con eventos del rat\u00f3n Si Dise\u00f1o de&hellip;","_links":{"self":[{"href":"https:\/\/rms-enlinea.com.ar\/tienda\/wp-json\/wp\/v2\/product\/55483","targetHints":{"allow":["GET"]}}],"collection":[{"href":"https:\/\/rms-enlinea.com.ar\/tienda\/wp-json\/wp\/v2\/product"}],"about":[{"href":"https:\/\/rms-enlinea.com.ar\/tienda\/wp-json\/wp\/v2\/types\/product"}],"replies":[{"embeddable":true,"href":"https:\/\/rms-enlinea.com.ar\/tienda\/wp-json\/wp\/v2\/comments?post=55483"}],"wp:featuredmedia":[{"embeddable":true,"href":"https:\/\/rms-enlinea.com.ar\/tienda\/wp-json\/wp\/v2\/media\/55484"}],"wp:attachment":[{"href":"https:\/\/rms-enlinea.com.ar\/tienda\/wp-json\/wp\/v2\/media?parent=55483"}],"wp:term":[{"taxonomy":"product_brand","embeddable":true,"href":"https:\/\/rms-enlinea.com.ar\/tienda\/wp-json\/wp\/v2\/product_brand?post=55483"},{"taxonomy":"product_cat","embeddable":true,"href":"https:\/\/rms-enlinea.com.ar\/tienda\/wp-json\/wp\/v2\/product_cat?post=55483"},{"taxonomy":"product_tag","embeddable":true,"href":"https:\/\/rms-enlinea.com.ar\/tienda\/wp-json\/wp\/v2\/product_tag?post=55483"}],"curies":[{"name":"wp","href":"https:\/\/api.w.org\/{rel}","templated":true}]}}