{"id":55595,"date":"2025-09-02T18:22:12","date_gmt":"2025-09-02T21:22:12","guid":{"rendered":"https:\/\/rms-enlinea.com.ar\/tienda\/producto\/gabinete-mid-tower-fan-x1-black-tt-thermaltake-s100\/"},"modified":"2026-04-12T14:50:16","modified_gmt":"2026-04-12T17:50:16","slug":"gabinete-mid-tower-fan-x1-black-tt-thermaltake-s100","status":"publish","type":"product","link":"https:\/\/rms-enlinea.com.ar\/tienda\/producto\/gabinete-mid-tower-fan-x1-black-tt-thermaltake-s100\/","title":{"rendered":"Gabinete Mid Tower Fan X1 Black Tt Thermaltake S100"},"content":{"rendered":"<p>LA SERIE<br \/>Serie S<br \/>MODELO<br \/>S100 TG<br \/>TIPO DE CAJA<br \/>Micro Case<br \/>DIMENSIONES (AL X AN X PR)<br \/>441 x 220 x 411 mm<br \/>(17.36 x 8.66 x 16.18 inch)<br \/>PESO NETO<br \/>6.1 kg \/ 13.45 lbs.<br \/>PANEL LATERAL<br \/>Tempered Glass x 1<br \/>COLOR<br \/>Exterior &amp; Interior : Black<br \/>MATERIAL<br \/>SPCC<br \/>SISTEMA DE REFRIGERACI\u00d3N<br \/>Rear (exhaust) :<br \/>120 x 120 x 25 mm fan<br \/>(1000rpm, 16 dBA)<br \/>BAH\u00cdAS DE EXPANSI\u00d3N<\/p>\n<p>&#8211;<br \/>2 x 2.5\u201d (HDD Bracket); 2 x 3.5\u201c or 2 x 2.5\u201d (HDD Rack);<br \/>RANURAS DE EXPANSI\u00d3N<br \/>4<br \/>PLACAS BASE<br \/>6.7\u201d x 6.7\u201d (Mini ITX), 9.6\u201d x 9.6\u201d (Micro ATX),<br \/>PUERTOS E\/S<br \/>1 x USB 3.0, 2 x USB 2.0, 1 x HD Audio,<br \/>FUENTE DE ALIMENTACI\u00d3N<br \/>Standard PS2 PSU (optional)<br \/>COMPATIBILIDAD VENTILADORES<br \/>Front:<br \/>3 x 120mm, 2 x 140mm<br \/>Top:<br \/>2 x 120mm, 2 x 140mm, 1 x 200mm<br \/>Rear:<br \/>1 x 120mm,<br \/>COMPATIBILIDAD RADIADORES<br \/>Front:<br \/>1x 240mm, 1 x 280mm<br \/>Top:<br \/>1 x 240mm, 1x 280mm<br \/>Rear:<br \/>1 x 120mm,<br \/>LIMITACIONES<br \/>CPU cooler height limitation: 165mm<br \/>PSU length limitation: 160mm<br \/>VGA length limitation: 330mm<\/p>\n","protected":false},"excerpt":{"rendered":"<p>LA SERIESerie SMODELOS100 TGTIPO DE CAJAMicro CaseDIMENSIONES (AL X AN X PR)441 x 220 x 411 mm(17.36 x 8.66 x 16.18 inch)PESO NETO6.1 kg \/ 13.45 lbs.PANEL LATERALTempered Glass x 1COLORExterior &amp; Interior : BlackMATERIALSPCCSISTEMA DE REFRIGERACI\u00d3NRear (exhaust) :120 x 120 x 25 mm fan(1000rpm, 16 dBA)BAH\u00cdAS DE EXPANSI\u00d3N &#8211;2 x 2.5\u201d (HDD Bracket); 2 [&hellip;]<\/p>\n","protected":false},"featured_media":55596,"comment_status":"open","ping_status":"closed","template":"","meta":{"_uag_custom_page_level_css":""},"product_brand":[561],"product_cat":[109],"product_tag":[],"class_list":{"0":"post-55595","1":"product","2":"type-product","3":"status-publish","4":"has-post-thumbnail","6":"product_brand-thermaltake","7":"product_cat-gabinetes","9":"first","10":"instock","11":"sale","12":"taxable","13":"shipping-taxable","14":"purchasable","15":"product-type-simple"},"uagb_featured_image_src":{"full":["https:\/\/rms-enlinea.com.ar\/wp-content\/uploads\/2025\/09\/D_890220-MLA91533951251_092025-F.jpg",759,1048,false],"thumbnail":["https:\/\/rms-enlinea.com.ar\/wp-content\/uploads\/2025\/09\/D_890220-MLA91533951251_092025-F-150x150.jpg",150,150,true],"medium":["https:\/\/rms-enlinea.com.ar\/wp-content\/uploads\/2025\/09\/D_890220-MLA91533951251_092025-F-217x300.jpg",217,300,true],"medium_large":["https:\/\/rms-enlinea.com.ar\/wp-content\/uploads\/2025\/09\/D_890220-MLA91533951251_092025-F.jpg",759,1048,false],"large":["https:\/\/rms-enlinea.com.ar\/wp-content\/uploads\/2025\/09\/D_890220-MLA91533951251_092025-F-742x1024.jpg",742,1024,true],"1536x1536":["https:\/\/rms-enlinea.com.ar\/wp-content\/uploads\/2025\/09\/D_890220-MLA91533951251_092025-F.jpg",759,1048,false],"2048x2048":["https:\/\/rms-enlinea.com.ar\/wp-content\/uploads\/2025\/09\/D_890220-MLA91533951251_092025-F.jpg",759,1048,false],"woocommerce_thumbnail":["https:\/\/rms-enlinea.com.ar\/wp-content\/uploads\/2025\/09\/D_890220-MLA91533951251_092025-F-450x450.jpg",450,450,true],"woocommerce_single":["https:\/\/rms-enlinea.com.ar\/wp-content\/uploads\/2025\/09\/D_890220-MLA91533951251_092025-F-600x828.jpg",600,828,true],"woocommerce_gallery_thumbnail":["https:\/\/rms-enlinea.com.ar\/wp-content\/uploads\/2025\/09\/D_890220-MLA91533951251_092025-F-100x100.jpg",100,100,true]},"uagb_author_info":{"display_name":"nelson","author_link":"https:\/\/rms-enlinea.com.ar\/tienda\/author\/"},"uagb_comment_info":0,"uagb_excerpt":"LA SERIESerie SMODELOS100 TGTIPO DE CAJAMicro CaseDIMENSIONES (AL X AN X PR)441 x 220 x 411 mm(17.36 x 8.66 x 16.18 inch)PESO NETO6.1 kg \/ 13.45 lbs.PANEL LATERALTempered Glass x 1COLORExterior &amp; Interior : BlackMATERIALSPCCSISTEMA DE REFRIGERACI\u00d3NRear (exhaust) :120 x 120 x 25 mm fan(1000rpm, 16 dBA)BAH\u00cdAS DE EXPANSI\u00d3N &#8211;2 x 2.5\u201d (HDD Bracket); 2&hellip;","_links":{"self":[{"href":"https:\/\/rms-enlinea.com.ar\/tienda\/wp-json\/wp\/v2\/product\/55595","targetHints":{"allow":["GET"]}}],"collection":[{"href":"https:\/\/rms-enlinea.com.ar\/tienda\/wp-json\/wp\/v2\/product"}],"about":[{"href":"https:\/\/rms-enlinea.com.ar\/tienda\/wp-json\/wp\/v2\/types\/product"}],"replies":[{"embeddable":true,"href":"https:\/\/rms-enlinea.com.ar\/tienda\/wp-json\/wp\/v2\/comments?post=55595"}],"wp:featuredmedia":[{"embeddable":true,"href":"https:\/\/rms-enlinea.com.ar\/tienda\/wp-json\/wp\/v2\/media\/55596"}],"wp:attachment":[{"href":"https:\/\/rms-enlinea.com.ar\/tienda\/wp-json\/wp\/v2\/media?parent=55595"}],"wp:term":[{"taxonomy":"product_brand","embeddable":true,"href":"https:\/\/rms-enlinea.com.ar\/tienda\/wp-json\/wp\/v2\/product_brand?post=55595"},{"taxonomy":"product_cat","embeddable":true,"href":"https:\/\/rms-enlinea.com.ar\/tienda\/wp-json\/wp\/v2\/product_cat?post=55595"},{"taxonomy":"product_tag","embeddable":true,"href":"https:\/\/rms-enlinea.com.ar\/tienda\/wp-json\/wp\/v2\/product_tag?post=55595"}],"curies":[{"name":"wp","href":"https:\/\/api.w.org\/{rel}","templated":true}]}}