{"id":55629,"date":"2025-09-02T18:43:24","date_gmt":"2025-09-02T21:43:24","guid":{"rendered":"https:\/\/rms-enlinea.com.ar\/tienda\/producto\/memoria-ram-ddr3-8gb-1600-mhz-hiksemi-udimm-hiker-hsc308u16z\/"},"modified":"2026-04-21T06:31:58","modified_gmt":"2026-04-21T09:31:58","slug":"memoria-ram-ddr3-8gb-1600-mhz-hiksemi-udimm-hiker-hsc308u16z","status":"publish","type":"product","link":"https:\/\/rms-enlinea.com.ar\/tienda\/producto\/memoria-ram-ddr3-8gb-1600-mhz-hiksemi-udimm-hiker-hsc308u16z\/","title":{"rendered":"Memoria Ram Ddr3 8gb 1600 Mhz Hiksemi Udimm Hiker Hsc308u16z"},"content":{"rendered":"<p>Modelo<br \/>\nHS-Udimm-HIKER<br \/>\nCapacidad<br \/>\n8GB<br \/>\nInterfaz<br \/>\nDDR3<br \/>\nFrecuencia<br \/>\n1600MHz<br \/>\nTama\u00f1o (L\u00d7A\u00d7H mm)<br \/>\n133.25 x 31.25 x 1.4<br \/>\nTemperatura de funcionamiento<br \/>\n0 \u00b0C to 85 \u00b0C (32 \u00b0Fto185 \u00b0F)<br \/>\nPeso<br \/>\n15g<\/p>\n","protected":false},"excerpt":{"rendered":"<p>Modelo HS-Udimm-HIKER Capacidad 8GB Interfaz DDR3 Frecuencia 1600MHz Tama\u00f1o (L\u00d7A\u00d7H mm) 133.25 x 31.25 x 1.4 Temperatura de funcionamiento 0 \u00b0C to 85 \u00b0C (32 \u00b0Fto185 \u00b0F) Peso 15g<\/p>\n","protected":false},"featured_media":2648,"comment_status":"open","ping_status":"closed","template":"","meta":{"_uag_custom_page_level_css":""},"product_brand":[560],"product_cat":[112],"product_tag":[],"class_list":{"0":"post-55629","1":"product","2":"type-product","3":"status-publish","4":"has-post-thumbnail","6":"product_brand-hiksemi","7":"product_cat-mamorias","9":"first","10":"outofstock","11":"sale","12":"taxable","13":"shipping-taxable","14":"purchasable","15":"product-type-simple"},"uagb_featured_image_src":{"full":["https:\/\/rms-enlinea.com.ar\/wp-content\/uploads\/2025\/06\/D_905261-MLU73836730704_012024-F.jpg",450,1199,false],"thumbnail":["https:\/\/rms-enlinea.com.ar\/wp-content\/uploads\/2025\/06\/D_905261-MLU73836730704_012024-F-150x150.jpg",150,150,true],"medium":["https:\/\/rms-enlinea.com.ar\/wp-content\/uploads\/2025\/06\/D_905261-MLU73836730704_012024-F-113x300.jpg",113,300,true],"medium_large":["https:\/\/rms-enlinea.com.ar\/wp-content\/uploads\/2025\/06\/D_905261-MLU73836730704_012024-F.jpg",450,1199,false],"large":["https:\/\/rms-enlinea.com.ar\/wp-content\/uploads\/2025\/06\/D_905261-MLU73836730704_012024-F-384x1024.jpg",384,1024,true],"1536x1536":["https:\/\/rms-enlinea.com.ar\/wp-content\/uploads\/2025\/06\/D_905261-MLU73836730704_012024-F.jpg",450,1199,false],"2048x2048":["https:\/\/rms-enlinea.com.ar\/wp-content\/uploads\/2025\/06\/D_905261-MLU73836730704_012024-F.jpg",450,1199,false],"woocommerce_thumbnail":["https:\/\/rms-enlinea.com.ar\/wp-content\/uploads\/2025\/06\/D_905261-MLU73836730704_012024-F-450x450.jpg",450,450,true],"woocommerce_single":["https:\/\/rms-enlinea.com.ar\/wp-content\/uploads\/2025\/06\/D_905261-MLU73836730704_012024-F.jpg",450,1199,false],"woocommerce_gallery_thumbnail":["https:\/\/rms-enlinea.com.ar\/wp-content\/uploads\/2025\/06\/D_905261-MLU73836730704_012024-F-100x100.jpg",100,100,true]},"uagb_author_info":{"display_name":"nelson","author_link":"https:\/\/rms-enlinea.com.ar\/tienda\/author\/"},"uagb_comment_info":0,"uagb_excerpt":"Modelo HS-Udimm-HIKER Capacidad 8GB Interfaz DDR3 Frecuencia 1600MHz Tama\u00f1o (L\u00d7A\u00d7H mm) 133.25 x 31.25 x 1.4 Temperatura de funcionamiento 0 \u00b0C to 85 \u00b0C (32 \u00b0Fto185 \u00b0F) Peso 15g","_links":{"self":[{"href":"https:\/\/rms-enlinea.com.ar\/tienda\/wp-json\/wp\/v2\/product\/55629","targetHints":{"allow":["GET"]}}],"collection":[{"href":"https:\/\/rms-enlinea.com.ar\/tienda\/wp-json\/wp\/v2\/product"}],"about":[{"href":"https:\/\/rms-enlinea.com.ar\/tienda\/wp-json\/wp\/v2\/types\/product"}],"replies":[{"embeddable":true,"href":"https:\/\/rms-enlinea.com.ar\/tienda\/wp-json\/wp\/v2\/comments?post=55629"}],"wp:featuredmedia":[{"embeddable":true,"href":"https:\/\/rms-enlinea.com.ar\/tienda\/wp-json\/wp\/v2\/media\/2648"}],"wp:attachment":[{"href":"https:\/\/rms-enlinea.com.ar\/tienda\/wp-json\/wp\/v2\/media?parent=55629"}],"wp:term":[{"taxonomy":"product_brand","embeddable":true,"href":"https:\/\/rms-enlinea.com.ar\/tienda\/wp-json\/wp\/v2\/product_brand?post=55629"},{"taxonomy":"product_cat","embeddable":true,"href":"https:\/\/rms-enlinea.com.ar\/tienda\/wp-json\/wp\/v2\/product_cat?post=55629"},{"taxonomy":"product_tag","embeddable":true,"href":"https:\/\/rms-enlinea.com.ar\/tienda\/wp-json\/wp\/v2\/product_tag?post=55629"}],"curies":[{"name":"wp","href":"https:\/\/api.w.org\/{rel}","templated":true}]}}