{"id":5569,"date":"2025-06-12T03:42:50","date_gmt":"2025-06-12T06:42:50","guid":{"rendered":"https:\/\/rms-enlinea.com.ar\/tienda\/producto\/procesador-amd-ryzen-7-5700x-sin-cooler-4ghz-am4\/"},"modified":"2026-04-15T13:01:45","modified_gmt":"2026-04-15T16:01:45","slug":"procesador-amd-ryzen-7-5700x-sin-cooler-4ghz-am4","status":"publish","type":"product","link":"https:\/\/rms-enlinea.com.ar\/tienda\/producto\/procesador-amd-ryzen-7-5700x-sin-cooler-4ghz-am4\/","title":{"rendered":"Procesador Amd Ryzen 7 5700x Sin Cooler 4ghz Am4"},"content":{"rendered":"<p>Modelo alfanum\u00e9rico 100-1000000926WOF<br \/>Aplicaci\u00f3n Computadoras de escritorio<br \/>Arquitectura x86-64<br \/>Marca AMD<br \/>Cach\u00e9 3 MB<br \/>Z\u00f3calos compatibles AM4<br \/>Cantidad de n\u00facleos de CPU 8<br \/>Generaci\u00f3n 5\u00b0<br \/>C\u00f3digo universal de producto 730143314275<br \/>Incluye air cooler NO<br \/>Es gamer S\u00ed<br \/>Est\u00e1 desbloqueado S\u00ed<br \/>L\u00ednea Ryzen 5<br \/>Frecuencia m\u00e1xima de reloj 4 GHz<br \/>Tama\u00f1o m\u00e1ximo de memoria RAM soportada 128 GB<br \/>Frecuencia m\u00ednima de reloj 2 GHz<br \/>Modelo 5700x<br \/>SKU 730143314275<br \/>Tipos de memoria RAM soportadas DDR4<\/p>\n","protected":false},"excerpt":{"rendered":"<p>Modelo alfanum\u00e9rico 100-1000000926WOFAplicaci\u00f3n Computadoras de escritorioArquitectura x86-64Marca AMDCach\u00e9 3 MBZ\u00f3calos compatibles AM4Cantidad de n\u00facleos de CPU 8Generaci\u00f3n 5\u00b0C\u00f3digo universal de producto 730143314275Incluye air cooler NOEs gamer S\u00edEst\u00e1 desbloqueado S\u00edL\u00ednea Ryzen 5Frecuencia m\u00e1xima de reloj 4 GHzTama\u00f1o m\u00e1ximo de memoria RAM soportada 128 GBFrecuencia m\u00ednima de reloj 2 GHzModelo 5700xSKU 730143314275Tipos de memoria RAM soportadas DDR4<\/p>\n","protected":false},"featured_media":5564,"comment_status":"open","ping_status":"closed","template":"","meta":{"_uag_custom_page_level_css":""},"product_brand":[531],"product_cat":[121],"product_tag":[],"class_list":{"0":"post-5569","1":"product","2":"type-product","3":"status-publish","4":"has-post-thumbnail","6":"product_brand-amd","7":"product_cat-procesadores-computacion","9":"first","10":"instock","11":"sale","12":"taxable","13":"shipping-taxable","14":"purchasable","15":"product-type-simple"},"uagb_featured_image_src":{"full":["https:\/\/rms-enlinea.com.ar\/wp-content\/uploads\/2025\/06\/D_894487-MLA53145808015_012023-F.jpg",1095,1200,false],"thumbnail":["https:\/\/rms-enlinea.com.ar\/wp-content\/uploads\/2025\/06\/D_894487-MLA53145808015_012023-F-150x150.jpg",150,150,true],"medium":["https:\/\/rms-enlinea.com.ar\/wp-content\/uploads\/2025\/06\/D_894487-MLA53145808015_012023-F-274x300.jpg",274,300,true],"medium_large":["https:\/\/rms-enlinea.com.ar\/wp-content\/uploads\/2025\/06\/D_894487-MLA53145808015_012023-F-768x842.jpg",768,842,true],"large":["https:\/\/rms-enlinea.com.ar\/wp-content\/uploads\/2025\/06\/D_894487-MLA53145808015_012023-F-934x1024.jpg",934,1024,true],"1536x1536":["https:\/\/rms-enlinea.com.ar\/wp-content\/uploads\/2025\/06\/D_894487-MLA53145808015_012023-F.jpg",1095,1200,false],"2048x2048":["https:\/\/rms-enlinea.com.ar\/wp-content\/uploads\/2025\/06\/D_894487-MLA53145808015_012023-F.jpg",1095,1200,false],"woocommerce_thumbnail":["https:\/\/rms-enlinea.com.ar\/wp-content\/uploads\/2025\/06\/D_894487-MLA53145808015_012023-F-450x450.jpg",450,450,true],"woocommerce_single":["https:\/\/rms-enlinea.com.ar\/wp-content\/uploads\/2025\/06\/D_894487-MLA53145808015_012023-F-600x658.jpg",600,658,true],"woocommerce_gallery_thumbnail":["https:\/\/rms-enlinea.com.ar\/wp-content\/uploads\/2025\/06\/D_894487-MLA53145808015_012023-F-100x100.jpg",100,100,true]},"uagb_author_info":{"display_name":"l0071054","author_link":"https:\/\/rms-enlinea.com.ar\/tienda\/author\/"},"uagb_comment_info":0,"uagb_excerpt":"Modelo alfanum\u00e9rico 100-1000000926WOFAplicaci\u00f3n Computadoras de escritorioArquitectura x86-64Marca AMDCach\u00e9 3 MBZ\u00f3calos compatibles AM4Cantidad de n\u00facleos de CPU 8Generaci\u00f3n 5\u00b0C\u00f3digo universal de producto 730143314275Incluye air cooler NOEs gamer S\u00edEst\u00e1 desbloqueado S\u00edL\u00ednea Ryzen 5Frecuencia m\u00e1xima de reloj 4 GHzTama\u00f1o m\u00e1ximo de memoria RAM soportada 128 GBFrecuencia m\u00ednima de reloj 2 GHzModelo 5700xSKU 730143314275Tipos de memoria RAM soportadas DDR4","_links":{"self":[{"href":"https:\/\/rms-enlinea.com.ar\/tienda\/wp-json\/wp\/v2\/product\/5569","targetHints":{"allow":["GET"]}}],"collection":[{"href":"https:\/\/rms-enlinea.com.ar\/tienda\/wp-json\/wp\/v2\/product"}],"about":[{"href":"https:\/\/rms-enlinea.com.ar\/tienda\/wp-json\/wp\/v2\/types\/product"}],"replies":[{"embeddable":true,"href":"https:\/\/rms-enlinea.com.ar\/tienda\/wp-json\/wp\/v2\/comments?post=5569"}],"wp:featuredmedia":[{"embeddable":true,"href":"https:\/\/rms-enlinea.com.ar\/tienda\/wp-json\/wp\/v2\/media\/5564"}],"wp:attachment":[{"href":"https:\/\/rms-enlinea.com.ar\/tienda\/wp-json\/wp\/v2\/media?parent=5569"}],"wp:term":[{"taxonomy":"product_brand","embeddable":true,"href":"https:\/\/rms-enlinea.com.ar\/tienda\/wp-json\/wp\/v2\/product_brand?post=5569"},{"taxonomy":"product_cat","embeddable":true,"href":"https:\/\/rms-enlinea.com.ar\/tienda\/wp-json\/wp\/v2\/product_cat?post=5569"},{"taxonomy":"product_tag","embeddable":true,"href":"https:\/\/rms-enlinea.com.ar\/tienda\/wp-json\/wp\/v2\/product_tag?post=5569"}],"curies":[{"name":"wp","href":"https:\/\/api.w.org\/{rel}","templated":true}]}}