{"id":56003,"date":"2025-09-15T18:52:12","date_gmt":"2025-09-15T21:52:12","guid":{"rendered":"https:\/\/rms-enlinea.com.ar\/tienda\/producto\/crossover-3-vias-estereo-subwoofer-ampro-tecshow-sc-203\/"},"modified":"2026-04-21T03:57:33","modified_gmt":"2026-04-21T06:57:33","slug":"crossover-3-vias-estereo-subwoofer-ampro-tecshow-sc-203","status":"publish","type":"product","link":"https:\/\/rms-enlinea.com.ar\/tienda\/producto\/crossover-3-vias-estereo-subwoofer-ampro-tecshow-sc-203\/","title":{"rendered":"Crossover 3 Vias Estereo Subwoofer Ampro Tecshow Sc-203"},"content":{"rendered":"<p>CROSSOVER EFICIENTE Y CONFIABLE DE 3 V\u00cdAS EST\u00c9REO + SUBWOOFER<br \/>SC-203 ES UN CROSSOVER DE 3 V\u00cdAS EST\u00c9REO CON UN RANGO DE CROSSOVER DE: SUBWOOFER: 50HZ-250HZ, 24\/10DB; BAJAS\/ALTAS: 250HZ-6KHZ, -24\/10DB; MEDIAS\/ALTAS: 480HZ-7KHZ, -24\/10DB. LA UNIDAD PROVEE UN FILTRO DE 12DB\/OCTAVA TIPO SLOPE Y CONEXIONES XLR BALANCEADAS O DE \u00bc\u2019\u2019 DESBALANCEADAS. EL SC-203 TAMBI\u00c9N TIENE UN BOT\u00d3N DE FASE, AJUSTE DE GANANCIA DE GRAVES Y AGUDOS POR SEPARADO Y UN FILTRO HIGH-PASS QUE PUEDE ELIMINAR EFECTIVAMENTE LA DISTORSI\u00d3N DE BAJAS FRECUENCIAS.<br \/>FICHA<br \/>TECNICA<br \/>GENERAL <br \/>TIPO DE CROSSOVER: 3 V\u00cdAS EST\u00c9REO + SUBWOOFER<br \/>RANGO DE CROSSOVER: <br \/>&#8211; SUBWOOFER: 50HZ-250HZ, -24\/10DB<br \/>&#8211; BAJOS\/ALTOS: 250HZ-6 KHZ, -24\/10DB<br \/>&#8211; MEDIOS\/ALTOS: 480HZ-7KHZ, -24\/10DB<br \/>TIPO DE FILTRO (SOLPE): 2DO ORDEN, 12DB\/OCTAVE<br \/>RESPUESTA DE FRECUENCIA: 25HZ-25KHZ, +0\/-1DB<br \/>RELACI\u00d3N SE\u00d1AL A RUIDO: &gt; -80DB<br \/>THD: 0.05% @ +4DBU, 1KHZ<\/p>\n<p>ENTRADAS <br \/>CONECTORES: 2 COMBOS DE ENTRADAS XLR-3\/TRS BALANCEADOS<br \/>IMPEDANCIA DE ENTRADA: 100KOHM<\/p>\n<p>SALIDAS <br \/>CONECTORES: 7 XLR BALANCEADAS<br \/>IMPEDANCIA DE SALIDA: 220OHM<\/p>\n<p>F\u00cdSICO <br \/>DIMENSIONES: 482X165X44 MM. \/ 19X6.5X1.7 PULG. <br \/>PESO: 2.5 KG. \/ 5.7 LBS.<\/p>\n","protected":false},"excerpt":{"rendered":"<p>CROSSOVER EFICIENTE Y CONFIABLE DE 3 V\u00cdAS EST\u00c9REO + SUBWOOFERSC-203 ES UN CROSSOVER DE 3 V\u00cdAS EST\u00c9REO CON UN RANGO DE CROSSOVER DE: SUBWOOFER: 50HZ-250HZ, 24\/10DB; BAJAS\/ALTAS: 250HZ-6KHZ, -24\/10DB; MEDIAS\/ALTAS: 480HZ-7KHZ, -24\/10DB. LA UNIDAD PROVEE UN FILTRO DE 12DB\/OCTAVA TIPO SLOPE Y CONEXIONES XLR BALANCEADAS O DE \u00bc\u2019\u2019 DESBALANCEADAS. EL SC-203 TAMBI\u00c9N TIENE UN BOT\u00d3N [&hellip;]<\/p>\n","protected":false},"featured_media":30971,"comment_status":"open","ping_status":"closed","template":"","meta":{"_uag_custom_page_level_css":""},"product_brand":[477],"product_cat":[79,15],"product_tag":[],"class_list":{"0":"post-56003","1":"product","2":"type-product","3":"status-publish","4":"has-post-thumbnail","6":"product_brand-ampro","7":"product_cat-procesadores","8":"product_cat-sin-categorizar","10":"first","11":"outofstock","12":"sale","13":"taxable","14":"shipping-taxable","15":"purchasable","16":"product-type-simple"},"uagb_featured_image_src":{"full":["https:\/\/rms-enlinea.com.ar\/wp-content\/uploads\/2025\/06\/D_918697-MLA53705565939_022023-F.jpg",1200,500,false],"thumbnail":["https:\/\/rms-enlinea.com.ar\/wp-content\/uploads\/2025\/06\/D_918697-MLA53705565939_022023-F-150x150.jpg",150,150,true],"medium":["https:\/\/rms-enlinea.com.ar\/wp-content\/uploads\/2025\/06\/D_918697-MLA53705565939_022023-F-300x125.jpg",300,125,true],"medium_large":["https:\/\/rms-enlinea.com.ar\/wp-content\/uploads\/2025\/06\/D_918697-MLA53705565939_022023-F-768x320.jpg",768,320,true],"large":["https:\/\/rms-enlinea.com.ar\/wp-content\/uploads\/2025\/06\/D_918697-MLA53705565939_022023-F-1024x427.jpg",1024,427,true],"1536x1536":["https:\/\/rms-enlinea.com.ar\/wp-content\/uploads\/2025\/06\/D_918697-MLA53705565939_022023-F.jpg",1200,500,false],"2048x2048":["https:\/\/rms-enlinea.com.ar\/wp-content\/uploads\/2025\/06\/D_918697-MLA53705565939_022023-F.jpg",1200,500,false],"woocommerce_thumbnail":["https:\/\/rms-enlinea.com.ar\/wp-content\/uploads\/2025\/06\/D_918697-MLA53705565939_022023-F-450x450.jpg",450,450,true],"woocommerce_single":["https:\/\/rms-enlinea.com.ar\/wp-content\/uploads\/2025\/06\/D_918697-MLA53705565939_022023-F-600x250.jpg",600,250,true],"woocommerce_gallery_thumbnail":["https:\/\/rms-enlinea.com.ar\/wp-content\/uploads\/2025\/06\/D_918697-MLA53705565939_022023-F-100x100.jpg",100,100,true]},"uagb_author_info":{"display_name":"nelson","author_link":"https:\/\/rms-enlinea.com.ar\/tienda\/author\/"},"uagb_comment_info":0,"uagb_excerpt":"CROSSOVER EFICIENTE Y CONFIABLE DE 3 V\u00cdAS EST\u00c9REO + SUBWOOFERSC-203 ES UN CROSSOVER DE 3 V\u00cdAS EST\u00c9REO CON UN RANGO DE CROSSOVER DE: SUBWOOFER: 50HZ-250HZ, 24\/10DB; BAJAS\/ALTAS: 250HZ-6KHZ, -24\/10DB; MEDIAS\/ALTAS: 480HZ-7KHZ, -24\/10DB. LA UNIDAD PROVEE UN FILTRO DE 12DB\/OCTAVA TIPO SLOPE Y CONEXIONES XLR BALANCEADAS O DE \u00bc\u2019\u2019 DESBALANCEADAS. EL SC-203 TAMBI\u00c9N TIENE UN BOT\u00d3N&hellip;","_links":{"self":[{"href":"https:\/\/rms-enlinea.com.ar\/tienda\/wp-json\/wp\/v2\/product\/56003","targetHints":{"allow":["GET"]}}],"collection":[{"href":"https:\/\/rms-enlinea.com.ar\/tienda\/wp-json\/wp\/v2\/product"}],"about":[{"href":"https:\/\/rms-enlinea.com.ar\/tienda\/wp-json\/wp\/v2\/types\/product"}],"replies":[{"embeddable":true,"href":"https:\/\/rms-enlinea.com.ar\/tienda\/wp-json\/wp\/v2\/comments?post=56003"}],"wp:featuredmedia":[{"embeddable":true,"href":"https:\/\/rms-enlinea.com.ar\/tienda\/wp-json\/wp\/v2\/media\/30971"}],"wp:attachment":[{"href":"https:\/\/rms-enlinea.com.ar\/tienda\/wp-json\/wp\/v2\/media?parent=56003"}],"wp:term":[{"taxonomy":"product_brand","embeddable":true,"href":"https:\/\/rms-enlinea.com.ar\/tienda\/wp-json\/wp\/v2\/product_brand?post=56003"},{"taxonomy":"product_cat","embeddable":true,"href":"https:\/\/rms-enlinea.com.ar\/tienda\/wp-json\/wp\/v2\/product_cat?post=56003"},{"taxonomy":"product_tag","embeddable":true,"href":"https:\/\/rms-enlinea.com.ar\/tienda\/wp-json\/wp\/v2\/product_tag?post=56003"}],"curies":[{"name":"wp","href":"https:\/\/api.w.org\/{rel}","templated":true}]}}