{"id":56064,"date":"2025-09-16T17:30:17","date_gmt":"2025-09-16T20:30:17","guid":{"rendered":"https:\/\/rms-enlinea.com.ar\/tienda\/producto\/water-cooler-thermaltake-th360-v2-ultra-ex-argb-sync\/"},"modified":"2026-04-06T14:03:52","modified_gmt":"2026-04-06T17:03:52","slug":"water-cooler-thermaltake-th360-v2-ultra-ex-argb-sync","status":"publish","type":"product","link":"https:\/\/rms-enlinea.com.ar\/tienda\/producto\/water-cooler-thermaltake-th360-v2-ultra-ex-argb-sync\/","title":{"rendered":"Water Cooler Thermaltake Th360 V2 Ultra Ex Argb Sync"},"content":{"rendered":"<p>El WATER COOLER THERMALTAKE TH360 V2 ULTRA EX ARGB SYNC es la soluci\u00f3n perfecta para quienes buscan un rendimiento superior en refrigeraci\u00f3n l\u00edquida. Dise\u00f1ado espec\u00edficamente para los entusiastas de la inform\u00e1tica y gamers, este enfriador de agua ofrece una capacidad de disipaci\u00f3n de calor de hasta 250 W, garantizando que tu CPU funcione a temperaturas \u00f3ptimas incluso en las sesiones m\u00e1s intensas.<\/p>\n<p>Con su impresionante iluminaci\u00f3n RGB, se integra a la perfecci\u00f3n en cualquier configuraci\u00f3n de PC, permitiendo personalizar el ambiente de tu estaci\u00f3n de trabajo. La tecnolog\u00eda de sincronizaci\u00f3n ARGB asegura que todos los componentes de tu sistema brillen de manera coordinada, elevando la est\u00e9tica de tu equipo.<\/p>\n<p>La compatibilidad con sockets Intel LGA2066 y AMD AM4 facilita su uso en una amplia variedad de builds, lo que hace que sea una opci\u00f3n vers\u00e1til para diferentes configuraciones. Adem\u00e1s, viene con pasta t\u00e9rmica incluida, lo que simplifica el proceso de instalaci\u00f3n y mejora la transferencia de calor entre el procesador y el enfriador.<\/p>\n<p>Este producto no solo maximiza el rendimiento t\u00e9rmico, sino que tambi\u00e9n minimiza el ruido, permitiendo que te concentres en lo que realmente importa. Descubre la fusi\u00f3n perfecta de estilo y funcionalidad con el WATER COOLER THERMALTAKE TH360 V2 ULTRA EX ARGB SYNC, dise\u00f1ado para llevar tu experiencia de computaci\u00f3n al siguiente nivel.<\/p>\n","protected":false},"excerpt":{"rendered":"<p>El WATER COOLER THERMALTAKE TH360 V2 ULTRA EX ARGB SYNC es la soluci\u00f3n perfecta para quienes buscan un rendimiento superior en refrigeraci\u00f3n l\u00edquida. Dise\u00f1ado espec\u00edficamente para los entusiastas de la inform\u00e1tica y gamers, este enfriador de agua ofrece una capacidad de disipaci\u00f3n de calor de hasta 250 W, garantizando que tu CPU funcione a temperaturas [&hellip;]<\/p>\n","protected":false},"featured_media":56065,"comment_status":"open","ping_status":"closed","template":"","meta":{"_uag_custom_page_level_css":""},"product_brand":[561],"product_cat":[105],"product_tag":[],"class_list":{"0":"post-56064","1":"product","2":"type-product","3":"status-publish","4":"has-post-thumbnail","6":"product_brand-thermaltake","7":"product_cat-cooler-y-sistemas-de-refrigeracion","9":"first","10":"instock","11":"sale","12":"taxable","13":"shipping-taxable","14":"purchasable","15":"product-type-simple"},"uagb_featured_image_src":{"full":["https:\/\/rms-enlinea.com.ar\/wp-content\/uploads\/2025\/09\/D_753778-MLA92602074353_092025-F.jpg",1198,381,false],"thumbnail":["https:\/\/rms-enlinea.com.ar\/wp-content\/uploads\/2025\/09\/D_753778-MLA92602074353_092025-F-150x150.jpg",150,150,true],"medium":["https:\/\/rms-enlinea.com.ar\/wp-content\/uploads\/2025\/09\/D_753778-MLA92602074353_092025-F-300x95.jpg",300,95,true],"medium_large":["https:\/\/rms-enlinea.com.ar\/wp-content\/uploads\/2025\/09\/D_753778-MLA92602074353_092025-F-768x244.jpg",768,244,true],"large":["https:\/\/rms-enlinea.com.ar\/wp-content\/uploads\/2025\/09\/D_753778-MLA92602074353_092025-F-1024x326.jpg",1024,326,true],"1536x1536":["https:\/\/rms-enlinea.com.ar\/wp-content\/uploads\/2025\/09\/D_753778-MLA92602074353_092025-F.jpg",1198,381,false],"2048x2048":["https:\/\/rms-enlinea.com.ar\/wp-content\/uploads\/2025\/09\/D_753778-MLA92602074353_092025-F.jpg",1198,381,false],"woocommerce_thumbnail":["https:\/\/rms-enlinea.com.ar\/wp-content\/uploads\/2025\/09\/D_753778-MLA92602074353_092025-F-450x381.jpg",450,381,true],"woocommerce_single":["https:\/\/rms-enlinea.com.ar\/wp-content\/uploads\/2025\/09\/D_753778-MLA92602074353_092025-F-600x191.jpg",600,191,true],"woocommerce_gallery_thumbnail":["https:\/\/rms-enlinea.com.ar\/wp-content\/uploads\/2025\/09\/D_753778-MLA92602074353_092025-F-100x100.jpg",100,100,true]},"uagb_author_info":{"display_name":"nelson","author_link":"https:\/\/rms-enlinea.com.ar\/tienda\/author\/"},"uagb_comment_info":0,"uagb_excerpt":"El WATER COOLER THERMALTAKE TH360 V2 ULTRA EX ARGB SYNC es la soluci\u00f3n perfecta para quienes buscan un rendimiento superior en refrigeraci\u00f3n l\u00edquida. Dise\u00f1ado espec\u00edficamente para los entusiastas de la inform\u00e1tica y gamers, este enfriador de agua ofrece una capacidad de disipaci\u00f3n de calor de hasta 250 W, garantizando que tu CPU funcione a temperaturas&hellip;","_links":{"self":[{"href":"https:\/\/rms-enlinea.com.ar\/tienda\/wp-json\/wp\/v2\/product\/56064","targetHints":{"allow":["GET"]}}],"collection":[{"href":"https:\/\/rms-enlinea.com.ar\/tienda\/wp-json\/wp\/v2\/product"}],"about":[{"href":"https:\/\/rms-enlinea.com.ar\/tienda\/wp-json\/wp\/v2\/types\/product"}],"replies":[{"embeddable":true,"href":"https:\/\/rms-enlinea.com.ar\/tienda\/wp-json\/wp\/v2\/comments?post=56064"}],"wp:featuredmedia":[{"embeddable":true,"href":"https:\/\/rms-enlinea.com.ar\/tienda\/wp-json\/wp\/v2\/media\/56065"}],"wp:attachment":[{"href":"https:\/\/rms-enlinea.com.ar\/tienda\/wp-json\/wp\/v2\/media?parent=56064"}],"wp:term":[{"taxonomy":"product_brand","embeddable":true,"href":"https:\/\/rms-enlinea.com.ar\/tienda\/wp-json\/wp\/v2\/product_brand?post=56064"},{"taxonomy":"product_cat","embeddable":true,"href":"https:\/\/rms-enlinea.com.ar\/tienda\/wp-json\/wp\/v2\/product_cat?post=56064"},{"taxonomy":"product_tag","embeddable":true,"href":"https:\/\/rms-enlinea.com.ar\/tienda\/wp-json\/wp\/v2\/product_tag?post=56064"}],"curies":[{"name":"wp","href":"https:\/\/api.w.org\/{rel}","templated":true}]}}