{"id":56624,"date":"2025-09-20T09:32:40","date_gmt":"2025-09-20T12:32:40","guid":{"rendered":"https:\/\/rms-enlinea.com.ar\/tienda\/producto\/placa-de-video-gigabyte-radeon-rx-7600-gaming-oc-8gb\/"},"modified":"2026-04-21T04:11:32","modified_gmt":"2026-04-21T07:11:32","slug":"placa-de-video-gigabyte-radeon-rx-7600-gaming-oc-8gb","status":"publish","type":"product","link":"https:\/\/rms-enlinea.com.ar\/tienda\/producto\/placa-de-video-gigabyte-radeon-rx-7600-gaming-oc-8gb\/","title":{"rendered":"Placa De Video Gigabyte Radeon Rx 7600 Gaming Oc 8gb"},"content":{"rendered":"<p>Procesamiento de gr\u00e1ficos<br \/>Radeon\u2122 RX 7600<br \/>Reloj de n\u00facleo<br \/>Boost Clock*: hasta 2755 MHz (Tarjeta de referencia: 2655 MHz)<br \/> \tGame Clock*: hasta 2355 MHz (Tarjeta de referencia: 2250 MHz)<br \/>Procesadores de flujo<br \/>2048<br \/>Reloj de la memoria<br \/>18 Gbps<br \/>Tama\u00f1o de la memoria<br \/>8GB<br \/>Tipo de memoria<br \/>GDDR6<br \/>Autob\u00fas de memoria<br \/>128 bits<br \/>Tarjeta de autob\u00fas<br \/>PCI-E 4.0<br \/>Resoluci\u00f3n m\u00e1xima digital<br \/>7680&#215;4320<br \/>Vista m\u00faltiple<br \/>4<br \/>Tama\u00f1o de tarjeta<br \/>Largo=282 Ancho=115 Alto=50 mm<br \/>Formulario de PCB<br \/>ATX<br \/>DirectX<br \/>12 \u00faltimo<br \/>OpenGL<br \/>4.6<br \/>Fuente de alimentaci\u00f3n recomendada<br \/>550W<br \/>Conectores de alimentaci\u00f3n<br \/>8 pines * 1<br \/>Producci\u00f3n<br \/>DisplayPort 1.4a *2<br \/> \tHDMI 2.1a *2<\/p>\n","protected":false},"excerpt":{"rendered":"<p>Procesamiento de gr\u00e1ficosRadeon\u2122 RX 7600Reloj de n\u00facleoBoost Clock*: hasta 2755 MHz (Tarjeta de referencia: 2655 MHz) Game Clock*: hasta 2355 MHz (Tarjeta de referencia: 2250 MHz)Procesadores de flujo2048Reloj de la memoria18 GbpsTama\u00f1o de la memoria8GBTipo de memoriaGDDR6Autob\u00fas de memoria128 bitsTarjeta de autob\u00fasPCI-E 4.0Resoluci\u00f3n m\u00e1xima digital7680&#215;4320Vista m\u00faltiple4Tama\u00f1o de tarjetaLargo=282 Ancho=115 Alto=50 mmFormulario de PCBATXDirectX12 \u00faltimoOpenGL4.6Fuente de [&hellip;]<\/p>\n","protected":false},"featured_media":11290,"comment_status":"open","ping_status":"closed","template":"","meta":{"_uag_custom_page_level_css":""},"product_brand":[532],"product_cat":[120],"product_tag":[],"class_list":{"0":"post-56624","1":"product","2":"type-product","3":"status-publish","4":"has-post-thumbnail","6":"product_brand-gigabyte","7":"product_cat-placas-de-video","9":"first","10":"outofstock","11":"sale","12":"taxable","13":"shipping-taxable","14":"purchasable","15":"product-type-simple"},"uagb_featured_image_src":{"full":["https:\/\/rms-enlinea.com.ar\/wp-content\/uploads\/2025\/06\/D_766702-MLU70820907817_082023-F.jpg",500,463,false],"thumbnail":["https:\/\/rms-enlinea.com.ar\/wp-content\/uploads\/2025\/06\/D_766702-MLU70820907817_082023-F-150x150.jpg",150,150,true],"medium":["https:\/\/rms-enlinea.com.ar\/wp-content\/uploads\/2025\/06\/D_766702-MLU70820907817_082023-F-300x278.jpg",300,278,true],"medium_large":["https:\/\/rms-enlinea.com.ar\/wp-content\/uploads\/2025\/06\/D_766702-MLU70820907817_082023-F.jpg",500,463,false],"large":["https:\/\/rms-enlinea.com.ar\/wp-content\/uploads\/2025\/06\/D_766702-MLU70820907817_082023-F.jpg",500,463,false],"1536x1536":["https:\/\/rms-enlinea.com.ar\/wp-content\/uploads\/2025\/06\/D_766702-MLU70820907817_082023-F.jpg",500,463,false],"2048x2048":["https:\/\/rms-enlinea.com.ar\/wp-content\/uploads\/2025\/06\/D_766702-MLU70820907817_082023-F.jpg",500,463,false],"woocommerce_thumbnail":["https:\/\/rms-enlinea.com.ar\/wp-content\/uploads\/2025\/06\/D_766702-MLU70820907817_082023-F-450x450.jpg",450,450,true],"woocommerce_single":["https:\/\/rms-enlinea.com.ar\/wp-content\/uploads\/2025\/06\/D_766702-MLU70820907817_082023-F.jpg",500,463,false],"woocommerce_gallery_thumbnail":["https:\/\/rms-enlinea.com.ar\/wp-content\/uploads\/2025\/06\/D_766702-MLU70820907817_082023-F-100x100.jpg",100,100,true]},"uagb_author_info":{"display_name":"nelson","author_link":"https:\/\/rms-enlinea.com.ar\/tienda\/author\/"},"uagb_comment_info":0,"uagb_excerpt":"Procesamiento de gr\u00e1ficosRadeon\u2122 RX 7600Reloj de n\u00facleoBoost Clock*: hasta 2755 MHz (Tarjeta de referencia: 2655 MHz) Game Clock*: hasta 2355 MHz (Tarjeta de referencia: 2250 MHz)Procesadores de flujo2048Reloj de la memoria18 GbpsTama\u00f1o de la memoria8GBTipo de memoriaGDDR6Autob\u00fas de memoria128 bitsTarjeta de autob\u00fasPCI-E 4.0Resoluci\u00f3n m\u00e1xima digital7680&#215;4320Vista m\u00faltiple4Tama\u00f1o de tarjetaLargo=282 Ancho=115 Alto=50 mmFormulario de PCBATXDirectX12 \u00faltimoOpenGL4.6Fuente de&hellip;","_links":{"self":[{"href":"https:\/\/rms-enlinea.com.ar\/tienda\/wp-json\/wp\/v2\/product\/56624","targetHints":{"allow":["GET"]}}],"collection":[{"href":"https:\/\/rms-enlinea.com.ar\/tienda\/wp-json\/wp\/v2\/product"}],"about":[{"href":"https:\/\/rms-enlinea.com.ar\/tienda\/wp-json\/wp\/v2\/types\/product"}],"replies":[{"embeddable":true,"href":"https:\/\/rms-enlinea.com.ar\/tienda\/wp-json\/wp\/v2\/comments?post=56624"}],"wp:featuredmedia":[{"embeddable":true,"href":"https:\/\/rms-enlinea.com.ar\/tienda\/wp-json\/wp\/v2\/media\/11290"}],"wp:attachment":[{"href":"https:\/\/rms-enlinea.com.ar\/tienda\/wp-json\/wp\/v2\/media?parent=56624"}],"wp:term":[{"taxonomy":"product_brand","embeddable":true,"href":"https:\/\/rms-enlinea.com.ar\/tienda\/wp-json\/wp\/v2\/product_brand?post=56624"},{"taxonomy":"product_cat","embeddable":true,"href":"https:\/\/rms-enlinea.com.ar\/tienda\/wp-json\/wp\/v2\/product_cat?post=56624"},{"taxonomy":"product_tag","embeddable":true,"href":"https:\/\/rms-enlinea.com.ar\/tienda\/wp-json\/wp\/v2\/product_tag?post=56624"}],"curies":[{"name":"wp","href":"https:\/\/api.w.org\/{rel}","templated":true}]}}