{"id":56651,"date":"2025-09-22T18:00:07","date_gmt":"2025-09-22T21:00:07","guid":{"rendered":"https:\/\/rms-enlinea.com.ar\/tienda\/producto\/mother-asus-prime-b650em-a-wifi-am5-ddr5-pcie-4-0-wifi\/"},"modified":"2026-05-08T11:21:28","modified_gmt":"2026-05-08T14:21:28","slug":"mother-asus-prime-b650em-a-wifi-am5-ddr5-pcie-4-0-wifi","status":"publish","type":"product","link":"https:\/\/rms-enlinea.com.ar\/tienda\/producto\/mother-asus-prime-b650em-a-wifi-am5-ddr5-pcie-4-0-wifi\/","title":{"rendered":"Mother Asus Prime B650em-a Wifi Am5 Ddr5 Pcie-4.0 Wifi"},"content":{"rendered":"<p>La MOTHER ASUS PRIME B650EM-A WIFI AM5 DDR5 es la elecci\u00f3n ideal para quienes buscan un rendimiento \u00f3ptimo y una conectividad avanzada en su sistema. Dise\u00f1ada para la plataforma AMD y equipada con socket AM5, esta placa base Micro ATX ofrece un chipset B650 que maximiza la velocidad y eficiencia de cada componente.<\/p>\n<p>Con soporte para memoria RAM DDR5 de hasta 128 GB y velocidad de 6400 MHz, podr\u00e1s experimentar un rendimiento fluido en tareas multitarea y en aplicaciones exigentes. Sus cuatro slots DIMM y la capacidad de funcionamiento en dual channel te permiten personalizar y optimizar tu sistema seg\u00fan tus necesidades.<\/p>\n<p>La conectividad no es un problema, ya que cuenta con WiFi, Ethernet, m\u00faltiples puertos USB y audio jacks, asegurando que tus dispositivos est\u00e9n siempre al alcance. Adem\u00e1s, su ranura PCIe x16 en versi\u00f3n 4.0 te proporciona una velocidad de transferencia r\u00e1pida para tarjetas gr\u00e1ficas y otros perif\u00e9ricos de alto rendimiento.<\/p>\n<p>Con caracter\u00edsticas adicionales como dissipador de calor, soporte para overclock y BIOS flashback, la ASUS PRIME B650EM-A est\u00e1 dise\u00f1ada para adaptarse a los entusiastas que buscan llevar su construcci\u00f3n al l\u00edmite. Esta placa base es una opci\u00f3n s\u00f3lida para gamers, creadores de contenido y usuarios que buscan la mejor experiencia de computaci\u00f3n en su escritorio.<\/p>\n","protected":false},"excerpt":{"rendered":"<p>La MOTHER ASUS PRIME B650EM-A WIFI AM5 DDR5 es la elecci\u00f3n ideal para quienes buscan un rendimiento \u00f3ptimo y una conectividad avanzada en su sistema. Dise\u00f1ada para la plataforma AMD y equipada con socket AM5, esta placa base Micro ATX ofrece un chipset B650 que maximiza la velocidad y eficiencia de cada componente. Con soporte [&hellip;]<\/p>\n","protected":false},"featured_media":56652,"comment_status":"open","ping_status":"closed","template":"","meta":{"_uag_custom_page_level_css":""},"product_brand":[586],"product_cat":[115],"product_tag":[],"class_list":{"0":"post-56651","1":"product","2":"type-product","3":"status-publish","4":"has-post-thumbnail","6":"product_brand-asus","7":"product_cat-mother","9":"first","10":"outofstock","11":"sale","12":"taxable","13":"shipping-taxable","14":"purchasable","15":"product-type-simple"},"uagb_featured_image_src":{"full":["https:\/\/rms-enlinea.com.ar\/wp-content\/uploads\/2025\/09\/D_742664-MLA92702516368_092025-F.jpg",1200,1148,false],"thumbnail":["https:\/\/rms-enlinea.com.ar\/wp-content\/uploads\/2025\/09\/D_742664-MLA92702516368_092025-F-150x150.jpg",150,150,true],"medium":["https:\/\/rms-enlinea.com.ar\/wp-content\/uploads\/2025\/09\/D_742664-MLA92702516368_092025-F-300x287.jpg",300,287,true],"medium_large":["https:\/\/rms-enlinea.com.ar\/wp-content\/uploads\/2025\/09\/D_742664-MLA92702516368_092025-F-768x735.jpg",768,735,true],"large":["https:\/\/rms-enlinea.com.ar\/wp-content\/uploads\/2025\/09\/D_742664-MLA92702516368_092025-F-1024x980.jpg",1024,980,true],"1536x1536":["https:\/\/rms-enlinea.com.ar\/wp-content\/uploads\/2025\/09\/D_742664-MLA92702516368_092025-F.jpg",1200,1148,false],"2048x2048":["https:\/\/rms-enlinea.com.ar\/wp-content\/uploads\/2025\/09\/D_742664-MLA92702516368_092025-F.jpg",1200,1148,false],"woocommerce_thumbnail":["https:\/\/rms-enlinea.com.ar\/wp-content\/uploads\/2025\/09\/D_742664-MLA92702516368_092025-F-450x450.jpg",450,450,true],"woocommerce_single":["https:\/\/rms-enlinea.com.ar\/wp-content\/uploads\/2025\/09\/D_742664-MLA92702516368_092025-F-600x574.jpg",600,574,true],"woocommerce_gallery_thumbnail":["https:\/\/rms-enlinea.com.ar\/wp-content\/uploads\/2025\/09\/D_742664-MLA92702516368_092025-F-100x100.jpg",100,100,true]},"uagb_author_info":{"display_name":"nelson","author_link":"https:\/\/rms-enlinea.com.ar\/tienda\/author\/"},"uagb_comment_info":0,"uagb_excerpt":"La MOTHER ASUS PRIME B650EM-A WIFI AM5 DDR5 es la elecci\u00f3n ideal para quienes buscan un rendimiento \u00f3ptimo y una conectividad avanzada en su sistema. Dise\u00f1ada para la plataforma AMD y equipada con socket AM5, esta placa base Micro ATX ofrece un chipset B650 que maximiza la velocidad y eficiencia de cada componente. Con soporte&hellip;","_links":{"self":[{"href":"https:\/\/rms-enlinea.com.ar\/tienda\/wp-json\/wp\/v2\/product\/56651","targetHints":{"allow":["GET"]}}],"collection":[{"href":"https:\/\/rms-enlinea.com.ar\/tienda\/wp-json\/wp\/v2\/product"}],"about":[{"href":"https:\/\/rms-enlinea.com.ar\/tienda\/wp-json\/wp\/v2\/types\/product"}],"replies":[{"embeddable":true,"href":"https:\/\/rms-enlinea.com.ar\/tienda\/wp-json\/wp\/v2\/comments?post=56651"}],"wp:featuredmedia":[{"embeddable":true,"href":"https:\/\/rms-enlinea.com.ar\/tienda\/wp-json\/wp\/v2\/media\/56652"}],"wp:attachment":[{"href":"https:\/\/rms-enlinea.com.ar\/tienda\/wp-json\/wp\/v2\/media?parent=56651"}],"wp:term":[{"taxonomy":"product_brand","embeddable":true,"href":"https:\/\/rms-enlinea.com.ar\/tienda\/wp-json\/wp\/v2\/product_brand?post=56651"},{"taxonomy":"product_cat","embeddable":true,"href":"https:\/\/rms-enlinea.com.ar\/tienda\/wp-json\/wp\/v2\/product_cat?post=56651"},{"taxonomy":"product_tag","embeddable":true,"href":"https:\/\/rms-enlinea.com.ar\/tienda\/wp-json\/wp\/v2\/product_tag?post=56651"}],"curies":[{"name":"wp","href":"https:\/\/api.w.org\/{rel}","templated":true}]}}