{"id":56670,"date":"2025-09-22T18:00:53","date_gmt":"2025-09-22T21:00:53","guid":{"rendered":"https:\/\/rms-enlinea.com.ar\/tienda\/producto\/soporte-de-escritorio-monitor-13-a-27-intelaid-it-dbgs\/"},"modified":"2026-04-06T12:49:02","modified_gmt":"2026-04-06T15:49:02","slug":"soporte-de-escritorio-monitor-13-a-27-intelaid-it-dbgs","status":"publish","type":"product","link":"https:\/\/rms-enlinea.com.ar\/tienda\/producto\/soporte-de-escritorio-monitor-13-a-27-intelaid-it-dbgs\/","title":{"rendered":"Soporte De Escritorio Monitor 13 A 27 Intelaid It-dbgs"},"content":{"rendered":"<p>Marca<\/p>\n<p>Intelaid<br \/>\nTipos de pantallas soportadas<\/p>\n<p>LED:LCD<br \/>\nEs articulado<\/p>\n<p>S\u00ed<br \/>\nEs fijo<\/p>\n<p>No<br \/>\nEs inclinable<\/p>\n<p>S\u00ed<br \/>\nTama\u00f1o m\u00e1ximo de la pantalla<\/p>\n<p>27 &#8221;<br \/>\nPeso m\u00e1ximo soportado<\/p>\n<p>6 kg<br \/>\nTama\u00f1o m\u00ednimo de la pantalla<\/p>\n<p>13 &#8221;<br \/>\nModelo<\/p>\n<p>NN100674<br \/>\nLugar de montaje<\/p>\n<p>Mesa<br \/>\nEst\u00e1ndares VESA<\/p>\n<p>100&#215;100<\/p>\n","protected":false},"excerpt":{"rendered":"<p>Marca Intelaid Tipos de pantallas soportadas LED:LCD Es articulado S\u00ed Es fijo No Es inclinable S\u00ed Tama\u00f1o m\u00e1ximo de la pantalla 27 &#8221; Peso m\u00e1ximo soportado 6 kg Tama\u00f1o m\u00ednimo de la pantalla 13 &#8221; Modelo NN100674 Lugar de montaje Mesa Est\u00e1ndares VESA 100&#215;100<\/p>\n","protected":false},"featured_media":56671,"comment_status":"open","ping_status":"closed","template":"","meta":{"_uag_custom_page_level_css":""},"product_brand":[575],"product_cat":[461],"product_tag":[],"class_list":{"0":"post-56670","1":"product","2":"type-product","3":"status-publish","4":"has-post-thumbnail","6":"product_brand-intelaid","7":"product_cat-soportes-computacion","9":"first","10":"outofstock","11":"sale","12":"taxable","13":"shipping-taxable","14":"purchasable","15":"product-type-simple"},"uagb_featured_image_src":{"full":["https:\/\/rms-enlinea.com.ar\/wp-content\/uploads\/2025\/09\/D_946351-MLA92703086466_092025-F.jpg",496,1200,false],"thumbnail":["https:\/\/rms-enlinea.com.ar\/wp-content\/uploads\/2025\/09\/D_946351-MLA92703086466_092025-F-150x150.jpg",150,150,true],"medium":["https:\/\/rms-enlinea.com.ar\/wp-content\/uploads\/2025\/09\/D_946351-MLA92703086466_092025-F-124x300.jpg",124,300,true],"medium_large":["https:\/\/rms-enlinea.com.ar\/wp-content\/uploads\/2025\/09\/D_946351-MLA92703086466_092025-F.jpg",496,1200,false],"large":["https:\/\/rms-enlinea.com.ar\/wp-content\/uploads\/2025\/09\/D_946351-MLA92703086466_092025-F-423x1024.jpg",423,1024,true],"1536x1536":["https:\/\/rms-enlinea.com.ar\/wp-content\/uploads\/2025\/09\/D_946351-MLA92703086466_092025-F.jpg",496,1200,false],"2048x2048":["https:\/\/rms-enlinea.com.ar\/wp-content\/uploads\/2025\/09\/D_946351-MLA92703086466_092025-F.jpg",496,1200,false],"woocommerce_thumbnail":["https:\/\/rms-enlinea.com.ar\/wp-content\/uploads\/2025\/09\/D_946351-MLA92703086466_092025-F-450x450.jpg",450,450,true],"woocommerce_single":["https:\/\/rms-enlinea.com.ar\/wp-content\/uploads\/2025\/09\/D_946351-MLA92703086466_092025-F.jpg",496,1200,false],"woocommerce_gallery_thumbnail":["https:\/\/rms-enlinea.com.ar\/wp-content\/uploads\/2025\/09\/D_946351-MLA92703086466_092025-F-100x100.jpg",100,100,true]},"uagb_author_info":{"display_name":"nelson","author_link":"https:\/\/rms-enlinea.com.ar\/tienda\/author\/"},"uagb_comment_info":0,"uagb_excerpt":"Marca Intelaid Tipos de pantallas soportadas LED:LCD Es articulado S\u00ed Es fijo No Es inclinable S\u00ed Tama\u00f1o m\u00e1ximo de la pantalla 27 &#8221; Peso m\u00e1ximo soportado 6 kg Tama\u00f1o m\u00ednimo de la pantalla 13 &#8221; Modelo NN100674 Lugar de montaje Mesa Est\u00e1ndares VESA 100&#215;100","_links":{"self":[{"href":"https:\/\/rms-enlinea.com.ar\/tienda\/wp-json\/wp\/v2\/product\/56670","targetHints":{"allow":["GET"]}}],"collection":[{"href":"https:\/\/rms-enlinea.com.ar\/tienda\/wp-json\/wp\/v2\/product"}],"about":[{"href":"https:\/\/rms-enlinea.com.ar\/tienda\/wp-json\/wp\/v2\/types\/product"}],"replies":[{"embeddable":true,"href":"https:\/\/rms-enlinea.com.ar\/tienda\/wp-json\/wp\/v2\/comments?post=56670"}],"wp:featuredmedia":[{"embeddable":true,"href":"https:\/\/rms-enlinea.com.ar\/tienda\/wp-json\/wp\/v2\/media\/56671"}],"wp:attachment":[{"href":"https:\/\/rms-enlinea.com.ar\/tienda\/wp-json\/wp\/v2\/media?parent=56670"}],"wp:term":[{"taxonomy":"product_brand","embeddable":true,"href":"https:\/\/rms-enlinea.com.ar\/tienda\/wp-json\/wp\/v2\/product_brand?post=56670"},{"taxonomy":"product_cat","embeddable":true,"href":"https:\/\/rms-enlinea.com.ar\/tienda\/wp-json\/wp\/v2\/product_cat?post=56670"},{"taxonomy":"product_tag","embeddable":true,"href":"https:\/\/rms-enlinea.com.ar\/tienda\/wp-json\/wp\/v2\/product_tag?post=56670"}],"curies":[{"name":"wp","href":"https:\/\/api.w.org\/{rel}","templated":true}]}}