{"id":56724,"date":"2025-09-24T15:31:10","date_gmt":"2025-09-24T18:31:10","guid":{"rendered":"https:\/\/rms-enlinea.com.ar\/tienda\/producto\/barra-movil-beam-big-dipper-l1015-10-led-rgbw-4-en-1-de-15-w\/"},"modified":"2026-04-08T22:31:04","modified_gmt":"2026-04-09T01:31:04","slug":"barra-movil-beam-big-dipper-l1015-10-led-rgbw-4-en-1-de-15-w","status":"publish","type":"product","link":"https:\/\/rms-enlinea.com.ar\/tienda\/producto\/barra-movil-beam-big-dipper-l1015-10-led-rgbw-4-en-1-de-15-w\/","title":{"rendered":"Barra Movil Beam Big Dipper L1015 10 Led Rgbw 4 En 1 De 15 W"},"content":{"rendered":"<p>Modelo: L1015<br \/>Fuente de luz: 10 LED RGBW 4 en 1 de 15 W<br \/>Potencia nominal (W): 180W<br \/>Voltaje de entrada (V): CA 100-240 V 50-60 Hz<br \/>Canal DMX: 7\/13\/43 canales<br \/>Atenuador: 32 bits 0 ~ 100 % atenuaci\u00f3n lineal<br \/>Tama\u00f1o del producto: 985 x 73 x 153 mm<br \/>Tama\u00f1o de la caja: 1075 x 265 x 235 mm<br \/>Peso neto: 14,5 kg (2 piezas)<br \/>Control: DMX 512\/Maestro-Esclavo\/Autom\u00e1tico\/Sonido<br \/>Caracter\u00edsticas: Cabezal m\u00f3vil de eje Y + Haz + Estrobosc\u00f3pico<\/p>\n","protected":false},"excerpt":{"rendered":"<p>Modelo: L1015Fuente de luz: 10 LED RGBW 4 en 1 de 15 WPotencia nominal (W): 180WVoltaje de entrada (V): CA 100-240 V 50-60 HzCanal DMX: 7\/13\/43 canalesAtenuador: 32 bits 0 ~ 100 % atenuaci\u00f3n linealTama\u00f1o del producto: 985 x 73 x 153 mmTama\u00f1o de la caja: 1075 x 265 x 235 mmPeso neto: 14,5 kg [&hellip;]<\/p>\n","protected":false},"featured_media":56725,"comment_status":"open","ping_status":"closed","template":"","meta":{"_uag_custom_page_level_css":""},"product_brand":[523],"product_cat":[15,97],"product_tag":[],"class_list":{"0":"post-56724","1":"product","2":"type-product","3":"status-publish","4":"has-post-thumbnail","6":"product_brand-bigdipper","7":"product_cat-sin-categorizar","8":"product_cat-wash-y-par","10":"first","11":"instock","12":"sale","13":"taxable","14":"shipping-taxable","15":"purchasable","16":"product-type-simple"},"uagb_featured_image_src":{"full":["https:\/\/rms-enlinea.com.ar\/wp-content\/uploads\/2025\/09\/D_713246-MLA92887687798_092025-F.jpg",1200,735,false],"thumbnail":["https:\/\/rms-enlinea.com.ar\/wp-content\/uploads\/2025\/09\/D_713246-MLA92887687798_092025-F-150x150.jpg",150,150,true],"medium":["https:\/\/rms-enlinea.com.ar\/wp-content\/uploads\/2025\/09\/D_713246-MLA92887687798_092025-F-300x184.jpg",300,184,true],"medium_large":["https:\/\/rms-enlinea.com.ar\/wp-content\/uploads\/2025\/09\/D_713246-MLA92887687798_092025-F-768x470.jpg",768,470,true],"large":["https:\/\/rms-enlinea.com.ar\/wp-content\/uploads\/2025\/09\/D_713246-MLA92887687798_092025-F-1024x627.jpg",1024,627,true],"1536x1536":["https:\/\/rms-enlinea.com.ar\/wp-content\/uploads\/2025\/09\/D_713246-MLA92887687798_092025-F.jpg",1200,735,false],"2048x2048":["https:\/\/rms-enlinea.com.ar\/wp-content\/uploads\/2025\/09\/D_713246-MLA92887687798_092025-F.jpg",1200,735,false],"woocommerce_thumbnail":["https:\/\/rms-enlinea.com.ar\/wp-content\/uploads\/2025\/09\/D_713246-MLA92887687798_092025-F-450x450.jpg",450,450,true],"woocommerce_single":["https:\/\/rms-enlinea.com.ar\/wp-content\/uploads\/2025\/09\/D_713246-MLA92887687798_092025-F-600x368.jpg",600,368,true],"woocommerce_gallery_thumbnail":["https:\/\/rms-enlinea.com.ar\/wp-content\/uploads\/2025\/09\/D_713246-MLA92887687798_092025-F-100x100.jpg",100,100,true]},"uagb_author_info":{"display_name":"nelson","author_link":"https:\/\/rms-enlinea.com.ar\/tienda\/author\/"},"uagb_comment_info":0,"uagb_excerpt":"Modelo: L1015Fuente de luz: 10 LED RGBW 4 en 1 de 15 WPotencia nominal (W): 180WVoltaje de entrada (V): CA 100-240 V 50-60 HzCanal DMX: 7\/13\/43 canalesAtenuador: 32 bits 0 ~ 100 % atenuaci\u00f3n linealTama\u00f1o del producto: 985 x 73 x 153 mmTama\u00f1o de la caja: 1075 x 265 x 235 mmPeso neto: 14,5 kg&hellip;","_links":{"self":[{"href":"https:\/\/rms-enlinea.com.ar\/tienda\/wp-json\/wp\/v2\/product\/56724","targetHints":{"allow":["GET"]}}],"collection":[{"href":"https:\/\/rms-enlinea.com.ar\/tienda\/wp-json\/wp\/v2\/product"}],"about":[{"href":"https:\/\/rms-enlinea.com.ar\/tienda\/wp-json\/wp\/v2\/types\/product"}],"replies":[{"embeddable":true,"href":"https:\/\/rms-enlinea.com.ar\/tienda\/wp-json\/wp\/v2\/comments?post=56724"}],"wp:featuredmedia":[{"embeddable":true,"href":"https:\/\/rms-enlinea.com.ar\/tienda\/wp-json\/wp\/v2\/media\/56725"}],"wp:attachment":[{"href":"https:\/\/rms-enlinea.com.ar\/tienda\/wp-json\/wp\/v2\/media?parent=56724"}],"wp:term":[{"taxonomy":"product_brand","embeddable":true,"href":"https:\/\/rms-enlinea.com.ar\/tienda\/wp-json\/wp\/v2\/product_brand?post=56724"},{"taxonomy":"product_cat","embeddable":true,"href":"https:\/\/rms-enlinea.com.ar\/tienda\/wp-json\/wp\/v2\/product_cat?post=56724"},{"taxonomy":"product_tag","embeddable":true,"href":"https:\/\/rms-enlinea.com.ar\/tienda\/wp-json\/wp\/v2\/product_tag?post=56724"}],"curies":[{"name":"wp","href":"https:\/\/api.w.org\/{rel}","templated":true}]}}