{"id":56910,"date":"2025-09-26T18:41:01","date_gmt":"2025-09-26T21:41:01","guid":{"rendered":"https:\/\/rms-enlinea.com.ar\/tienda\/producto\/microsd-kingston-512gb-c-adap-gen3-150mb-s-canvas-splus-cl10\/"},"modified":"2026-05-06T04:01:53","modified_gmt":"2026-05-06T07:01:53","slug":"microsd-kingston-512gb-c-adap-gen3-150mb-s-canvas-splus-cl10","status":"publish","type":"product","link":"https:\/\/rms-enlinea.com.ar\/tienda\/producto\/microsd-kingston-512gb-c-adap-gen3-150mb-s-canvas-splus-cl10\/","title":{"rendered":"Microsd Kingston 512gb C\/adap Gen3 150mb\/s Canvas Splus Cl10"},"content":{"rendered":"<p>Capacidad\t512 GB<br \/>Norma\/Categor\u00eda\tCategor\u00eda 10<br \/>Rendimiento\t 150 MB\/s en lectura, categor\u00eda de velocidad UHS-I, U3, V30, A1<br \/>Dimensiones de la tarjeta microSDXC\t11mm \u00d7 15mm \u00d7 1mm<br \/>Dimensiones del adaptador SD\t24 mm \u00d7 32 mm \u00d7 2,1 mm<\/p>\n","protected":false},"excerpt":{"rendered":"<p>Capacidad 512 GBNorma\/Categor\u00eda Categor\u00eda 10Rendimiento 150 MB\/s en lectura, categor\u00eda de velocidad UHS-I, U3, V30, A1Dimensiones de la tarjeta microSDXC 11mm \u00d7 15mm \u00d7 1mmDimensiones del adaptador SD 24 mm \u00d7 32 mm \u00d7 2,1 mm<\/p>\n","protected":false},"featured_media":56911,"comment_status":"open","ping_status":"closed","template":"","meta":{"_uag_custom_page_level_css":""},"product_brand":[556],"product_cat":[112],"product_tag":[],"class_list":{"0":"post-56910","1":"product","2":"type-product","3":"status-publish","4":"has-post-thumbnail","6":"product_brand-kingston","7":"product_cat-mamorias","9":"first","10":"outofstock","11":"sale","12":"taxable","13":"shipping-taxable","14":"purchasable","15":"product-type-simple"},"uagb_featured_image_src":{"full":["https:\/\/rms-enlinea.com.ar\/wp-content\/uploads\/2025\/09\/D_946965-MLA93491723801_092025-F.jpg",1066,1198,false],"thumbnail":["https:\/\/rms-enlinea.com.ar\/wp-content\/uploads\/2025\/09\/D_946965-MLA93491723801_092025-F-150x150.jpg",150,150,true],"medium":["https:\/\/rms-enlinea.com.ar\/wp-content\/uploads\/2025\/09\/D_946965-MLA93491723801_092025-F-267x300.jpg",267,300,true],"medium_large":["https:\/\/rms-enlinea.com.ar\/wp-content\/uploads\/2025\/09\/D_946965-MLA93491723801_092025-F-768x863.jpg",768,863,true],"large":["https:\/\/rms-enlinea.com.ar\/wp-content\/uploads\/2025\/09\/D_946965-MLA93491723801_092025-F-911x1024.jpg",911,1024,true],"1536x1536":["https:\/\/rms-enlinea.com.ar\/wp-content\/uploads\/2025\/09\/D_946965-MLA93491723801_092025-F.jpg",1066,1198,false],"2048x2048":["https:\/\/rms-enlinea.com.ar\/wp-content\/uploads\/2025\/09\/D_946965-MLA93491723801_092025-F.jpg",1066,1198,false],"woocommerce_thumbnail":["https:\/\/rms-enlinea.com.ar\/wp-content\/uploads\/2025\/09\/D_946965-MLA93491723801_092025-F-450x450.jpg",450,450,true],"woocommerce_single":["https:\/\/rms-enlinea.com.ar\/wp-content\/uploads\/2025\/09\/D_946965-MLA93491723801_092025-F-600x674.jpg",600,674,true],"woocommerce_gallery_thumbnail":["https:\/\/rms-enlinea.com.ar\/wp-content\/uploads\/2025\/09\/D_946965-MLA93491723801_092025-F-100x100.jpg",100,100,true]},"uagb_author_info":{"display_name":"nelson","author_link":"https:\/\/rms-enlinea.com.ar\/tienda\/author\/"},"uagb_comment_info":0,"uagb_excerpt":"Capacidad 512 GBNorma\/Categor\u00eda Categor\u00eda 10Rendimiento 150 MB\/s en lectura, categor\u00eda de velocidad UHS-I, U3, V30, A1Dimensiones de la tarjeta microSDXC 11mm \u00d7 15mm \u00d7 1mmDimensiones del adaptador SD 24 mm \u00d7 32 mm \u00d7 2,1 mm","_links":{"self":[{"href":"https:\/\/rms-enlinea.com.ar\/tienda\/wp-json\/wp\/v2\/product\/56910","targetHints":{"allow":["GET"]}}],"collection":[{"href":"https:\/\/rms-enlinea.com.ar\/tienda\/wp-json\/wp\/v2\/product"}],"about":[{"href":"https:\/\/rms-enlinea.com.ar\/tienda\/wp-json\/wp\/v2\/types\/product"}],"replies":[{"embeddable":true,"href":"https:\/\/rms-enlinea.com.ar\/tienda\/wp-json\/wp\/v2\/comments?post=56910"}],"wp:featuredmedia":[{"embeddable":true,"href":"https:\/\/rms-enlinea.com.ar\/tienda\/wp-json\/wp\/v2\/media\/56911"}],"wp:attachment":[{"href":"https:\/\/rms-enlinea.com.ar\/tienda\/wp-json\/wp\/v2\/media?parent=56910"}],"wp:term":[{"taxonomy":"product_brand","embeddable":true,"href":"https:\/\/rms-enlinea.com.ar\/tienda\/wp-json\/wp\/v2\/product_brand?post=56910"},{"taxonomy":"product_cat","embeddable":true,"href":"https:\/\/rms-enlinea.com.ar\/tienda\/wp-json\/wp\/v2\/product_cat?post=56910"},{"taxonomy":"product_tag","embeddable":true,"href":"https:\/\/rms-enlinea.com.ar\/tienda\/wp-json\/wp\/v2\/product_tag?post=56910"}],"curies":[{"name":"wp","href":"https:\/\/api.w.org\/{rel}","templated":true}]}}