{"id":57079,"date":"2025-10-03T10:10:59","date_gmt":"2025-10-03T13:10:59","guid":{"rendered":"https:\/\/rms-enlinea.com.ar\/tienda\/producto\/gabinete-corsair-4000d-frame-mid-tower-white-sin-coolers\/"},"modified":"2026-03-24T01:50:34","modified_gmt":"2026-03-24T04:50:34","slug":"gabinete-corsair-4000d-frame-mid-tower-white-sin-coolers","status":"publish","type":"product","link":"https:\/\/rms-enlinea.com.ar\/tienda\/producto\/gabinete-corsair-4000d-frame-mid-tower-white-sin-coolers\/","title":{"rendered":"Gabinete Corsair 4000d Frame Mid-tower White Sin Coolers"},"content":{"rendered":"<p>Altura\t486<br \/>Profundidad\t490<br \/>Ancho\t239<br \/>Material\tAcero, vidrio templado, flujo de aire 3D-Y Acero, pl\u00e1stico<br \/>Soporte de mother\tMini-ITX, Micro-ATX, ATX, E-ATX (305 mm x 277 mm)<br \/>Color\tBlanco<br \/>Peso\t10.03 Kg<br \/>Compatibilidad del radiador\t120 mm, 140 mm, 240 mm, 280 mm, 360 mm<br \/>Longitud m\u00e1xima de GPU\t430 mm<br \/>Altura m\u00e1xima del enfriador de CPU\t170 mm<br \/>Longitud m\u00e1xima de la fuente de alimentaci\u00f3n\t220 mm<br \/>Refrigeradores l\u00edquidos compatibles\tH60, H100, H115, H150, NAUTILUS, TIT\u00c1N<br \/>Tama\u00f1o\tMid Tower<br \/>Ranuras de expansi\u00f3n\t7 horizontales o 3 verticales<br \/>Caja frontal IO\t(1x) USB 3.2 Gen 2 Tipo-C, (2x) USB 3.2 Gen 1 Tipo-A, (1x) Entrada\/salida de audio<br \/>Ventana\tVidrio templado<br \/>Bah\u00edas de unidad internas de 3,5&#8243;\t2<br \/>Bah\u00edas de unidad internas de 2,5&#8243;\t2<\/p>\n","protected":false},"excerpt":{"rendered":"<p>Altura 486Profundidad 490Ancho 239Material Acero, vidrio templado, flujo de aire 3D-Y Acero, pl\u00e1sticoSoporte de mother Mini-ITX, Micro-ATX, ATX, E-ATX (305 mm x 277 mm)Color BlancoPeso 10.03 KgCompatibilidad del radiador 120 mm, 140 mm, 240 mm, 280 mm, 360 mmLongitud m\u00e1xima de GPU 430 mmAltura m\u00e1xima del enfriador de CPU 170 mmLongitud m\u00e1xima de la fuente [&hellip;]<\/p>\n","protected":false},"featured_media":57080,"comment_status":"open","ping_status":"closed","template":"","meta":{"_uag_custom_page_level_css":""},"product_brand":[555],"product_cat":[109],"product_tag":[],"class_list":{"0":"post-57079","1":"product","2":"type-product","3":"status-publish","4":"has-post-thumbnail","6":"product_brand-corsair","7":"product_cat-gabinetes","9":"first","10":"instock","11":"sale","12":"taxable","13":"shipping-taxable","14":"purchasable","15":"product-type-simple"},"uagb_featured_image_src":{"full":["https:\/\/rms-enlinea.com.ar\/wp-content\/uploads\/2025\/10\/D_840443-MLA94035986811_102025-F.jpg",994,1200,false],"thumbnail":["https:\/\/rms-enlinea.com.ar\/wp-content\/uploads\/2025\/10\/D_840443-MLA94035986811_102025-F-150x150.jpg",150,150,true],"medium":["https:\/\/rms-enlinea.com.ar\/wp-content\/uploads\/2025\/10\/D_840443-MLA94035986811_102025-F-249x300.jpg",249,300,true],"medium_large":["https:\/\/rms-enlinea.com.ar\/wp-content\/uploads\/2025\/10\/D_840443-MLA94035986811_102025-F-768x927.jpg",768,927,true],"large":["https:\/\/rms-enlinea.com.ar\/wp-content\/uploads\/2025\/10\/D_840443-MLA94035986811_102025-F-848x1024.jpg",848,1024,true],"1536x1536":["https:\/\/rms-enlinea.com.ar\/wp-content\/uploads\/2025\/10\/D_840443-MLA94035986811_102025-F.jpg",994,1200,false],"2048x2048":["https:\/\/rms-enlinea.com.ar\/wp-content\/uploads\/2025\/10\/D_840443-MLA94035986811_102025-F.jpg",994,1200,false],"woocommerce_thumbnail":["https:\/\/rms-enlinea.com.ar\/wp-content\/uploads\/2025\/10\/D_840443-MLA94035986811_102025-F-450x450.jpg",450,450,true],"woocommerce_single":["https:\/\/rms-enlinea.com.ar\/wp-content\/uploads\/2025\/10\/D_840443-MLA94035986811_102025-F-600x724.jpg",600,724,true],"woocommerce_gallery_thumbnail":["https:\/\/rms-enlinea.com.ar\/wp-content\/uploads\/2025\/10\/D_840443-MLA94035986811_102025-F-100x100.jpg",100,100,true]},"uagb_author_info":{"display_name":"nelson","author_link":"https:\/\/rms-enlinea.com.ar\/tienda\/author\/"},"uagb_comment_info":0,"uagb_excerpt":"Altura 486Profundidad 490Ancho 239Material Acero, vidrio templado, flujo de aire 3D-Y Acero, pl\u00e1sticoSoporte de mother Mini-ITX, Micro-ATX, ATX, E-ATX (305 mm x 277 mm)Color BlancoPeso 10.03 KgCompatibilidad del radiador 120 mm, 140 mm, 240 mm, 280 mm, 360 mmLongitud m\u00e1xima de GPU 430 mmAltura m\u00e1xima del enfriador de CPU 170 mmLongitud m\u00e1xima de la fuente&hellip;","_links":{"self":[{"href":"https:\/\/rms-enlinea.com.ar\/tienda\/wp-json\/wp\/v2\/product\/57079","targetHints":{"allow":["GET"]}}],"collection":[{"href":"https:\/\/rms-enlinea.com.ar\/tienda\/wp-json\/wp\/v2\/product"}],"about":[{"href":"https:\/\/rms-enlinea.com.ar\/tienda\/wp-json\/wp\/v2\/types\/product"}],"replies":[{"embeddable":true,"href":"https:\/\/rms-enlinea.com.ar\/tienda\/wp-json\/wp\/v2\/comments?post=57079"}],"wp:featuredmedia":[{"embeddable":true,"href":"https:\/\/rms-enlinea.com.ar\/tienda\/wp-json\/wp\/v2\/media\/57080"}],"wp:attachment":[{"href":"https:\/\/rms-enlinea.com.ar\/tienda\/wp-json\/wp\/v2\/media?parent=57079"}],"wp:term":[{"taxonomy":"product_brand","embeddable":true,"href":"https:\/\/rms-enlinea.com.ar\/tienda\/wp-json\/wp\/v2\/product_brand?post=57079"},{"taxonomy":"product_cat","embeddable":true,"href":"https:\/\/rms-enlinea.com.ar\/tienda\/wp-json\/wp\/v2\/product_cat?post=57079"},{"taxonomy":"product_tag","embeddable":true,"href":"https:\/\/rms-enlinea.com.ar\/tienda\/wp-json\/wp\/v2\/product_tag?post=57079"}],"curies":[{"name":"wp","href":"https:\/\/api.w.org\/{rel}","templated":true}]}}