{"id":57353,"date":"2025-10-15T18:10:15","date_gmt":"2025-10-15T21:10:15","guid":{"rendered":"https:\/\/rms-enlinea.com.ar\/tienda\/producto\/switch-tp-link-sg3218xp-m2-16-puertos-giga-2-sfp-omada-l2\/"},"modified":"2026-04-21T04:28:17","modified_gmt":"2026-04-21T07:28:17","slug":"switch-tp-link-sg3218xp-m2-16-puertos-giga-2-sfp-omada-l2","status":"publish","type":"product","link":"https:\/\/rms-enlinea.com.ar\/tienda\/producto\/switch-tp-link-sg3218xp-m2-16-puertos-giga-2-sfp-omada-l2\/","title":{"rendered":"Switch Tp-link Sg3218xp-m2 16 Puertos Giga 2 Sfp+ Omada L2+"},"content":{"rendered":"<p>CARACTER\u00cdSTICAS DE HARDWARE<br \/>Interfaz\t\u2022 16 puertos RJ45 de 2.5 Gbps<br \/> \t\u2022 2 ranuras SFP+ de 10G<br \/> \t\u2022 1 puerto de consola RJ45<br \/> \t\u2022 1 puerto de consola Micro-USB<br \/>Cantidad de ventiladores\t2<br \/>Fuente de alimentaci\u00f3n\t100\u2013240 V AC ~ 50\/60 Hz<br \/>Puertos PoE (RJ45)\t\u2022 Est\u00e1ndar: compatible con 802.3at\/af<br \/> \t\u2022 Puertos PoE+ (802.3at PoE): 8 puertos, hasta 30 W por puerto<br \/> \t\u2022 Presupuesto de energ\u00eda: 240 W<br \/>Dimensiones (An \u00d7 Pr \u00d7 Al)\t440 \u00d7 180 \u00d7 44 mm (17.3 \u00d7 7.1 \u00d7 1.7 in)<br \/>Montaje\tEn rack<br \/>Consumo m\u00e1ximo de energ\u00eda\t299.4 W (110V\/60Hz) (con 240 W PD conectado)<br \/>Disipaci\u00f3n m\u00e1xima de calor\t1021.64 BTU\/h (110V\/60Hz) (con 240 W PD conectado)<br \/>DESEMPE\u00d1O<\/p>\n<p>Capacidad de conmutaci\u00f3n\t120 Gbps<br \/>Tasa de reenv\u00edo de paquetes\t89.28 Mpps<br \/>Tabla de direcciones MAC\t16 K<br \/>Memoria de b\u00fafer de paquetes\t12 Mbit<br \/>Trama Jumbo\t9 KB<\/p>\n","protected":false},"excerpt":{"rendered":"<p>CARACTER\u00cdSTICAS DE HARDWAREInterfaz \u2022 16 puertos RJ45 de 2.5 Gbps \u2022 2 ranuras SFP+ de 10G \u2022 1 puerto de consola RJ45 \u2022 1 puerto de consola Micro-USBCantidad de ventiladores 2Fuente de alimentaci\u00f3n 100\u2013240 V AC ~ 50\/60 HzPuertos PoE (RJ45) \u2022 Est\u00e1ndar: compatible con 802.3at\/af \u2022 Puertos PoE+ (802.3at PoE): 8 puertos, hasta 30 [&hellip;]<\/p>\n","protected":false},"featured_media":57354,"comment_status":"open","ping_status":"closed","template":"","meta":{"_uag_custom_page_level_css":""},"product_brand":[546],"product_cat":[122],"product_tag":[],"class_list":{"0":"post-57353","1":"product","2":"type-product","3":"status-publish","4":"has-post-thumbnail","6":"product_brand-tplink","7":"product_cat-redes-y-conectividad","9":"first","10":"outofstock","11":"sale","12":"taxable","13":"shipping-taxable","14":"purchasable","15":"product-type-simple"},"uagb_featured_image_src":{"full":["https:\/\/rms-enlinea.com.ar\/wp-content\/uploads\/2025\/10\/D_933472-MLA94809712020_102025-F.jpg",1198,388,false],"thumbnail":["https:\/\/rms-enlinea.com.ar\/wp-content\/uploads\/2025\/10\/D_933472-MLA94809712020_102025-F-150x150.jpg",150,150,true],"medium":["https:\/\/rms-enlinea.com.ar\/wp-content\/uploads\/2025\/10\/D_933472-MLA94809712020_102025-F-300x97.jpg",300,97,true],"medium_large":["https:\/\/rms-enlinea.com.ar\/wp-content\/uploads\/2025\/10\/D_933472-MLA94809712020_102025-F-768x249.jpg",768,249,true],"large":["https:\/\/rms-enlinea.com.ar\/wp-content\/uploads\/2025\/10\/D_933472-MLA94809712020_102025-F-1024x332.jpg",1024,332,true],"1536x1536":["https:\/\/rms-enlinea.com.ar\/wp-content\/uploads\/2025\/10\/D_933472-MLA94809712020_102025-F.jpg",1198,388,false],"2048x2048":["https:\/\/rms-enlinea.com.ar\/wp-content\/uploads\/2025\/10\/D_933472-MLA94809712020_102025-F.jpg",1198,388,false],"woocommerce_thumbnail":["https:\/\/rms-enlinea.com.ar\/wp-content\/uploads\/2025\/10\/D_933472-MLA94809712020_102025-F-450x388.jpg",450,388,true],"woocommerce_single":["https:\/\/rms-enlinea.com.ar\/wp-content\/uploads\/2025\/10\/D_933472-MLA94809712020_102025-F-600x194.jpg",600,194,true],"woocommerce_gallery_thumbnail":["https:\/\/rms-enlinea.com.ar\/wp-content\/uploads\/2025\/10\/D_933472-MLA94809712020_102025-F-100x100.jpg",100,100,true]},"uagb_author_info":{"display_name":"nelson","author_link":"https:\/\/rms-enlinea.com.ar\/tienda\/author\/"},"uagb_comment_info":0,"uagb_excerpt":"CARACTER\u00cdSTICAS DE HARDWAREInterfaz \u2022 16 puertos RJ45 de 2.5 Gbps \u2022 2 ranuras SFP+ de 10G \u2022 1 puerto de consola RJ45 \u2022 1 puerto de consola Micro-USBCantidad de ventiladores 2Fuente de alimentaci\u00f3n 100\u2013240 V AC ~ 50\/60 HzPuertos PoE (RJ45) \u2022 Est\u00e1ndar: compatible con 802.3at\/af \u2022 Puertos PoE+ (802.3at PoE): 8 puertos, hasta 30&hellip;","_links":{"self":[{"href":"https:\/\/rms-enlinea.com.ar\/tienda\/wp-json\/wp\/v2\/product\/57353","targetHints":{"allow":["GET"]}}],"collection":[{"href":"https:\/\/rms-enlinea.com.ar\/tienda\/wp-json\/wp\/v2\/product"}],"about":[{"href":"https:\/\/rms-enlinea.com.ar\/tienda\/wp-json\/wp\/v2\/types\/product"}],"replies":[{"embeddable":true,"href":"https:\/\/rms-enlinea.com.ar\/tienda\/wp-json\/wp\/v2\/comments?post=57353"}],"wp:featuredmedia":[{"embeddable":true,"href":"https:\/\/rms-enlinea.com.ar\/tienda\/wp-json\/wp\/v2\/media\/57354"}],"wp:attachment":[{"href":"https:\/\/rms-enlinea.com.ar\/tienda\/wp-json\/wp\/v2\/media?parent=57353"}],"wp:term":[{"taxonomy":"product_brand","embeddable":true,"href":"https:\/\/rms-enlinea.com.ar\/tienda\/wp-json\/wp\/v2\/product_brand?post=57353"},{"taxonomy":"product_cat","embeddable":true,"href":"https:\/\/rms-enlinea.com.ar\/tienda\/wp-json\/wp\/v2\/product_cat?post=57353"},{"taxonomy":"product_tag","embeddable":true,"href":"https:\/\/rms-enlinea.com.ar\/tienda\/wp-json\/wp\/v2\/product_tag?post=57353"}],"curies":[{"name":"wp","href":"https:\/\/api.w.org\/{rel}","templated":true}]}}