{"id":57358,"date":"2025-10-15T18:20:35","date_gmt":"2025-10-15T21:20:35","guid":{"rendered":"https:\/\/rms-enlinea.com.ar\/tienda\/producto\/switch-9-puertos-gigabit-1-sfp-con-8-poe-tp-link-sg1210p\/"},"modified":"2026-04-16T18:20:32","modified_gmt":"2026-04-16T21:20:32","slug":"switch-9-puertos-gigabit-1-sfp-con-8-poe-tp-link-sg1210p","status":"publish","type":"product","link":"https:\/\/rms-enlinea.com.ar\/tienda\/producto\/switch-9-puertos-gigabit-1-sfp-con-8-poe-tp-link-sg1210p\/","title":{"rendered":"Switch 9 Puertos Gigabit + 1 Sfp Con 8 Poe+ Tp Link Sg1210p"},"content":{"rendered":"<p>CARACTER\u00cdSTICAS DE HARDWARE<br \/>Interfaz  \t8 puertos RJ45 PoE + 10\/100 \/ 1000Mbps<br \/>1 puerto RJ45 de 10\/100\/1000 Mbps<br \/>1 ranura Gigabit SFP<br \/>Medios de Red      \t10BASE-T: cable UTP categor\u00eda 3, 4, 5 (m\u00e1ximo 100 m)<br \/>100BASE-TX: cable UTP categor\u00eda 5, 5e (m\u00e1ximo 100 m)<br \/>1000BASE-T: cable UTP categor\u00eda 5, 5e, 6 o superior (m\u00e1ximo 100 m)<br \/>1000BASE-X MMF, SMF<br \/>Cantidad de Ventiladores\tSin ventilador<br \/>Bloqueo de Seguridad F\u00edsico\tSi<br \/>Fuente de Alimentaci\u00f3n Adaptador de corriente externo (salida: 53,5 V CC \/ 1,31 A)<br \/>Tasa de Reenv\u00edo de Paquetes 14.88 Mpps<br \/>Puertos PoE+ (RJ45)  \tEst\u00e1ndar: compatible con 802.3at \/ 802.3af<br \/>Puertos PoE: Port1- Port 8<\/p>\n","protected":false},"excerpt":{"rendered":"<p>CARACTER\u00cdSTICAS DE HARDWAREInterfaz 8 puertos RJ45 PoE + 10\/100 \/ 1000Mbps1 puerto RJ45 de 10\/100\/1000 Mbps1 ranura Gigabit SFPMedios de Red 10BASE-T: cable UTP categor\u00eda 3, 4, 5 (m\u00e1ximo 100 m)100BASE-TX: cable UTP categor\u00eda 5, 5e (m\u00e1ximo 100 m)1000BASE-T: cable UTP categor\u00eda 5, 5e, 6 o superior (m\u00e1ximo 100 m)1000BASE-X MMF, SMFCantidad de Ventiladores Sin [&hellip;]<\/p>\n","protected":false},"featured_media":11730,"comment_status":"open","ping_status":"closed","template":"","meta":{"_uag_custom_page_level_css":""},"product_brand":[546],"product_cat":[122],"product_tag":[],"class_list":{"0":"post-57358","1":"product","2":"type-product","3":"status-publish","4":"has-post-thumbnail","6":"product_brand-tplink","7":"product_cat-redes-y-conectividad","9":"first","10":"outofstock","11":"sale","12":"taxable","13":"shipping-taxable","14":"purchasable","15":"product-type-simple"},"uagb_featured_image_src":{"full":["https:\/\/rms-enlinea.com.ar\/wp-content\/uploads\/2025\/06\/D_908873-MLU74333699639_012024-F.jpg",1198,401,false],"thumbnail":["https:\/\/rms-enlinea.com.ar\/wp-content\/uploads\/2025\/06\/D_908873-MLU74333699639_012024-F-150x150.jpg",150,150,true],"medium":["https:\/\/rms-enlinea.com.ar\/wp-content\/uploads\/2025\/06\/D_908873-MLU74333699639_012024-F-300x100.jpg",300,100,true],"medium_large":["https:\/\/rms-enlinea.com.ar\/wp-content\/uploads\/2025\/06\/D_908873-MLU74333699639_012024-F-768x257.jpg",768,257,true],"large":["https:\/\/rms-enlinea.com.ar\/wp-content\/uploads\/2025\/06\/D_908873-MLU74333699639_012024-F-1024x343.jpg",1024,343,true],"1536x1536":["https:\/\/rms-enlinea.com.ar\/wp-content\/uploads\/2025\/06\/D_908873-MLU74333699639_012024-F.jpg",1198,401,false],"2048x2048":["https:\/\/rms-enlinea.com.ar\/wp-content\/uploads\/2025\/06\/D_908873-MLU74333699639_012024-F.jpg",1198,401,false],"woocommerce_thumbnail":["https:\/\/rms-enlinea.com.ar\/wp-content\/uploads\/2025\/06\/D_908873-MLU74333699639_012024-F-450x401.jpg",450,401,true],"woocommerce_single":["https:\/\/rms-enlinea.com.ar\/wp-content\/uploads\/2025\/06\/D_908873-MLU74333699639_012024-F-600x201.jpg",600,201,true],"woocommerce_gallery_thumbnail":["https:\/\/rms-enlinea.com.ar\/wp-content\/uploads\/2025\/06\/D_908873-MLU74333699639_012024-F-100x100.jpg",100,100,true]},"uagb_author_info":{"display_name":"nelson","author_link":"https:\/\/rms-enlinea.com.ar\/tienda\/author\/"},"uagb_comment_info":0,"uagb_excerpt":"CARACTER\u00cdSTICAS DE HARDWAREInterfaz 8 puertos RJ45 PoE + 10\/100 \/ 1000Mbps1 puerto RJ45 de 10\/100\/1000 Mbps1 ranura Gigabit SFPMedios de Red 10BASE-T: cable UTP categor\u00eda 3, 4, 5 (m\u00e1ximo 100 m)100BASE-TX: cable UTP categor\u00eda 5, 5e (m\u00e1ximo 100 m)1000BASE-T: cable UTP categor\u00eda 5, 5e, 6 o superior (m\u00e1ximo 100 m)1000BASE-X MMF, SMFCantidad de Ventiladores Sin&hellip;","_links":{"self":[{"href":"https:\/\/rms-enlinea.com.ar\/tienda\/wp-json\/wp\/v2\/product\/57358","targetHints":{"allow":["GET"]}}],"collection":[{"href":"https:\/\/rms-enlinea.com.ar\/tienda\/wp-json\/wp\/v2\/product"}],"about":[{"href":"https:\/\/rms-enlinea.com.ar\/tienda\/wp-json\/wp\/v2\/types\/product"}],"replies":[{"embeddable":true,"href":"https:\/\/rms-enlinea.com.ar\/tienda\/wp-json\/wp\/v2\/comments?post=57358"}],"wp:featuredmedia":[{"embeddable":true,"href":"https:\/\/rms-enlinea.com.ar\/tienda\/wp-json\/wp\/v2\/media\/11730"}],"wp:attachment":[{"href":"https:\/\/rms-enlinea.com.ar\/tienda\/wp-json\/wp\/v2\/media?parent=57358"}],"wp:term":[{"taxonomy":"product_brand","embeddable":true,"href":"https:\/\/rms-enlinea.com.ar\/tienda\/wp-json\/wp\/v2\/product_brand?post=57358"},{"taxonomy":"product_cat","embeddable":true,"href":"https:\/\/rms-enlinea.com.ar\/tienda\/wp-json\/wp\/v2\/product_cat?post=57358"},{"taxonomy":"product_tag","embeddable":true,"href":"https:\/\/rms-enlinea.com.ar\/tienda\/wp-json\/wp\/v2\/product_tag?post=57358"}],"curies":[{"name":"wp","href":"https:\/\/api.w.org\/{rel}","templated":true}]}}