{"id":57378,"date":"2025-10-16T15:02:37","date_gmt":"2025-10-16T18:02:37","guid":{"rendered":"https:\/\/rms-enlinea.com.ar\/tienda\/producto\/camara-web-logitech-brio-100-960-001615-1080p-30fps-usb\/"},"modified":"2026-03-31T17:33:09","modified_gmt":"2026-03-31T20:33:09","slug":"camara-web-logitech-brio-100-960-001615-1080p-30fps-usb","status":"publish","type":"product","link":"https:\/\/rms-enlinea.com.ar\/tienda\/producto\/camara-web-logitech-brio-100-960-001615-1080p-30fps-usb\/","title":{"rendered":"Camara Web Logitech Brio 100 960-001615 1080p 30fps Usb"},"content":{"rendered":"<p>M\u00faltiples resoluciones<br \/>\n1080p\/30 fps (1920 x 1080 p\u00edxeles)<br \/>\n720p\/30 fps (1280 x 720 p\u00edxeles)<br \/>\nMegap\u00edxeles de c\u00e1mara: 2 MP<br \/>\nTipo de enfoque: Foco fijo<br \/>\nTipo de lente: Lente especial de pl\u00e1stico de 4 elementos con revestimiento antirreflectante<br \/>\nTipo de micr\u00f3fono integrado<br \/>\nMicr\u00f3fono omnidireccional<br \/>\nRadio de acci\u00f3n del micr\u00f3fono: Hasta 1 m<br \/>\nCampo visual diagonal (dFoV): 58\u00b0<br \/>\nTapa de privacidad integrada<br \/>\nConectividad USB: Plug and Play USB-A<br \/>\nCorrecci\u00f3n de iluminaci\u00f3n autom\u00e1tica RightLight 2 para luces dif\u00edciles<\/p>\n","protected":false},"excerpt":{"rendered":"<p>M\u00faltiples resoluciones 1080p\/30 fps (1920 x 1080 p\u00edxeles) 720p\/30 fps (1280 x 720 p\u00edxeles) Megap\u00edxeles de c\u00e1mara: 2 MP Tipo de enfoque: Foco fijo Tipo de lente: Lente especial de pl\u00e1stico de 4 elementos con revestimiento antirreflectante Tipo de micr\u00f3fono integrado Micr\u00f3fono omnidireccional Radio de acci\u00f3n del micr\u00f3fono: Hasta 1 m Campo visual diagonal (dFoV): [&hellip;]<\/p>\n","protected":false},"featured_media":57379,"comment_status":"open","ping_status":"closed","template":"","meta":{"_uag_custom_page_level_css":""},"product_brand":[549],"product_cat":[102],"product_tag":[],"class_list":{"0":"post-57378","1":"product","2":"type-product","3":"status-publish","4":"has-post-thumbnail","6":"product_brand-logitech","7":"product_cat-camaras-webcam","9":"first","10":"outofstock","11":"sale","12":"taxable","13":"shipping-taxable","14":"purchasable","15":"product-type-simple"},"uagb_featured_image_src":{"full":["https:\/\/rms-enlinea.com.ar\/wp-content\/uploads\/2025\/10\/D_956685-MLA95364320143_102025-F.jpg",1089,1200,false],"thumbnail":["https:\/\/rms-enlinea.com.ar\/wp-content\/uploads\/2025\/10\/D_956685-MLA95364320143_102025-F-150x150.jpg",150,150,true],"medium":["https:\/\/rms-enlinea.com.ar\/wp-content\/uploads\/2025\/10\/D_956685-MLA95364320143_102025-F-272x300.jpg",272,300,true],"medium_large":["https:\/\/rms-enlinea.com.ar\/wp-content\/uploads\/2025\/10\/D_956685-MLA95364320143_102025-F-768x846.jpg",768,846,true],"large":["https:\/\/rms-enlinea.com.ar\/wp-content\/uploads\/2025\/10\/D_956685-MLA95364320143_102025-F-929x1024.jpg",929,1024,true],"1536x1536":["https:\/\/rms-enlinea.com.ar\/wp-content\/uploads\/2025\/10\/D_956685-MLA95364320143_102025-F.jpg",1089,1200,false],"2048x2048":["https:\/\/rms-enlinea.com.ar\/wp-content\/uploads\/2025\/10\/D_956685-MLA95364320143_102025-F.jpg",1089,1200,false],"woocommerce_thumbnail":["https:\/\/rms-enlinea.com.ar\/wp-content\/uploads\/2025\/10\/D_956685-MLA95364320143_102025-F-450x450.jpg",450,450,true],"woocommerce_single":["https:\/\/rms-enlinea.com.ar\/wp-content\/uploads\/2025\/10\/D_956685-MLA95364320143_102025-F-600x661.jpg",600,661,true],"woocommerce_gallery_thumbnail":["https:\/\/rms-enlinea.com.ar\/wp-content\/uploads\/2025\/10\/D_956685-MLA95364320143_102025-F-100x100.jpg",100,100,true]},"uagb_author_info":{"display_name":"nelson","author_link":"https:\/\/rms-enlinea.com.ar\/tienda\/author\/"},"uagb_comment_info":0,"uagb_excerpt":"M\u00faltiples resoluciones 1080p\/30 fps (1920 x 1080 p\u00edxeles) 720p\/30 fps (1280 x 720 p\u00edxeles) Megap\u00edxeles de c\u00e1mara: 2 MP Tipo de enfoque: Foco fijo Tipo de lente: Lente especial de pl\u00e1stico de 4 elementos con revestimiento antirreflectante Tipo de micr\u00f3fono integrado Micr\u00f3fono omnidireccional Radio de acci\u00f3n del micr\u00f3fono: Hasta 1 m Campo visual diagonal (dFoV):&hellip;","_links":{"self":[{"href":"https:\/\/rms-enlinea.com.ar\/tienda\/wp-json\/wp\/v2\/product\/57378","targetHints":{"allow":["GET"]}}],"collection":[{"href":"https:\/\/rms-enlinea.com.ar\/tienda\/wp-json\/wp\/v2\/product"}],"about":[{"href":"https:\/\/rms-enlinea.com.ar\/tienda\/wp-json\/wp\/v2\/types\/product"}],"replies":[{"embeddable":true,"href":"https:\/\/rms-enlinea.com.ar\/tienda\/wp-json\/wp\/v2\/comments?post=57378"}],"wp:featuredmedia":[{"embeddable":true,"href":"https:\/\/rms-enlinea.com.ar\/tienda\/wp-json\/wp\/v2\/media\/57379"}],"wp:attachment":[{"href":"https:\/\/rms-enlinea.com.ar\/tienda\/wp-json\/wp\/v2\/media?parent=57378"}],"wp:term":[{"taxonomy":"product_brand","embeddable":true,"href":"https:\/\/rms-enlinea.com.ar\/tienda\/wp-json\/wp\/v2\/product_brand?post=57378"},{"taxonomy":"product_cat","embeddable":true,"href":"https:\/\/rms-enlinea.com.ar\/tienda\/wp-json\/wp\/v2\/product_cat?post=57378"},{"taxonomy":"product_tag","embeddable":true,"href":"https:\/\/rms-enlinea.com.ar\/tienda\/wp-json\/wp\/v2\/product_tag?post=57378"}],"curies":[{"name":"wp","href":"https:\/\/api.w.org\/{rel}","templated":true}]}}