{"id":57477,"date":"2025-10-22T20:31:17","date_gmt":"2025-10-22T23:31:17","guid":{"rendered":"https:\/\/rms-enlinea.com.ar\/tienda\/producto\/parled-14-leds-rgbw-6w-4-en-1-dmx-tecshow-nebula-quad-14\/"},"modified":"2026-04-11T12:50:19","modified_gmt":"2026-04-11T15:50:19","slug":"parled-14-leds-rgbw-6w-4-en-1-dmx-tecshow-nebula-quad-14","status":"publish","type":"product","link":"https:\/\/rms-enlinea.com.ar\/tienda\/producto\/parled-14-leds-rgbw-6w-4-en-1-dmx-tecshow-nebula-quad-14\/","title":{"rendered":"Parled 14 Leds Rgbw 6w 4 En 1 Dmx Tecshow Nebula Quad 14"},"content":{"rendered":"<p>Ba\u00f1ador LED compacto \u2013 14 LEDs 4-en-1 de 6W<\/p>\n<p>14 LEDs 4-en-1 RGBW de 6W<br \/>\n\u00c1ngulo de haz: 25\u00ba<br \/>\nDise\u00f1o delgado&#8221;<br \/>\nNebula Quad 14 es un ba\u00f1ador LED liviano y compacto que incorpora 14 LEDs 4-en-1 de 6W. Ideal para cobertura de espacios o creaci\u00f3n de efectos, Nebula Quad 14 posee tecnolog\u00eda LED de cuatro colores que permite una mezcla RGBW suave sin sombras multicolores.<\/p>\n<p>FUENTE &amp; \u00d3PTICA<br \/>\nFUENTE DE LUZ: 14 x 4-in-1 6W LEDs VIDA \u00daTIL: 50,000 horas \u00c1NGULO DE HAZ: 25\u00ba<br \/>\nEFECTOS &amp; FUNCIONES<br \/>\nDIMMER: Rango completo 0-100% general &amp; para todos los colores Efecto estrobo Programas integrados TECNOLOG\u00cdA LED 4-EN-1: Mezcla suave RGBW sin sombras multicolores<br \/>\nCONTROL<br \/>\nCANALES DMX: 4\/8 MODOS DE OPERACI\u00d3N: Auto, audioritmico, control remoto, DMX<br \/>\nF\u00cdSICO<br \/>\nDIMENSIONES: 180x80x155 mm.<br \/>\nPESO: 0.90 Kg.<\/p>\n","protected":false},"excerpt":{"rendered":"<p>Ba\u00f1ador LED compacto \u2013 14 LEDs 4-en-1 de 6W 14 LEDs 4-en-1 RGBW de 6W \u00c1ngulo de haz: 25\u00ba Dise\u00f1o delgado&#8221; Nebula Quad 14 es un ba\u00f1ador LED liviano y compacto que incorpora 14 LEDs 4-en-1 de 6W. Ideal para cobertura de espacios o creaci\u00f3n de efectos, Nebula Quad 14 posee tecnolog\u00eda LED de cuatro [&hellip;]<\/p>\n","protected":false},"featured_media":18028,"comment_status":"open","ping_status":"closed","template":"","meta":{"_uag_custom_page_level_css":""},"product_brand":[477],"product_cat":[15,97],"product_tag":[],"class_list":{"0":"post-57477","1":"product","2":"type-product","3":"status-publish","4":"has-post-thumbnail","6":"product_brand-ampro","7":"product_cat-sin-categorizar","8":"product_cat-wash-y-par","10":"first","11":"outofstock","12":"sale","13":"taxable","14":"shipping-taxable","15":"purchasable","16":"product-type-simple"},"uagb_featured_image_src":{"full":["https:\/\/rms-enlinea.com.ar\/wp-content\/uploads\/2025\/06\/D_819827-MLA76356652718_052024-F.jpg",716,820,false],"thumbnail":["https:\/\/rms-enlinea.com.ar\/wp-content\/uploads\/2025\/06\/D_819827-MLA76356652718_052024-F-150x150.jpg",150,150,true],"medium":["https:\/\/rms-enlinea.com.ar\/wp-content\/uploads\/2025\/06\/D_819827-MLA76356652718_052024-F-262x300.jpg",262,300,true],"medium_large":["https:\/\/rms-enlinea.com.ar\/wp-content\/uploads\/2025\/06\/D_819827-MLA76356652718_052024-F.jpg",716,820,false],"large":["https:\/\/rms-enlinea.com.ar\/wp-content\/uploads\/2025\/06\/D_819827-MLA76356652718_052024-F.jpg",716,820,false],"1536x1536":["https:\/\/rms-enlinea.com.ar\/wp-content\/uploads\/2025\/06\/D_819827-MLA76356652718_052024-F.jpg",716,820,false],"2048x2048":["https:\/\/rms-enlinea.com.ar\/wp-content\/uploads\/2025\/06\/D_819827-MLA76356652718_052024-F.jpg",716,820,false],"woocommerce_thumbnail":["https:\/\/rms-enlinea.com.ar\/wp-content\/uploads\/2025\/06\/D_819827-MLA76356652718_052024-F-450x450.jpg",450,450,true],"woocommerce_single":["https:\/\/rms-enlinea.com.ar\/wp-content\/uploads\/2025\/06\/D_819827-MLA76356652718_052024-F-600x687.jpg",600,687,true],"woocommerce_gallery_thumbnail":["https:\/\/rms-enlinea.com.ar\/wp-content\/uploads\/2025\/06\/D_819827-MLA76356652718_052024-F-100x100.jpg",100,100,true]},"uagb_author_info":{"display_name":"nelson","author_link":"https:\/\/rms-enlinea.com.ar\/tienda\/author\/"},"uagb_comment_info":0,"uagb_excerpt":"Ba\u00f1ador LED compacto \u2013 14 LEDs 4-en-1 de 6W 14 LEDs 4-en-1 RGBW de 6W \u00c1ngulo de haz: 25\u00ba Dise\u00f1o delgado&#8221; Nebula Quad 14 es un ba\u00f1ador LED liviano y compacto que incorpora 14 LEDs 4-en-1 de 6W. Ideal para cobertura de espacios o creaci\u00f3n de efectos, Nebula Quad 14 posee tecnolog\u00eda LED de cuatro&hellip;","_links":{"self":[{"href":"https:\/\/rms-enlinea.com.ar\/tienda\/wp-json\/wp\/v2\/product\/57477","targetHints":{"allow":["GET"]}}],"collection":[{"href":"https:\/\/rms-enlinea.com.ar\/tienda\/wp-json\/wp\/v2\/product"}],"about":[{"href":"https:\/\/rms-enlinea.com.ar\/tienda\/wp-json\/wp\/v2\/types\/product"}],"replies":[{"embeddable":true,"href":"https:\/\/rms-enlinea.com.ar\/tienda\/wp-json\/wp\/v2\/comments?post=57477"}],"wp:featuredmedia":[{"embeddable":true,"href":"https:\/\/rms-enlinea.com.ar\/tienda\/wp-json\/wp\/v2\/media\/18028"}],"wp:attachment":[{"href":"https:\/\/rms-enlinea.com.ar\/tienda\/wp-json\/wp\/v2\/media?parent=57477"}],"wp:term":[{"taxonomy":"product_brand","embeddable":true,"href":"https:\/\/rms-enlinea.com.ar\/tienda\/wp-json\/wp\/v2\/product_brand?post=57477"},{"taxonomy":"product_cat","embeddable":true,"href":"https:\/\/rms-enlinea.com.ar\/tienda\/wp-json\/wp\/v2\/product_cat?post=57477"},{"taxonomy":"product_tag","embeddable":true,"href":"https:\/\/rms-enlinea.com.ar\/tienda\/wp-json\/wp\/v2\/product_tag?post=57477"}],"curies":[{"name":"wp","href":"https:\/\/api.w.org\/{rel}","templated":true}]}}