{"id":57485,"date":"2025-10-23T11:20:27","date_gmt":"2025-10-23T14:20:27","guid":{"rendered":"https:\/\/rms-enlinea.com.ar\/tienda\/producto\/audifonos-gamer-razer-blackshark-v2-x-multiplataforma-rosa\/"},"modified":"2026-04-21T03:41:58","modified_gmt":"2026-04-21T06:41:58","slug":"audifonos-gamer-razer-blackshark-v2-x-multiplataforma-rosa","status":"publish","type":"product","link":"https:\/\/rms-enlinea.com.ar\/tienda\/producto\/audifonos-gamer-razer-blackshark-v2-x-multiplataforma-rosa\/","title":{"rendered":"Aud\u00edfonos Gamer Razer Blackshark V2 X Multiplataforma Rosa"},"content":{"rendered":"<p>Con luz LED<\/p>\n<p>No<br \/>Con micr\u00f3fono<\/p>\n<p>S\u00ed<br \/>Con cancelaci\u00f3n de ruido<\/p>\n<p>S\u00ed<br \/>Sensibilidad<\/p>\n<p>100 dB<br \/>Color<\/p>\n<p>Rosa<br \/>Formato del auricular<\/p>\n<p>Over-ear<br \/>L\u00ednea<\/p>\n<p>Blackshark<br \/>Modelo alfanum\u00e9rico<\/p>\n<p>RZ04-03240800-R3U1<br \/>Marca<\/p>\n<p>Razer<br \/>Largo del cable<\/p>\n<p>1.3 m<br \/>Color principal<\/p>\n<p>Rosa<br \/>Modelo<\/p>\n<p>Blackshark V2 X<br \/>Es gamer<\/p>\n<p>S\u00ed<\/p>\n","protected":false},"excerpt":{"rendered":"<p>Con luz LED NoCon micr\u00f3fono S\u00edCon cancelaci\u00f3n de ruido S\u00edSensibilidad 100 dBColor RosaFormato del auricular Over-earL\u00ednea BlacksharkModelo alfanum\u00e9rico RZ04-03240800-R3U1Marca RazerLargo del cable 1.3 mColor principal RosaModelo Blackshark V2 XEs gamer S\u00ed<\/p>\n","protected":false},"featured_media":57486,"comment_status":"open","ping_status":"closed","template":"","meta":{"_uag_custom_page_level_css":""},"product_brand":[559],"product_cat":[99],"product_tag":[],"class_list":{"0":"post-57485","1":"product","2":"type-product","3":"status-publish","4":"has-post-thumbnail","6":"product_brand-razer","7":"product_cat-auriculares-computacion","9":"first","10":"outofstock","11":"sale","12":"taxable","13":"shipping-taxable","14":"purchasable","15":"product-type-simple"},"uagb_featured_image_src":{"full":["https:\/\/rms-enlinea.com.ar\/wp-content\/uploads\/2025\/10\/D_901207-MLA95607518490_102025-F.jpg",1049,1200,false],"thumbnail":["https:\/\/rms-enlinea.com.ar\/wp-content\/uploads\/2025\/10\/D_901207-MLA95607518490_102025-F-150x150.jpg",150,150,true],"medium":["https:\/\/rms-enlinea.com.ar\/wp-content\/uploads\/2025\/10\/D_901207-MLA95607518490_102025-F-262x300.jpg",262,300,true],"medium_large":["https:\/\/rms-enlinea.com.ar\/wp-content\/uploads\/2025\/10\/D_901207-MLA95607518490_102025-F-768x879.jpg",768,879,true],"large":["https:\/\/rms-enlinea.com.ar\/wp-content\/uploads\/2025\/10\/D_901207-MLA95607518490_102025-F-895x1024.jpg",895,1024,true],"1536x1536":["https:\/\/rms-enlinea.com.ar\/wp-content\/uploads\/2025\/10\/D_901207-MLA95607518490_102025-F.jpg",1049,1200,false],"2048x2048":["https:\/\/rms-enlinea.com.ar\/wp-content\/uploads\/2025\/10\/D_901207-MLA95607518490_102025-F.jpg",1049,1200,false],"woocommerce_thumbnail":["https:\/\/rms-enlinea.com.ar\/wp-content\/uploads\/2025\/10\/D_901207-MLA95607518490_102025-F-450x450.jpg",450,450,true],"woocommerce_single":["https:\/\/rms-enlinea.com.ar\/wp-content\/uploads\/2025\/10\/D_901207-MLA95607518490_102025-F-600x686.jpg",600,686,true],"woocommerce_gallery_thumbnail":["https:\/\/rms-enlinea.com.ar\/wp-content\/uploads\/2025\/10\/D_901207-MLA95607518490_102025-F-100x100.jpg",100,100,true]},"uagb_author_info":{"display_name":"nelson","author_link":"https:\/\/rms-enlinea.com.ar\/tienda\/author\/"},"uagb_comment_info":0,"uagb_excerpt":"Con luz LED NoCon micr\u00f3fono S\u00edCon cancelaci\u00f3n de ruido S\u00edSensibilidad 100 dBColor RosaFormato del auricular Over-earL\u00ednea BlacksharkModelo alfanum\u00e9rico RZ04-03240800-R3U1Marca RazerLargo del cable 1.3 mColor principal RosaModelo Blackshark V2 XEs gamer S\u00ed","_links":{"self":[{"href":"https:\/\/rms-enlinea.com.ar\/tienda\/wp-json\/wp\/v2\/product\/57485","targetHints":{"allow":["GET"]}}],"collection":[{"href":"https:\/\/rms-enlinea.com.ar\/tienda\/wp-json\/wp\/v2\/product"}],"about":[{"href":"https:\/\/rms-enlinea.com.ar\/tienda\/wp-json\/wp\/v2\/types\/product"}],"replies":[{"embeddable":true,"href":"https:\/\/rms-enlinea.com.ar\/tienda\/wp-json\/wp\/v2\/comments?post=57485"}],"wp:featuredmedia":[{"embeddable":true,"href":"https:\/\/rms-enlinea.com.ar\/tienda\/wp-json\/wp\/v2\/media\/57486"}],"wp:attachment":[{"href":"https:\/\/rms-enlinea.com.ar\/tienda\/wp-json\/wp\/v2\/media?parent=57485"}],"wp:term":[{"taxonomy":"product_brand","embeddable":true,"href":"https:\/\/rms-enlinea.com.ar\/tienda\/wp-json\/wp\/v2\/product_brand?post=57485"},{"taxonomy":"product_cat","embeddable":true,"href":"https:\/\/rms-enlinea.com.ar\/tienda\/wp-json\/wp\/v2\/product_cat?post=57485"},{"taxonomy":"product_tag","embeddable":true,"href":"https:\/\/rms-enlinea.com.ar\/tienda\/wp-json\/wp\/v2\/product_tag?post=57485"}],"curies":[{"name":"wp","href":"https:\/\/api.w.org\/{rel}","templated":true}]}}