{"id":57592,"date":"2025-10-25T13:10:38","date_gmt":"2025-10-25T16:10:38","guid":{"rendered":"https:\/\/rms-enlinea.com.ar\/tienda\/producto\/valla-antiavalancha-para-eventos-lion-support-sta-rec\/"},"modified":"2026-04-06T12:12:52","modified_gmt":"2026-04-06T15:12:52","slug":"valla-antiavalancha-para-eventos-lion-support-sta-rec","status":"publish","type":"product","link":"https:\/\/rms-enlinea.com.ar\/tienda\/producto\/valla-antiavalancha-para-eventos-lion-support-sta-rec\/","title":{"rendered":"Valla Antiavalancha Para Eventos Lion Support Sta-rec"},"content":{"rendered":"<p>DESCRIPCI\u00d3N<br \/>\nLion Support\u00ae es la sucesora de nuestra primer y exitosa marca Xpro. Ofrece una<br \/>\nl\u00ednea completa de productos para stage, elevaci\u00f3n y accesorios de montaje en shows.<br \/>\nCuenta con un alto standard en calidad avalado por m\u00e1s de 15 a\u00f1os de experiencia en<br \/>\nla fabricaci\u00f3n de productos para el escenario, obteniendo la mejor relaci\u00f3n entre calidad y precio de mercado.<br \/>\nIdeal para dividir sectores o contener al p\u00fablico en eventos y recitales. Muy resistente.<\/p>\n<p>CARACTER\u00cdSTICAS<br \/>\n-Material: Aluminio.<br \/>\n-Peso: 34 kg.<\/p>\n","protected":false},"excerpt":{"rendered":"<p>DESCRIPCI\u00d3N Lion Support\u00ae es la sucesora de nuestra primer y exitosa marca Xpro. Ofrece una l\u00ednea completa de productos para stage, elevaci\u00f3n y accesorios de montaje en shows. Cuenta con un alto standard en calidad avalado por m\u00e1s de 15 a\u00f1os de experiencia en la fabricaci\u00f3n de productos para el escenario, obteniendo la mejor relaci\u00f3n [&hellip;]<\/p>\n","protected":false},"featured_media":57593,"comment_status":"open","ping_status":"closed","template":"","meta":{"_uag_custom_page_level_css":""},"product_brand":[472],"product_cat":[15,459],"product_tag":[],"class_list":{"0":"post-57592","1":"product","2":"type-product","3":"status-publish","4":"has-post-thumbnail","6":"product_brand-xpro","7":"product_cat-sin-categorizar","8":"product_cat-soportes-audio-profesional","10":"first","11":"outofstock","12":"sale","13":"taxable","14":"shipping-taxable","15":"purchasable","16":"product-type-simple"},"uagb_featured_image_src":{"full":["https:\/\/rms-enlinea.com.ar\/wp-content\/uploads\/2025\/10\/D_671417-MLA92789527594_092025-F.jpg",1199,1084,false],"thumbnail":["https:\/\/rms-enlinea.com.ar\/wp-content\/uploads\/2025\/10\/D_671417-MLA92789527594_092025-F-150x150.jpg",150,150,true],"medium":["https:\/\/rms-enlinea.com.ar\/wp-content\/uploads\/2025\/10\/D_671417-MLA92789527594_092025-F-300x271.jpg",300,271,true],"medium_large":["https:\/\/rms-enlinea.com.ar\/wp-content\/uploads\/2025\/10\/D_671417-MLA92789527594_092025-F-768x694.jpg",768,694,true],"large":["https:\/\/rms-enlinea.com.ar\/wp-content\/uploads\/2025\/10\/D_671417-MLA92789527594_092025-F-1024x926.jpg",1024,926,true],"1536x1536":["https:\/\/rms-enlinea.com.ar\/wp-content\/uploads\/2025\/10\/D_671417-MLA92789527594_092025-F.jpg",1199,1084,false],"2048x2048":["https:\/\/rms-enlinea.com.ar\/wp-content\/uploads\/2025\/10\/D_671417-MLA92789527594_092025-F.jpg",1199,1084,false],"woocommerce_thumbnail":["https:\/\/rms-enlinea.com.ar\/wp-content\/uploads\/2025\/10\/D_671417-MLA92789527594_092025-F-450x450.jpg",450,450,true],"woocommerce_single":["https:\/\/rms-enlinea.com.ar\/wp-content\/uploads\/2025\/10\/D_671417-MLA92789527594_092025-F-600x542.jpg",600,542,true],"woocommerce_gallery_thumbnail":["https:\/\/rms-enlinea.com.ar\/wp-content\/uploads\/2025\/10\/D_671417-MLA92789527594_092025-F-100x100.jpg",100,100,true]},"uagb_author_info":{"display_name":"nelson","author_link":"https:\/\/rms-enlinea.com.ar\/tienda\/author\/"},"uagb_comment_info":0,"uagb_excerpt":"DESCRIPCI\u00d3N Lion Support\u00ae es la sucesora de nuestra primer y exitosa marca Xpro. Ofrece una l\u00ednea completa de productos para stage, elevaci\u00f3n y accesorios de montaje en shows. Cuenta con un alto standard en calidad avalado por m\u00e1s de 15 a\u00f1os de experiencia en la fabricaci\u00f3n de productos para el escenario, obteniendo la mejor relaci\u00f3n&hellip;","_links":{"self":[{"href":"https:\/\/rms-enlinea.com.ar\/tienda\/wp-json\/wp\/v2\/product\/57592","targetHints":{"allow":["GET"]}}],"collection":[{"href":"https:\/\/rms-enlinea.com.ar\/tienda\/wp-json\/wp\/v2\/product"}],"about":[{"href":"https:\/\/rms-enlinea.com.ar\/tienda\/wp-json\/wp\/v2\/types\/product"}],"replies":[{"embeddable":true,"href":"https:\/\/rms-enlinea.com.ar\/tienda\/wp-json\/wp\/v2\/comments?post=57592"}],"wp:featuredmedia":[{"embeddable":true,"href":"https:\/\/rms-enlinea.com.ar\/tienda\/wp-json\/wp\/v2\/media\/57593"}],"wp:attachment":[{"href":"https:\/\/rms-enlinea.com.ar\/tienda\/wp-json\/wp\/v2\/media?parent=57592"}],"wp:term":[{"taxonomy":"product_brand","embeddable":true,"href":"https:\/\/rms-enlinea.com.ar\/tienda\/wp-json\/wp\/v2\/product_brand?post=57592"},{"taxonomy":"product_cat","embeddable":true,"href":"https:\/\/rms-enlinea.com.ar\/tienda\/wp-json\/wp\/v2\/product_cat?post=57592"},{"taxonomy":"product_tag","embeddable":true,"href":"https:\/\/rms-enlinea.com.ar\/tienda\/wp-json\/wp\/v2\/product_tag?post=57592"}],"curies":[{"name":"wp","href":"https:\/\/api.w.org\/{rel}","templated":true}]}}