{"id":57732,"date":"2025-10-29T17:42:08","date_gmt":"2025-10-29T20:42:08","guid":{"rendered":"https:\/\/rms-enlinea.com.ar\/tienda\/producto\/teclado-gamer-raptor-fireclaw-m68-mecanico-sw-red-outemu\/"},"modified":"2026-04-21T05:52:25","modified_gmt":"2026-04-21T08:52:25","slug":"teclado-gamer-raptor-fireclaw-m68-mecanico-sw-red-outemu","status":"publish","type":"product","link":"https:\/\/rms-enlinea.com.ar\/tienda\/producto\/teclado-gamer-raptor-fireclaw-m68-mecanico-sw-red-outemu\/","title":{"rendered":"Teclado Gamer Raptor Fireclaw M68 Mecanico Sw Red Outemu"},"content":{"rendered":"<p>Conexi\u00f3n: Cableado mediante USB.<\/p>\n<p>Compatibilidad: Win7\/Win8\/Win10\/Android\/Sistema operativo Apple.<\/p>\n<p>Iluminaci\u00f3n: Retroiluminaci\u00f3n RGB colorida con 16 millones de colores.<\/p>\n<p>Funciones adicionales: Teclas de acceso directo multimedia, bot\u00f3n de administraci\u00f3n de energ\u00eda del sistema, eventos del rat\u00f3n.<\/p>\n","protected":false},"excerpt":{"rendered":"<p>Conexi\u00f3n: Cableado mediante USB. Compatibilidad: Win7\/Win8\/Win10\/Android\/Sistema operativo Apple. Iluminaci\u00f3n: Retroiluminaci\u00f3n RGB colorida con 16 millones de colores. Funciones adicionales: Teclas de acceso directo multimedia, bot\u00f3n de administraci\u00f3n de energ\u00eda del sistema, eventos del rat\u00f3n.<\/p>\n","protected":false},"featured_media":57733,"comment_status":"open","ping_status":"closed","template":"","meta":{"_uag_custom_page_level_css":""},"product_brand":[572],"product_cat":[125],"product_tag":[],"class_list":{"0":"post-57732","1":"product","2":"type-product","3":"status-publish","4":"has-post-thumbnail","6":"product_brand-raptor-gaming","7":"product_cat-teclados-y-mouses","9":"first","10":"outofstock","11":"sale","12":"taxable","13":"shipping-taxable","14":"purchasable","15":"product-type-simple"},"uagb_featured_image_src":{"full":["https:\/\/rms-enlinea.com.ar\/wp-content\/uploads\/2025\/10\/D_997225-MLA96645161853_102025-F.jpg",1199,718,false],"thumbnail":["https:\/\/rms-enlinea.com.ar\/wp-content\/uploads\/2025\/10\/D_997225-MLA96645161853_102025-F-150x150.jpg",150,150,true],"medium":["https:\/\/rms-enlinea.com.ar\/wp-content\/uploads\/2025\/10\/D_997225-MLA96645161853_102025-F-300x180.jpg",300,180,true],"medium_large":["https:\/\/rms-enlinea.com.ar\/wp-content\/uploads\/2025\/10\/D_997225-MLA96645161853_102025-F-768x460.jpg",768,460,true],"large":["https:\/\/rms-enlinea.com.ar\/wp-content\/uploads\/2025\/10\/D_997225-MLA96645161853_102025-F-1024x613.jpg",1024,613,true],"1536x1536":["https:\/\/rms-enlinea.com.ar\/wp-content\/uploads\/2025\/10\/D_997225-MLA96645161853_102025-F.jpg",1199,718,false],"2048x2048":["https:\/\/rms-enlinea.com.ar\/wp-content\/uploads\/2025\/10\/D_997225-MLA96645161853_102025-F.jpg",1199,718,false],"woocommerce_thumbnail":["https:\/\/rms-enlinea.com.ar\/wp-content\/uploads\/2025\/10\/D_997225-MLA96645161853_102025-F-450x450.jpg",450,450,true],"woocommerce_single":["https:\/\/rms-enlinea.com.ar\/wp-content\/uploads\/2025\/10\/D_997225-MLA96645161853_102025-F-600x359.jpg",600,359,true],"woocommerce_gallery_thumbnail":["https:\/\/rms-enlinea.com.ar\/wp-content\/uploads\/2025\/10\/D_997225-MLA96645161853_102025-F-100x100.jpg",100,100,true]},"uagb_author_info":{"display_name":"nelson","author_link":"https:\/\/rms-enlinea.com.ar\/tienda\/author\/"},"uagb_comment_info":0,"uagb_excerpt":"Conexi\u00f3n: Cableado mediante USB. Compatibilidad: Win7\/Win8\/Win10\/Android\/Sistema operativo Apple. Iluminaci\u00f3n: Retroiluminaci\u00f3n RGB colorida con 16 millones de colores. Funciones adicionales: Teclas de acceso directo multimedia, bot\u00f3n de administraci\u00f3n de energ\u00eda del sistema, eventos del rat\u00f3n.","_links":{"self":[{"href":"https:\/\/rms-enlinea.com.ar\/tienda\/wp-json\/wp\/v2\/product\/57732","targetHints":{"allow":["GET"]}}],"collection":[{"href":"https:\/\/rms-enlinea.com.ar\/tienda\/wp-json\/wp\/v2\/product"}],"about":[{"href":"https:\/\/rms-enlinea.com.ar\/tienda\/wp-json\/wp\/v2\/types\/product"}],"replies":[{"embeddable":true,"href":"https:\/\/rms-enlinea.com.ar\/tienda\/wp-json\/wp\/v2\/comments?post=57732"}],"wp:featuredmedia":[{"embeddable":true,"href":"https:\/\/rms-enlinea.com.ar\/tienda\/wp-json\/wp\/v2\/media\/57733"}],"wp:attachment":[{"href":"https:\/\/rms-enlinea.com.ar\/tienda\/wp-json\/wp\/v2\/media?parent=57732"}],"wp:term":[{"taxonomy":"product_brand","embeddable":true,"href":"https:\/\/rms-enlinea.com.ar\/tienda\/wp-json\/wp\/v2\/product_brand?post=57732"},{"taxonomy":"product_cat","embeddable":true,"href":"https:\/\/rms-enlinea.com.ar\/tienda\/wp-json\/wp\/v2\/product_cat?post=57732"},{"taxonomy":"product_tag","embeddable":true,"href":"https:\/\/rms-enlinea.com.ar\/tienda\/wp-json\/wp\/v2\/product_tag?post=57732"}],"curies":[{"name":"wp","href":"https:\/\/api.w.org\/{rel}","templated":true}]}}