{"id":57793,"date":"2025-10-30T18:21:41","date_gmt":"2025-10-30T21:21:41","guid":{"rendered":"https:\/\/rms-enlinea.com.ar\/tienda\/producto\/memoria-ddr4-kingston-16gb-3200-mhz-fury-beast-kf432c16bb\/"},"modified":"2026-05-04T12:51:55","modified_gmt":"2026-05-04T15:51:55","slug":"memoria-ddr4-kingston-16gb-3200-mhz-fury-beast-kf432c16bb","status":"publish","type":"product","link":"https:\/\/rms-enlinea.com.ar\/tienda\/producto\/memoria-ddr4-kingston-16gb-3200-mhz-fury-beast-kf432c16bb\/","title":{"rendered":"Memoria Ddr4 Kingston 16gb 3200 Mhz Fury Beast Kf432c16bb"},"content":{"rendered":"<p>CL(IDD)   17 ciclos<br \/>Tiempo de ciclo de fila (tRCmin)  45,75 ns (m\u00edn.)<br \/>Actualizar a activo\/Actualizar  350 ns (m\u00edn.)<br \/>Tiempo de comando (tRFCmin)  350 ns (m\u00edn.)<br \/>Tiempo activo de fila (tRASmin)  94 V &#8211; 0<br \/>Clasificaci\u00f3n UL  0 \u00b0C a +85 \u00b0C<\/p>\n","protected":false},"excerpt":{"rendered":"<p>CL(IDD) 17 ciclosTiempo de ciclo de fila (tRCmin) 45,75 ns (m\u00edn.)Actualizar a activo\/Actualizar 350 ns (m\u00edn.)Tiempo de comando (tRFCmin) 350 ns (m\u00edn.)Tiempo activo de fila (tRASmin) 94 V &#8211; 0Clasificaci\u00f3n UL 0 \u00b0C a +85 \u00b0C<\/p>\n","protected":false},"featured_media":57794,"comment_status":"open","ping_status":"closed","template":"","meta":{"_uag_custom_page_level_css":""},"product_brand":[560],"product_cat":[112],"product_tag":[],"class_list":{"0":"post-57793","1":"product","2":"type-product","3":"status-publish","4":"has-post-thumbnail","6":"product_brand-hiksemi","7":"product_cat-mamorias","9":"first","10":"outofstock","11":"sale","12":"taxable","13":"shipping-taxable","14":"purchasable","15":"product-type-simple"},"uagb_featured_image_src":{"full":["https:\/\/rms-enlinea.com.ar\/wp-content\/uploads\/2025\/10\/D_615530-MLA96767536173_102025-F.jpg",1200,304,false],"thumbnail":["https:\/\/rms-enlinea.com.ar\/wp-content\/uploads\/2025\/10\/D_615530-MLA96767536173_102025-F-150x150.jpg",150,150,true],"medium":["https:\/\/rms-enlinea.com.ar\/wp-content\/uploads\/2025\/10\/D_615530-MLA96767536173_102025-F-300x76.jpg",300,76,true],"medium_large":["https:\/\/rms-enlinea.com.ar\/wp-content\/uploads\/2025\/10\/D_615530-MLA96767536173_102025-F-768x195.jpg",768,195,true],"large":["https:\/\/rms-enlinea.com.ar\/wp-content\/uploads\/2025\/10\/D_615530-MLA96767536173_102025-F-1024x259.jpg",1024,259,true],"1536x1536":["https:\/\/rms-enlinea.com.ar\/wp-content\/uploads\/2025\/10\/D_615530-MLA96767536173_102025-F.jpg",1200,304,false],"2048x2048":["https:\/\/rms-enlinea.com.ar\/wp-content\/uploads\/2025\/10\/D_615530-MLA96767536173_102025-F.jpg",1200,304,false],"woocommerce_thumbnail":["https:\/\/rms-enlinea.com.ar\/wp-content\/uploads\/2025\/10\/D_615530-MLA96767536173_102025-F-450x304.jpg",450,304,true],"woocommerce_single":["https:\/\/rms-enlinea.com.ar\/wp-content\/uploads\/2025\/10\/D_615530-MLA96767536173_102025-F-600x152.jpg",600,152,true],"woocommerce_gallery_thumbnail":["https:\/\/rms-enlinea.com.ar\/wp-content\/uploads\/2025\/10\/D_615530-MLA96767536173_102025-F-100x100.jpg",100,100,true]},"uagb_author_info":{"display_name":"nelson","author_link":"https:\/\/rms-enlinea.com.ar\/tienda\/author\/"},"uagb_comment_info":0,"uagb_excerpt":"CL(IDD) 17 ciclosTiempo de ciclo de fila (tRCmin) 45,75 ns (m\u00edn.)Actualizar a activo\/Actualizar 350 ns (m\u00edn.)Tiempo de comando (tRFCmin) 350 ns (m\u00edn.)Tiempo activo de fila (tRASmin) 94 V &#8211; 0Clasificaci\u00f3n UL 0 \u00b0C a +85 \u00b0C","_links":{"self":[{"href":"https:\/\/rms-enlinea.com.ar\/tienda\/wp-json\/wp\/v2\/product\/57793","targetHints":{"allow":["GET"]}}],"collection":[{"href":"https:\/\/rms-enlinea.com.ar\/tienda\/wp-json\/wp\/v2\/product"}],"about":[{"href":"https:\/\/rms-enlinea.com.ar\/tienda\/wp-json\/wp\/v2\/types\/product"}],"replies":[{"embeddable":true,"href":"https:\/\/rms-enlinea.com.ar\/tienda\/wp-json\/wp\/v2\/comments?post=57793"}],"wp:featuredmedia":[{"embeddable":true,"href":"https:\/\/rms-enlinea.com.ar\/tienda\/wp-json\/wp\/v2\/media\/57794"}],"wp:attachment":[{"href":"https:\/\/rms-enlinea.com.ar\/tienda\/wp-json\/wp\/v2\/media?parent=57793"}],"wp:term":[{"taxonomy":"product_brand","embeddable":true,"href":"https:\/\/rms-enlinea.com.ar\/tienda\/wp-json\/wp\/v2\/product_brand?post=57793"},{"taxonomy":"product_cat","embeddable":true,"href":"https:\/\/rms-enlinea.com.ar\/tienda\/wp-json\/wp\/v2\/product_cat?post=57793"},{"taxonomy":"product_tag","embeddable":true,"href":"https:\/\/rms-enlinea.com.ar\/tienda\/wp-json\/wp\/v2\/product_tag?post=57793"}],"curies":[{"name":"wp","href":"https:\/\/api.w.org\/{rel}","templated":true}]}}