{"id":57804,"date":"2025-10-30T23:30:13","date_gmt":"2025-10-31T02:30:13","guid":{"rendered":"https:\/\/rms-enlinea.com.ar\/tienda\/producto\/auriculares-razer-blackshark-v3-pro-rz04-05400100-r3u1\/"},"modified":"2026-04-21T05:21:09","modified_gmt":"2026-04-21T08:21:09","slug":"auriculares-razer-blackshark-v3-pro-rz04-05400100-r3u1","status":"publish","type":"product","link":"https:\/\/rms-enlinea.com.ar\/tienda\/producto\/auriculares-razer-blackshark-v3-pro-rz04-05400100-r3u1\/","title":{"rendered":"Auriculares Razer Blackshark V3 Pro Rz04-05400100-r3u1"},"content":{"rendered":"<p>Especificaciones del controlador<br \/>50 mil\u00edmetros<\/p>\n<p>Tipo de controlador<br \/>Controladores Razer TriForce Bio-Cellulose de 50 mm de segunda generaci\u00f3n<\/p>\n<p>Estilo de micr\u00f3fono<br \/>Micr\u00f3fono Razer HyperClear de banda completa desmontable de 12 mm<\/p>\n<p>Codificaci\u00f3n de sonido envolvente virtual<br \/>Audio espacial THX: solo disponible en Windows 11, versi\u00f3n 23H2 (o superior)<\/p>\n<p>Tipo de conexi\u00f3n<br \/>2,4 GHz inal\u00e1mbrico \/ Bluetooth \/ USB con cable \/ 3,5 mm<\/p>\n<p>Duraci\u00f3n de la bater\u00eda<br \/>Hasta 70 horas (conexi\u00f3n de 2,4 GHz)<\/p>\n<p>Peso aproximado<br \/>367 gramos<\/p>\n","protected":false},"excerpt":{"rendered":"<p>Especificaciones del controlador50 mil\u00edmetros Tipo de controladorControladores Razer TriForce Bio-Cellulose de 50 mm de segunda generaci\u00f3n Estilo de micr\u00f3fonoMicr\u00f3fono Razer HyperClear de banda completa desmontable de 12 mm Codificaci\u00f3n de sonido envolvente virtualAudio espacial THX: solo disponible en Windows 11, versi\u00f3n 23H2 (o superior) Tipo de conexi\u00f3n2,4 GHz inal\u00e1mbrico \/ Bluetooth \/ USB con cable [&hellip;]<\/p>\n","protected":false},"featured_media":57805,"comment_status":"open","ping_status":"closed","template":"","meta":{"_uag_custom_page_level_css":""},"product_brand":[559],"product_cat":[99],"product_tag":[],"class_list":{"0":"post-57804","1":"product","2":"type-product","3":"status-publish","4":"has-post-thumbnail","6":"product_brand-razer","7":"product_cat-auriculares-computacion","9":"first","10":"outofstock","11":"sale","12":"taxable","13":"shipping-taxable","14":"purchasable","15":"product-type-simple"},"uagb_featured_image_src":{"full":["https:\/\/rms-enlinea.com.ar\/wp-content\/uploads\/2025\/10\/D_975249-MLA96781297341_102025-F.jpg",1198,1038,false],"thumbnail":["https:\/\/rms-enlinea.com.ar\/wp-content\/uploads\/2025\/10\/D_975249-MLA96781297341_102025-F-150x150.jpg",150,150,true],"medium":["https:\/\/rms-enlinea.com.ar\/wp-content\/uploads\/2025\/10\/D_975249-MLA96781297341_102025-F-300x260.jpg",300,260,true],"medium_large":["https:\/\/rms-enlinea.com.ar\/wp-content\/uploads\/2025\/10\/D_975249-MLA96781297341_102025-F-768x665.jpg",768,665,true],"large":["https:\/\/rms-enlinea.com.ar\/wp-content\/uploads\/2025\/10\/D_975249-MLA96781297341_102025-F-1024x887.jpg",1024,887,true],"1536x1536":["https:\/\/rms-enlinea.com.ar\/wp-content\/uploads\/2025\/10\/D_975249-MLA96781297341_102025-F.jpg",1198,1038,false],"2048x2048":["https:\/\/rms-enlinea.com.ar\/wp-content\/uploads\/2025\/10\/D_975249-MLA96781297341_102025-F.jpg",1198,1038,false],"woocommerce_thumbnail":["https:\/\/rms-enlinea.com.ar\/wp-content\/uploads\/2025\/10\/D_975249-MLA96781297341_102025-F-450x450.jpg",450,450,true],"woocommerce_single":["https:\/\/rms-enlinea.com.ar\/wp-content\/uploads\/2025\/10\/D_975249-MLA96781297341_102025-F-600x520.jpg",600,520,true],"woocommerce_gallery_thumbnail":["https:\/\/rms-enlinea.com.ar\/wp-content\/uploads\/2025\/10\/D_975249-MLA96781297341_102025-F-100x100.jpg",100,100,true]},"uagb_author_info":{"display_name":"nelson","author_link":"https:\/\/rms-enlinea.com.ar\/tienda\/author\/"},"uagb_comment_info":0,"uagb_excerpt":"Especificaciones del controlador50 mil\u00edmetros Tipo de controladorControladores Razer TriForce Bio-Cellulose de 50 mm de segunda generaci\u00f3n Estilo de micr\u00f3fonoMicr\u00f3fono Razer HyperClear de banda completa desmontable de 12 mm Codificaci\u00f3n de sonido envolvente virtualAudio espacial THX: solo disponible en Windows 11, versi\u00f3n 23H2 (o superior) Tipo de conexi\u00f3n2,4 GHz inal\u00e1mbrico \/ Bluetooth \/ USB con cable&hellip;","_links":{"self":[{"href":"https:\/\/rms-enlinea.com.ar\/tienda\/wp-json\/wp\/v2\/product\/57804","targetHints":{"allow":["GET"]}}],"collection":[{"href":"https:\/\/rms-enlinea.com.ar\/tienda\/wp-json\/wp\/v2\/product"}],"about":[{"href":"https:\/\/rms-enlinea.com.ar\/tienda\/wp-json\/wp\/v2\/types\/product"}],"replies":[{"embeddable":true,"href":"https:\/\/rms-enlinea.com.ar\/tienda\/wp-json\/wp\/v2\/comments?post=57804"}],"wp:featuredmedia":[{"embeddable":true,"href":"https:\/\/rms-enlinea.com.ar\/tienda\/wp-json\/wp\/v2\/media\/57805"}],"wp:attachment":[{"href":"https:\/\/rms-enlinea.com.ar\/tienda\/wp-json\/wp\/v2\/media?parent=57804"}],"wp:term":[{"taxonomy":"product_brand","embeddable":true,"href":"https:\/\/rms-enlinea.com.ar\/tienda\/wp-json\/wp\/v2\/product_brand?post=57804"},{"taxonomy":"product_cat","embeddable":true,"href":"https:\/\/rms-enlinea.com.ar\/tienda\/wp-json\/wp\/v2\/product_cat?post=57804"},{"taxonomy":"product_tag","embeddable":true,"href":"https:\/\/rms-enlinea.com.ar\/tienda\/wp-json\/wp\/v2\/product_tag?post=57804"}],"curies":[{"name":"wp","href":"https:\/\/api.w.org\/{rel}","templated":true}]}}