{"id":58121,"date":"2025-11-06T19:10:26","date_gmt":"2025-11-06T22:10:26","guid":{"rendered":"https:\/\/rms-enlinea.com.ar\/tienda\/producto\/sistema-activo-2-1-450w-2x200w-american-vox-av-apex-2-1\/"},"modified":"2026-04-21T03:37:47","modified_gmt":"2026-04-21T06:37:47","slug":"sistema-activo-2-1-450w-2x200w-american-vox-av-apex-2-1","status":"publish","type":"product","link":"https:\/\/rms-enlinea.com.ar\/tienda\/producto\/sistema-activo-2-1-450w-2x200w-american-vox-av-apex-2-1\/","title":{"rendered":"Sistema Array Audio Activo + Sub 800w American Vox Apex 2.1"},"content":{"rendered":"<p>American Vox presenta su Sistema de Sonido Multiprop\u00f3sito. Este equipo est\u00e1 listo para usar, es de r\u00e1pido armado y f\u00e1cil instalaci\u00f3n, e incluye soportes. Ofrece conectividad completa (Bluetooth, SD, USB).<\/p>\n<p>Ideal para uso en interiores y exteriores, adapt\u00e1ndose a una amplia variedad de entornos y eventos:<\/p>\n<p>Comercial y Profesional: Bares, locales, DJ, bandas, salones, iglesias y conferencias.<\/p>\n<p>Educativo y Comunitario: Escuelas \/ patios escolares, SUM (Salones de Usos M\u00faltiples).<\/p>\n<p>Social y Recreativo: Eventos sociales, quintas, quinchos.<\/p>\n<p>Tipo Sistema 2.1 Array Activo<br \/>\nRango de frecuencia (-6dB) 45 Hz 20 KHz<br \/>\nSPL M\u00e1ximo 114 dB<br \/>\nPotencia RMS 450 W (18&#8243; Subwoofer) + 2* 200 W ( 6.5&#8243; + drive 1&#8243; Satelites)<br \/>\nImpedancia 4 Ohms<br \/>\nHF \/ Agudos Driver bobina 1 Polimero<br \/>\nMF \/ Medios Parlante 6.4 bobina 1.5<br \/>\nLF \/ Graves Parlante 18 bobina 3<br \/>\nAmplificador Modulo Clase D<br \/>\nDSP DSP-100, 96 kHz, procesador 24-bit con presets<br \/>\nProtecci\u00f3n Corto Circuito, Temperatura, Sobrecarga<br \/>\nControles Power On \/ Off, DSP Presets, Volumen Linea, Bluetooth On\/Off, Mono\/Stereo, Sensibilidad +5dB<br \/>\nIndicadores Power, Se\u00f1al, Limite<br \/>\nInput Entrada 2 * XLR L\/R, RCA L\/R, 2 * MIC XLR\/Jack<br \/>\nOutput 2 Speakon, Se\u00f1al XLR<br \/>\nConectividad Bluetooth 5.2 + Reproductor<br \/>\nVoltaje 100 \u2013 260V 60\/50 Hz<br \/>\nGabinete MDF + Plywood , soporte tripod, ABS\/\/PP<br \/>\nReja Metalica con malla ac\u00fastico<br \/>\nIncluye 2 tripodes<\/p>\n","protected":false},"excerpt":{"rendered":"<p>American Vox presenta su Sistema de Sonido Multiprop\u00f3sito. Este equipo est\u00e1 listo para usar, es de r\u00e1pido armado y f\u00e1cil instalaci\u00f3n, e incluye soportes. Ofrece conectividad completa (Bluetooth, SD, USB). Ideal para uso en interiores y exteriores, adapt\u00e1ndose a una amplia variedad de entornos y eventos: Comercial y Profesional: Bares, locales, DJ, bandas, salones, iglesias [&hellip;]<\/p>\n","protected":false},"featured_media":58122,"comment_status":"open","ping_status":"closed","template":"","meta":{"_uag_custom_page_level_css":""},"product_brand":[506],"product_cat":[36],"product_tag":[],"class_list":{"0":"post-58121","1":"product","2":"type-product","3":"status-publish","4":"has-post-thumbnail","6":"product_brand-americanvox","7":"product_cat-bafles","9":"first","10":"outofstock","11":"sale","12":"taxable","13":"shipping-taxable","14":"purchasable","15":"product-type-simple"},"uagb_featured_image_src":{"full":["https:\/\/rms-enlinea.com.ar\/wp-content\/uploads\/2025\/11\/D_958674-MLA97010546746_112025-F.jpg",1197,1156,false],"thumbnail":["https:\/\/rms-enlinea.com.ar\/wp-content\/uploads\/2025\/11\/D_958674-MLA97010546746_112025-F-150x150.jpg",150,150,true],"medium":["https:\/\/rms-enlinea.com.ar\/wp-content\/uploads\/2025\/11\/D_958674-MLA97010546746_112025-F-300x290.jpg",300,290,true],"medium_large":["https:\/\/rms-enlinea.com.ar\/wp-content\/uploads\/2025\/11\/D_958674-MLA97010546746_112025-F-768x742.jpg",768,742,true],"large":["https:\/\/rms-enlinea.com.ar\/wp-content\/uploads\/2025\/11\/D_958674-MLA97010546746_112025-F-1024x989.jpg",1024,989,true],"1536x1536":["https:\/\/rms-enlinea.com.ar\/wp-content\/uploads\/2025\/11\/D_958674-MLA97010546746_112025-F.jpg",1197,1156,false],"2048x2048":["https:\/\/rms-enlinea.com.ar\/wp-content\/uploads\/2025\/11\/D_958674-MLA97010546746_112025-F.jpg",1197,1156,false],"woocommerce_thumbnail":["https:\/\/rms-enlinea.com.ar\/wp-content\/uploads\/2025\/11\/D_958674-MLA97010546746_112025-F-450x450.jpg",450,450,true],"woocommerce_single":["https:\/\/rms-enlinea.com.ar\/wp-content\/uploads\/2025\/11\/D_958674-MLA97010546746_112025-F-600x579.jpg",600,579,true],"woocommerce_gallery_thumbnail":["https:\/\/rms-enlinea.com.ar\/wp-content\/uploads\/2025\/11\/D_958674-MLA97010546746_112025-F-100x100.jpg",100,100,true]},"uagb_author_info":{"display_name":"mario","author_link":"https:\/\/rms-enlinea.com.ar\/tienda\/author\/"},"uagb_comment_info":0,"uagb_excerpt":"American Vox presenta su Sistema de Sonido Multiprop\u00f3sito. Este equipo est\u00e1 listo para usar, es de r\u00e1pido armado y f\u00e1cil instalaci\u00f3n, e incluye soportes. Ofrece conectividad completa (Bluetooth, SD, USB). Ideal para uso en interiores y exteriores, adapt\u00e1ndose a una amplia variedad de entornos y eventos: Comercial y Profesional: Bares, locales, DJ, bandas, salones, iglesias&hellip;","_links":{"self":[{"href":"https:\/\/rms-enlinea.com.ar\/tienda\/wp-json\/wp\/v2\/product\/58121","targetHints":{"allow":["GET"]}}],"collection":[{"href":"https:\/\/rms-enlinea.com.ar\/tienda\/wp-json\/wp\/v2\/product"}],"about":[{"href":"https:\/\/rms-enlinea.com.ar\/tienda\/wp-json\/wp\/v2\/types\/product"}],"replies":[{"embeddable":true,"href":"https:\/\/rms-enlinea.com.ar\/tienda\/wp-json\/wp\/v2\/comments?post=58121"}],"wp:featuredmedia":[{"embeddable":true,"href":"https:\/\/rms-enlinea.com.ar\/tienda\/wp-json\/wp\/v2\/media\/58122"}],"wp:attachment":[{"href":"https:\/\/rms-enlinea.com.ar\/tienda\/wp-json\/wp\/v2\/media?parent=58121"}],"wp:term":[{"taxonomy":"product_brand","embeddable":true,"href":"https:\/\/rms-enlinea.com.ar\/tienda\/wp-json\/wp\/v2\/product_brand?post=58121"},{"taxonomy":"product_cat","embeddable":true,"href":"https:\/\/rms-enlinea.com.ar\/tienda\/wp-json\/wp\/v2\/product_cat?post=58121"},{"taxonomy":"product_tag","embeddable":true,"href":"https:\/\/rms-enlinea.com.ar\/tienda\/wp-json\/wp\/v2\/product_tag?post=58121"}],"curies":[{"name":"wp","href":"https:\/\/api.w.org\/{rel}","templated":true}]}}