{"id":58132,"date":"2025-11-06T19:10:40","date_gmt":"2025-11-06T22:10:40","guid":{"rendered":"https:\/\/rms-enlinea.com.ar\/tienda\/producto\/sistema-activo-1-1-350w-1x150w-american-vox-av-nano-1-1\/"},"modified":"2026-04-21T07:11:16","modified_gmt":"2026-04-21T10:11:16","slug":"sistema-activo-1-1-350w-1x150w-american-vox-av-nano-1-1","status":"publish","type":"product","link":"https:\/\/rms-enlinea.com.ar\/tienda\/producto\/sistema-activo-1-1-350w-1x150w-american-vox-av-nano-1-1\/","title":{"rendered":"Sistema Array Audio Activo + Sub 500w American Vox Nano 1.1"},"content":{"rendered":"<p>American Vox presenta su Sistema de Sonido Multiprop\u00f3sito. Este equipo est\u00e1 listo para usar, es de r\u00e1pido armado y f\u00e1cil instalaci\u00f3n, e incluye soportes. Ofrece conectividad completa (Bluetooth, SD, USB).<\/p>\n<p>Ideal para uso en interiores y exteriores, adapt\u00e1ndose a una amplia variedad de entornos y eventos:<\/p>\n<p>Comercial y Profesional: Bares, locales, DJ, bandas, salones, iglesias y conferencias.<\/p>\n<p>Educativo y Comunitario: Escuelas \/ patios escolares, SUM (Salones de Usos M\u00faltiples).<\/p>\n<p>Social y Recreativo: Eventos sociales, quintas, quinchos.<\/p>\n<p>Tipo: Sistema 1.1 Mini Array Activo<\/p>\n<p>Rango de frecuencia -6dB: 60 Hz a 18 KHz<\/p>\n<p>SPL M\u00e1ximo: 114 dB<\/p>\n<p>Potencia RMS: 350 W (12&#8243; Subwoofer) + 150 W (4 x 4&#8243; + 1&#8243; tw piezo Sat\u00e9lites)<\/p>\n<p>Impedancia: 8 Ohms<\/p>\n<p>HF Agudos: 8 Tweeter 1<\/p>\n<p>MF Medios: 4 Parlantes 4 bobina 1<\/p>\n<p>LF Graves: 1 Parlante 12 bobina 2<\/p>\n<p>Amplificador: M\u00f3dulo Clase D<\/p>\n<p>DSP: DSP-100 96 kHz procesador 24-bit con presets<\/p>\n<p>Protecci\u00f3n: Corto Circuito Temperatura Sobrecarga<\/p>\n<p>Controles: Power On Off DSP Presets Volumen Sub Volumen Sat\u00e9lites Volumen Master Bluetooth On Off<\/p>\n<p>Indicadores: Power Se\u00f1al L\u00edmite<\/p>\n<p>Input: Entrada XLR\/Jack L\/R RCA L\/R Micr\u00f3fono<\/p>\n<p>Output: 2 Jack Se\u00f1al XLR<\/p>\n<p>Conectividad: Bluetooth 5.2 + Reproductor<\/p>\n<p>Voltaje: 100 \u2013 260V 60\/50 Hz<\/p>\n<p>Gabinete: ABS PP<\/p>\n<p>Reja: Met\u00e1lica<\/p>\n","protected":false},"excerpt":{"rendered":"<p>American Vox presenta su Sistema de Sonido Multiprop\u00f3sito. Este equipo est\u00e1 listo para usar, es de r\u00e1pido armado y f\u00e1cil instalaci\u00f3n, e incluye soportes. Ofrece conectividad completa (Bluetooth, SD, USB). Ideal para uso en interiores y exteriores, adapt\u00e1ndose a una amplia variedad de entornos y eventos: Comercial y Profesional: Bares, locales, DJ, bandas, salones, iglesias [&hellip;]<\/p>\n","protected":false},"featured_media":58133,"comment_status":"open","ping_status":"closed","template":"","meta":{"_uag_custom_page_level_css":""},"product_brand":[506],"product_cat":[36],"product_tag":[],"class_list":{"0":"post-58132","1":"product","2":"type-product","3":"status-publish","4":"has-post-thumbnail","6":"product_brand-americanvox","7":"product_cat-bafles","9":"first","10":"outofstock","11":"sale","12":"taxable","13":"shipping-taxable","14":"purchasable","15":"product-type-simple"},"uagb_featured_image_src":{"full":["https:\/\/rms-enlinea.com.ar\/wp-content\/uploads\/2025\/11\/D_955346-MLA97010618060_112025-F.jpg",243,1200,false],"thumbnail":["https:\/\/rms-enlinea.com.ar\/wp-content\/uploads\/2025\/11\/D_955346-MLA97010618060_112025-F-150x150.jpg",150,150,true],"medium":["https:\/\/rms-enlinea.com.ar\/wp-content\/uploads\/2025\/11\/D_955346-MLA97010618060_112025-F-61x300.jpg",61,300,true],"medium_large":["https:\/\/rms-enlinea.com.ar\/wp-content\/uploads\/2025\/11\/D_955346-MLA97010618060_112025-F.jpg",243,1200,false],"large":["https:\/\/rms-enlinea.com.ar\/wp-content\/uploads\/2025\/11\/D_955346-MLA97010618060_112025-F-207x1024.jpg",207,1024,true],"1536x1536":["https:\/\/rms-enlinea.com.ar\/wp-content\/uploads\/2025\/11\/D_955346-MLA97010618060_112025-F.jpg",243,1200,false],"2048x2048":["https:\/\/rms-enlinea.com.ar\/wp-content\/uploads\/2025\/11\/D_955346-MLA97010618060_112025-F.jpg",243,1200,false],"woocommerce_thumbnail":["https:\/\/rms-enlinea.com.ar\/wp-content\/uploads\/2025\/11\/D_955346-MLA97010618060_112025-F-243x450.jpg",243,450,true],"woocommerce_single":["https:\/\/rms-enlinea.com.ar\/wp-content\/uploads\/2025\/11\/D_955346-MLA97010618060_112025-F.jpg",243,1200,false],"woocommerce_gallery_thumbnail":["https:\/\/rms-enlinea.com.ar\/wp-content\/uploads\/2025\/11\/D_955346-MLA97010618060_112025-F-100x100.jpg",100,100,true]},"uagb_author_info":{"display_name":"mario","author_link":"https:\/\/rms-enlinea.com.ar\/tienda\/author\/"},"uagb_comment_info":0,"uagb_excerpt":"American Vox presenta su Sistema de Sonido Multiprop\u00f3sito. Este equipo est\u00e1 listo para usar, es de r\u00e1pido armado y f\u00e1cil instalaci\u00f3n, e incluye soportes. Ofrece conectividad completa (Bluetooth, SD, USB). Ideal para uso en interiores y exteriores, adapt\u00e1ndose a una amplia variedad de entornos y eventos: Comercial y Profesional: Bares, locales, DJ, bandas, salones, iglesias&hellip;","_links":{"self":[{"href":"https:\/\/rms-enlinea.com.ar\/tienda\/wp-json\/wp\/v2\/product\/58132","targetHints":{"allow":["GET"]}}],"collection":[{"href":"https:\/\/rms-enlinea.com.ar\/tienda\/wp-json\/wp\/v2\/product"}],"about":[{"href":"https:\/\/rms-enlinea.com.ar\/tienda\/wp-json\/wp\/v2\/types\/product"}],"replies":[{"embeddable":true,"href":"https:\/\/rms-enlinea.com.ar\/tienda\/wp-json\/wp\/v2\/comments?post=58132"}],"wp:featuredmedia":[{"embeddable":true,"href":"https:\/\/rms-enlinea.com.ar\/tienda\/wp-json\/wp\/v2\/media\/58133"}],"wp:attachment":[{"href":"https:\/\/rms-enlinea.com.ar\/tienda\/wp-json\/wp\/v2\/media?parent=58132"}],"wp:term":[{"taxonomy":"product_brand","embeddable":true,"href":"https:\/\/rms-enlinea.com.ar\/tienda\/wp-json\/wp\/v2\/product_brand?post=58132"},{"taxonomy":"product_cat","embeddable":true,"href":"https:\/\/rms-enlinea.com.ar\/tienda\/wp-json\/wp\/v2\/product_cat?post=58132"},{"taxonomy":"product_tag","embeddable":true,"href":"https:\/\/rms-enlinea.com.ar\/tienda\/wp-json\/wp\/v2\/product_tag?post=58132"}],"curies":[{"name":"wp","href":"https:\/\/api.w.org\/{rel}","templated":true}]}}