{"id":58164,"date":"2025-11-06T19:20:48","date_gmt":"2025-11-06T22:20:48","guid":{"rendered":"https:\/\/rms-enlinea.com.ar\/tienda\/producto\/sistema-activo-2-1-1000w-american-vox-av-pulse-1000\/"},"modified":"2026-04-03T00:03:56","modified_gmt":"2026-04-03T03:03:56","slug":"sistema-activo-2-1-1000w-american-vox-av-pulse-1000","status":"publish","type":"product","link":"https:\/\/rms-enlinea.com.ar\/tienda\/producto\/sistema-activo-2-1-1000w-american-vox-av-pulse-1000\/","title":{"rendered":"Sistema Bafle Audio Activo Sub 1000w American Vox Pulse 1000"},"content":{"rendered":"<p>American Vox presenta su Sistema de Sonido Multiprop\u00f3sito. Este equipo est\u00e1 listo para usar, es de r\u00e1pido armado y f\u00e1cil instalaci\u00f3n, e incluye soportes. Ofrece conectividad completa (Bluetooth, SD, USB).<\/p>\n<p>Ideal para uso en interiores y exteriores, adapt\u00e1ndose a una amplia variedad de entornos y eventos:<\/p>\n<p>Comercial y Profesional: Bares, locales, DJ, bandas, salones, iglesias y conferencias.<\/p>\n<p>Educativo y Comunitario: Escuelas \/ patios escolares, SUM (Salones de Usos M\u00faltiples).<\/p>\n<p>Social y Recreativo: Eventos sociales, quintas, quinchos.<\/p>\n<p>Tipo: Sistema 2.1 Activo<\/p>\n<p>Rango de frecuencia -6dB: 55 Hz a 18 KHz<\/p>\n<p>SPL M\u00e1ximo: 119 dB<\/p>\n<p>Potencia RMS: 500 W (15&#8243; Subwoofer) + 2 x 250 W (8&#8243; + Drive Sat\u00e9lite)<\/p>\n<p>Impedancia: 4 Ohms<\/p>\n<p>HF Agudos: Driver bobina 1 Titanio<\/p>\n<p>MF Medios: Parlante 8 bobina 1.5<\/p>\n<p>LF Graves: Parlante 15 bobina 3<\/p>\n<p>Amplificador: M\u00f3dulo Clase D<\/p>\n<p>DSP: DSP-100 96 kHz procesador 24-bit con presets<\/p>\n<p>Protecci\u00f3n: Corto Circuito Temperatura<\/p>\n<p>Controles: Power On Off DSP Presets Volumen L\u00ednea Bluetooth On Off Mono Stereo Sensibilidad +5dB<\/p>\n<p>Indicadores: Power Se\u00f1al L\u00edmite Modos DSP Bluetooth<\/p>\n<p>Input: Entrada 2 Combo XLR Jack 1 L\u00ednea RCA<\/p>\n<p>Output: 2 XLR 2 Speakon<\/p>\n<p>Conectividad: Bluetooth 5.2<\/p>\n<p>Voltaje: 100 \u2013 260V 60\/50 Hz<\/p>\n<p>Gabinete: MDF + Plywood soporte tr\u00edpode 35mm<\/p>\n<p>Reja: Met\u00e1lica con malla ac\u00fastica<\/p>\n<p>Incluye 2 tripodes<\/p>\n","protected":false},"excerpt":{"rendered":"<p>American Vox presenta su Sistema de Sonido Multiprop\u00f3sito. Este equipo est\u00e1 listo para usar, es de r\u00e1pido armado y f\u00e1cil instalaci\u00f3n, e incluye soportes. Ofrece conectividad completa (Bluetooth, SD, USB). Ideal para uso en interiores y exteriores, adapt\u00e1ndose a una amplia variedad de entornos y eventos: Comercial y Profesional: Bares, locales, DJ, bandas, salones, iglesias [&hellip;]<\/p>\n","protected":false},"featured_media":58165,"comment_status":"open","ping_status":"closed","template":"","meta":{"_uag_custom_page_level_css":""},"product_brand":[506],"product_cat":[36],"product_tag":[],"class_list":{"0":"post-58164","1":"product","2":"type-product","3":"status-publish","4":"has-post-thumbnail","6":"product_brand-americanvox","7":"product_cat-bafles","9":"first","10":"instock","11":"sale","12":"taxable","13":"shipping-taxable","14":"purchasable","15":"product-type-simple"},"uagb_featured_image_src":{"full":["https:\/\/rms-enlinea.com.ar\/wp-content\/uploads\/2025\/11\/D_738677-MLA97468575169_112025-F.jpg",634,1200,false],"thumbnail":["https:\/\/rms-enlinea.com.ar\/wp-content\/uploads\/2025\/11\/D_738677-MLA97468575169_112025-F-150x150.jpg",150,150,true],"medium":["https:\/\/rms-enlinea.com.ar\/wp-content\/uploads\/2025\/11\/D_738677-MLA97468575169_112025-F-159x300.jpg",159,300,true],"medium_large":["https:\/\/rms-enlinea.com.ar\/wp-content\/uploads\/2025\/11\/D_738677-MLA97468575169_112025-F.jpg",634,1200,false],"large":["https:\/\/rms-enlinea.com.ar\/wp-content\/uploads\/2025\/11\/D_738677-MLA97468575169_112025-F-541x1024.jpg",541,1024,true],"1536x1536":["https:\/\/rms-enlinea.com.ar\/wp-content\/uploads\/2025\/11\/D_738677-MLA97468575169_112025-F.jpg",634,1200,false],"2048x2048":["https:\/\/rms-enlinea.com.ar\/wp-content\/uploads\/2025\/11\/D_738677-MLA97468575169_112025-F.jpg",634,1200,false],"woocommerce_thumbnail":["https:\/\/rms-enlinea.com.ar\/wp-content\/uploads\/2025\/11\/D_738677-MLA97468575169_112025-F-450x450.jpg",450,450,true],"woocommerce_single":["https:\/\/rms-enlinea.com.ar\/wp-content\/uploads\/2025\/11\/D_738677-MLA97468575169_112025-F-600x1136.jpg",600,1136,true],"woocommerce_gallery_thumbnail":["https:\/\/rms-enlinea.com.ar\/wp-content\/uploads\/2025\/11\/D_738677-MLA97468575169_112025-F-100x100.jpg",100,100,true]},"uagb_author_info":{"display_name":"mario","author_link":"https:\/\/rms-enlinea.com.ar\/tienda\/author\/"},"uagb_comment_info":0,"uagb_excerpt":"American Vox presenta su Sistema de Sonido Multiprop\u00f3sito. Este equipo est\u00e1 listo para usar, es de r\u00e1pido armado y f\u00e1cil instalaci\u00f3n, e incluye soportes. Ofrece conectividad completa (Bluetooth, SD, USB). Ideal para uso en interiores y exteriores, adapt\u00e1ndose a una amplia variedad de entornos y eventos: Comercial y Profesional: Bares, locales, DJ, bandas, salones, iglesias&hellip;","_links":{"self":[{"href":"https:\/\/rms-enlinea.com.ar\/tienda\/wp-json\/wp\/v2\/product\/58164","targetHints":{"allow":["GET"]}}],"collection":[{"href":"https:\/\/rms-enlinea.com.ar\/tienda\/wp-json\/wp\/v2\/product"}],"about":[{"href":"https:\/\/rms-enlinea.com.ar\/tienda\/wp-json\/wp\/v2\/types\/product"}],"replies":[{"embeddable":true,"href":"https:\/\/rms-enlinea.com.ar\/tienda\/wp-json\/wp\/v2\/comments?post=58164"}],"wp:featuredmedia":[{"embeddable":true,"href":"https:\/\/rms-enlinea.com.ar\/tienda\/wp-json\/wp\/v2\/media\/58165"}],"wp:attachment":[{"href":"https:\/\/rms-enlinea.com.ar\/tienda\/wp-json\/wp\/v2\/media?parent=58164"}],"wp:term":[{"taxonomy":"product_brand","embeddable":true,"href":"https:\/\/rms-enlinea.com.ar\/tienda\/wp-json\/wp\/v2\/product_brand?post=58164"},{"taxonomy":"product_cat","embeddable":true,"href":"https:\/\/rms-enlinea.com.ar\/tienda\/wp-json\/wp\/v2\/product_cat?post=58164"},{"taxonomy":"product_tag","embeddable":true,"href":"https:\/\/rms-enlinea.com.ar\/tienda\/wp-json\/wp\/v2\/product_tag?post=58164"}],"curies":[{"name":"wp","href":"https:\/\/api.w.org\/{rel}","templated":true}]}}